{"id":1001,"date":"2014-05-25T20:41:49","date_gmt":"2014-05-25T19:41:49","guid":{"rendered":"http:\/\/linesfiction.de\/lfd\/?page_id=1001"},"modified":"2022-12-21T14:30:47","modified_gmt":"2022-12-21T13:30:47","slug":"daniela-ehemann","status":"publish","type":"page","link":"https:\/\/linesfiction.de\/lfd\/lines-fiction-online\/a-l\/daniela-ehemann\/","title":{"rendered":"Daniela Ehemann"},"content":{"rendered":"<p><u>Lines Fiction: Du verbindest deinen minimalen Zeichenstil mit Skulptur und Architekturthemen, ebenso wie mit Video und Lebensgeschichten&#8230; <\/u><\/p>\n<p>Daniela Ehemann: Als ich ein Kind war sind meine Eltern viel umgezogen. An jedem neuen Ort, in jeder neuen Umgebung wurde ich mit einem anderen Umraum konfrontiert. Ich entwickelte ziemlich fr\u00fch ein Gef\u00fchl f\u00fcr solche Situationen, und ich begann, Raum und Identit\u00e4t in Beziehung zu setzen. In meinem k\u00fcnstlerischen Werdegang entwickelte ich so den minimalen Stil, wie du ihn nennst.<br \/>\nBeim Umgang mit meinen Themen setze ich in meiner k\u00fcnstlerischen Arbeit multiple Medien ein. Aber im Grunde konzentriert sich meine Praxis auf Zeichnung und Installation in Hinsicht auf Zeit als die 4. Dimension, die f\u00fcr mich eine gro\u00dfe Rolle spielt. Zeit im Zusammenhang mit zeitbasierten Medien, ihrer M\u00f6glichkeit, den Zeitfluss und Ver\u00e4nderungen wahrzunnehmen. In meinen Installationen arbeite ich mit Schatten und versuche den physikalischen und den konzeptuellen Raum, den das Werk einnimmt, neu zu ordnen.<\/p>\n<p><u>Lines Fiction: &#8230;und in &#8218;Missing Link&#8216; betrittst du Wohnungen von vermissten Personen, um zu zeichnen?<\/u><\/p>\n<p>Daniela Ehemann: Ja f\u00fcr mein Projekt &#8218;Missing Link&#8216; bin ich in Wohnungen von vermissten Personen gegangen, um zu zeichnen, ich bekam die Erlaubnis dazu von der Polizei. Unglaublich, dass rund 1400 Personen jedes Jahr vermisst werden, und das alleine in Berlin.<br \/>\nIn diesem Projekt habe ich mich auf die Suche nach einer Identit\u00e4t gemacht, von der ich annahm, dass sie sich direkt oder indirekt in den Hinterlassenschaften der vermissten Person spiegeln w\u00fcrde. Ich analysierte zeichnerisch, was mir da begegnete, wie eine offene Schublade oder eine benutzte Tasse auf dem K\u00fcchentisch, um herauszufinden, wer die Person ist und warum sie verschwunden ist. Am Ende musste ich mit der Einsicht fertig werden, dass die Vorstellung einer Identit\u00e4t immer ges\u00e4umt wird von Wahrheit und Irrtum, wie von Realit\u00e4t und Fiktion.<br \/>\nIn diesem Projekt \u00fcbersetzte ich meine gezeichneten Umrisse in skulpturale Objekte f\u00fcr eine Installation.<\/p>\n<p><u>Lines Fiction: In deinem Film &#8218;Home&#8216; befragst du Bewohner aus Lichtenberg in Berlin \u00fcber ihr Wohnumfeld. Du benutzt einen sehr spr\u00f6den Zeichenstil, um die Stimmen zu begleiten. Wie siehst du Zeichnung und Animation im Kontext deiner k\u00fcnstlerischen Arbeit?<\/u><\/p>\n<p>Daniela Ehemann: Animation ist f\u00fcr mich eine weitere Zeitkapsel in Referenz zu Video und Film als zeitbasierte Medien. \u00c4hnlich wie beim Zeichnen auf Papier bewegt sich die Linie St\u00fcck f\u00fcr St\u00fcck im Raum, um Wirklichkeit anzunehmen. Wirklichkeit ist hier verbunden mit der Idee von Heimat. In der Zeichnung wird das symbolisiert durch die simple Form des &#8218;Nikolaushaus&#8216;, ein Kinderspiel, in dem ein Haus mit nur 8 Linien gezeichnet wird, ohne eine Linie zweimal zu ziehen.<br \/>\nDie Interviews mit den Bewohnern der &#8218;Plattenbauten&#8216; in Lichtenberg, Berlin, verbinden deren pers\u00f6nliche Suche nach dem perfekten Heim mit der \u00c4ra der Moderne, als das Pure und Funktionale das Ideal eines Hauses ausmachte.<br \/>\nDas Einfache der Pr\u00e4sentation, die stockende Bewegung, die pure Unbeholfenheit, all das zeigt sich im einfachen Prozess einer Zeichnung, und es geht zur\u00fcck zu den Urspr\u00fcngen einer Bild-f\u00fcr-Bild-Animation. &#8218;Home&#8216; wird zum absurden Spiel mit der Idee von Heimat.<\/p>\n","protected":false},"excerpt":{"rendered":"<p>Lines Fiction: Du verbindest deinen minimalen Zeichenstil mit Skulptur und Architekturthemen, ebenso wie mit Video und Lebensgeschichten&#8230; Daniela Ehemann: Als ich ein Kind war sind meine Eltern viel umgezogen. An jedem neuen Ort, in jeder neuen Umgebung wurde ich mit &hellip;<\/p>\n<p class=\"read-more\"> <a class=\"more-link\" href=\"https:\/\/linesfiction.de\/lfd\/lines-fiction-online\/a-l\/daniela-ehemann\/\"> <span class=\"screen-reader-text\">Daniela Ehemann<\/span> Weiterlesen &raquo;<\/a><\/p>\n","protected":false},"author":7,"featured_media":0,"parent":501,"menu_order":0,"comment_status":"closed","ping_status":"open","template":"bg\/content-sidebar-page.php","meta":{"footnotes":""},"class_list":["post-1001","page","type-page","status-publish","hentry"],"yoast_head":"<!-- This site is optimized with the Yoast SEO plugin v27.3 - https:\/\/yoast.com\/product\/yoast-seo-wordpress\/ -->\n<title>Daniela Ehemann - Lines Fiction \u2605 Zeichnung &amp; Animation \u2605<\/title>\n<meta name=\"robots\" content=\"index, follow, max-snippet:-1, max-image-preview:large, max-video-preview:-1\" \/>\n<link rel=\"canonical\" href=\"https:\/\/linesfiction.de\/lfd\/lines-fiction-online\/a-l\/daniela-ehemann\/\" \/>\n<meta property=\"og:locale\" content=\"de_DE\" \/>\n<meta property=\"og:type\" content=\"article\" \/>\n<meta property=\"og:title\" content=\"Daniela Ehemann - Lines Fiction \u2605 Zeichnung &amp; Animation \u2605\" \/>\n<meta property=\"og:description\" content=\"Lines Fiction: Du verbindest deinen minimalen Zeichenstil mit Skulptur und Architekturthemen, ebenso wie mit Video und Lebensgeschichten&#8230; Daniela Ehemann: Als ich ein Kind war sind meine Eltern viel umgezogen. An jedem neuen Ort, in jeder neuen Umgebung wurde ich mit &hellip; Daniela Ehemann Weiterlesen &raquo;\" \/>\n<meta property=\"og:url\" content=\"https:\/\/linesfiction.de\/lfd\/lines-fiction-online\/a-l\/daniela-ehemann\/\" \/>\n<meta property=\"og:site_name\" content=\"Lines Fiction \u2605 Zeichnung &amp; Animation \u2605\" \/>\n<meta property=\"article:publisher\" content=\"https:\/\/www.facebook.com\/linesfiction\/\" \/>\n<meta property=\"article:modified_time\" content=\"2022-12-21T13:30:47+00:00\" \/>\n<meta name=\"twitter:card\" content=\"summary_large_image\" \/>\n<meta name=\"twitter:site\" content=\"@linesfiction\" \/>\n<meta name=\"twitter:label1\" content=\"Gesch\u00e4tzte Lesezeit\" \/>\n\t<meta name=\"twitter:data1\" content=\"3\u00a0Minuten\" \/>\n<script type=\"application\/ld+json\" class=\"yoast-schema-graph\">{\"@context\":\"https:\\\/\\\/schema.org\",\"@graph\":[{\"@type\":\"WebPage\",\"@id\":\"https:\\\/\\\/linesfiction.de\\\/lfd\\\/lines-fiction-online\\\/a-l\\\/daniela-ehemann\\\/\",\"url\":\"https:\\\/\\\/linesfiction.de\\\/lfd\\\/lines-fiction-online\\\/a-l\\\/daniela-ehemann\\\/\",\"name\":\"Daniela Ehemann - Lines Fiction \u2605 Zeichnung &amp; Animation \u2605\",\"isPartOf\":{\"@id\":\"https:\\\/\\\/linesfiction.de\\\/lfd\\\/#website\"},\"datePublished\":\"2014-05-25T19:41:49+00:00\",\"dateModified\":\"2022-12-21T13:30:47+00:00\",\"breadcrumb\":{\"@id\":\"https:\\\/\\\/linesfiction.de\\\/lfd\\\/lines-fiction-online\\\/a-l\\\/daniela-ehemann\\\/#breadcrumb\"},\"inLanguage\":\"de\",\"potentialAction\":[{\"@type\":\"ReadAction\",\"target\":[\"https:\\\/\\\/linesfiction.de\\\/lfd\\\/lines-fiction-online\\\/a-l\\\/daniela-ehemann\\\/\"]}]},{\"@type\":\"BreadcrumbList\",\"@id\":\"https:\\\/\\\/linesfiction.de\\\/lfd\\\/lines-fiction-online\\\/a-l\\\/daniela-ehemann\\\/#breadcrumb\",\"itemListElement\":[{\"@type\":\"ListItem\",\"position\":1,\"name\":\"Startseite\",\"item\":\"https:\\\/\\\/linesfiction.de\\\/lfd\\\/\"},{\"@type\":\"ListItem\",\"position\":2,\"name\":\"Lines Fiction online\",\"item\":\"https:\\\/\\\/linesfiction.de\\\/lfd\\\/lines-fiction-online\\\/\"},{\"@type\":\"ListItem\",\"position\":3,\"name\":\"A &#8211; L\",\"item\":\"https:\\\/\\\/linesfiction.de\\\/lfd\\\/lines-fiction-online\\\/a-l\\\/\"},{\"@type\":\"ListItem\",\"position\":4,\"name\":\"Daniela Ehemann\"}]},{\"@type\":\"WebSite\",\"@id\":\"https:\\\/\\\/linesfiction.de\\\/lfd\\\/#website\",\"url\":\"https:\\\/\\\/linesfiction.de\\\/lfd\\\/\",\"name\":\"Lines Fiction - Zeichnung & Animation - Drawing & Animation\",\"description\":\"\",\"publisher\":{\"@id\":\"https:\\\/\\\/linesfiction.de\\\/lfd\\\/#organization\"},\"potentialAction\":[{\"@type\":\"SearchAction\",\"target\":{\"@type\":\"EntryPoint\",\"urlTemplate\":\"https:\\\/\\\/linesfiction.de\\\/lfd\\\/?s={search_term_string}\"},\"query-input\":{\"@type\":\"PropertyValueSpecification\",\"valueRequired\":true,\"valueName\":\"search_term_string\"}}],\"inLanguage\":\"de\"},{\"@type\":\"Organization\",\"@id\":\"https:\\\/\\\/linesfiction.de\\\/lfd\\\/#organization\",\"name\":\"Lines Fiction\",\"url\":\"https:\\\/\\\/linesfiction.de\\\/lfd\\\/\",\"logo\":{\"@type\":\"ImageObject\",\"inLanguage\":\"de\",\"@id\":\"https:\\\/\\\/linesfiction.de\\\/lfd\\\/#\\\/schema\\\/logo\\\/image\\\/\",\"url\":\"https:\\\/\\\/linesfiction.de\\\/lfd\\\/wp-content\\\/uploads\\\/2022\\\/12\\\/linesfiction_logo_instagram.jpg\",\"contentUrl\":\"https:\\\/\\\/linesfiction.de\\\/lfd\\\/wp-content\\\/uploads\\\/2022\\\/12\\\/linesfiction_logo_instagram.jpg\",\"width\":1080,\"height\":1077,\"caption\":\"Lines Fiction\"},\"image\":{\"@id\":\"https:\\\/\\\/linesfiction.de\\\/lfd\\\/#\\\/schema\\\/logo\\\/image\\\/\"},\"sameAs\":[\"https:\\\/\\\/www.facebook.com\\\/linesfiction\\\/\",\"https:\\\/\\\/x.com\\\/linesfiction\",\"https:\\\/\\\/www.instagram.com\\\/linesfiction\\\/\"]}]}<\/script>\n<!-- \/ Yoast SEO plugin. -->","yoast_head_json":{"title":"Daniela Ehemann - Lines Fiction \u2605 Zeichnung &amp; Animation \u2605","robots":{"index":"index","follow":"follow","max-snippet":"max-snippet:-1","max-image-preview":"max-image-preview:large","max-video-preview":"max-video-preview:-1"},"canonical":"https:\/\/linesfiction.de\/lfd\/lines-fiction-online\/a-l\/daniela-ehemann\/","og_locale":"de_DE","og_type":"article","og_title":"Daniela Ehemann - Lines Fiction \u2605 Zeichnung &amp; Animation \u2605","og_description":"Lines Fiction: Du verbindest deinen minimalen Zeichenstil mit Skulptur und Architekturthemen, ebenso wie mit Video und Lebensgeschichten&#8230; Daniela Ehemann: Als ich ein Kind war sind meine Eltern viel umgezogen. An jedem neuen Ort, in jeder neuen Umgebung wurde ich mit &hellip; Daniela Ehemann Weiterlesen &raquo;","og_url":"https:\/\/linesfiction.de\/lfd\/lines-fiction-online\/a-l\/daniela-ehemann\/","og_site_name":"Lines Fiction \u2605 Zeichnung &amp; Animation \u2605","article_publisher":"https:\/\/www.facebook.com\/linesfiction\/","article_modified_time":"2022-12-21T13:30:47+00:00","twitter_card":"summary_large_image","twitter_site":"@linesfiction","twitter_misc":{"Gesch\u00e4tzte Lesezeit":"3\u00a0Minuten"},"schema":{"@context":"https:\/\/schema.org","@graph":[{"@type":"WebPage","@id":"https:\/\/linesfiction.de\/lfd\/lines-fiction-online\/a-l\/daniela-ehemann\/","url":"https:\/\/linesfiction.de\/lfd\/lines-fiction-online\/a-l\/daniela-ehemann\/","name":"Daniela Ehemann - Lines Fiction \u2605 Zeichnung &amp; Animation \u2605","isPartOf":{"@id":"https:\/\/linesfiction.de\/lfd\/#website"},"datePublished":"2014-05-25T19:41:49+00:00","dateModified":"2022-12-21T13:30:47+00:00","breadcrumb":{"@id":"https:\/\/linesfiction.de\/lfd\/lines-fiction-online\/a-l\/daniela-ehemann\/#breadcrumb"},"inLanguage":"de","potentialAction":[{"@type":"ReadAction","target":["https:\/\/linesfiction.de\/lfd\/lines-fiction-online\/a-l\/daniela-ehemann\/"]}]},{"@type":"BreadcrumbList","@id":"https:\/\/linesfiction.de\/lfd\/lines-fiction-online\/a-l\/daniela-ehemann\/#breadcrumb","itemListElement":[{"@type":"ListItem","position":1,"name":"Startseite","item":"https:\/\/linesfiction.de\/lfd\/"},{"@type":"ListItem","position":2,"name":"Lines Fiction online","item":"https:\/\/linesfiction.de\/lfd\/lines-fiction-online\/"},{"@type":"ListItem","position":3,"name":"A &#8211; L","item":"https:\/\/linesfiction.de\/lfd\/lines-fiction-online\/a-l\/"},{"@type":"ListItem","position":4,"name":"Daniela Ehemann"}]},{"@type":"WebSite","@id":"https:\/\/linesfiction.de\/lfd\/#website","url":"https:\/\/linesfiction.de\/lfd\/","name":"Lines Fiction - Zeichnung & Animation - Drawing & Animation","description":"","publisher":{"@id":"https:\/\/linesfiction.de\/lfd\/#organization"},"potentialAction":[{"@type":"SearchAction","target":{"@type":"EntryPoint","urlTemplate":"https:\/\/linesfiction.de\/lfd\/?s={search_term_string}"},"query-input":{"@type":"PropertyValueSpecification","valueRequired":true,"valueName":"search_term_string"}}],"inLanguage":"de"},{"@type":"Organization","@id":"https:\/\/linesfiction.de\/lfd\/#organization","name":"Lines Fiction","url":"https:\/\/linesfiction.de\/lfd\/","logo":{"@type":"ImageObject","inLanguage":"de","@id":"https:\/\/linesfiction.de\/lfd\/#\/schema\/logo\/image\/","url":"https:\/\/linesfiction.de\/lfd\/wp-content\/uploads\/2022\/12\/linesfiction_logo_instagram.jpg","contentUrl":"https:\/\/linesfiction.de\/lfd\/wp-content\/uploads\/2022\/12\/linesfiction_logo_instagram.jpg","width":1080,"height":1077,"caption":"Lines Fiction"},"image":{"@id":"https:\/\/linesfiction.de\/lfd\/#\/schema\/logo\/image\/"},"sameAs":["https:\/\/www.facebook.com\/linesfiction\/","https:\/\/x.com\/linesfiction","https:\/\/www.instagram.com\/linesfiction\/"]}]}},"_links":{"self":[{"href":"https:\/\/linesfiction.de\/lfd\/wp-json\/wp\/v2\/pages\/1001","targetHints":{"allow":["GET"]}}],"collection":[{"href":"https:\/\/linesfiction.de\/lfd\/wp-json\/wp\/v2\/pages"}],"about":[{"href":"https:\/\/linesfiction.de\/lfd\/wp-json\/wp\/v2\/types\/page"}],"author":[{"embeddable":true,"href":"https:\/\/linesfiction.de\/lfd\/wp-json\/wp\/v2\/users\/7"}],"replies":[{"embeddable":true,"href":"https:\/\/linesfiction.de\/lfd\/wp-json\/wp\/v2\/comments?post=1001"}],"version-history":[{"count":21,"href":"https:\/\/linesfiction.de\/lfd\/wp-json\/wp\/v2\/pages\/1001\/revisions"}],"predecessor-version":[{"id":3151,"href":"https:\/\/linesfiction.de\/lfd\/wp-json\/wp\/v2\/pages\/1001\/revisions\/3151"}],"up":[{"embeddable":true,"href":"https:\/\/linesfiction.de\/lfd\/wp-json\/wp\/v2\/pages\/501"}],"wp:attachment":[{"href":"https:\/\/linesfiction.de\/lfd\/wp-json\/wp\/v2\/media?parent=1001"}],"curies":[{"name":"wp","href":"https:\/\/api.w.org\/{rel}","templated":true}]}}