{"id":14,"date":"2012-01-02T18:25:42","date_gmt":"2012-01-02T17:25:42","guid":{"rendered":"http:\/\/linesfiction.de\/lf_d\/?page_id=14"},"modified":"2025-04-02T11:02:53","modified_gmt":"2025-04-02T10:02:53","slug":"about-us","status":"publish","type":"page","link":"https:\/\/linesfiction.de\/lfd\/about-us\/","title":{"rendered":"\u00dcber Lines Fiction"},"content":{"rendered":"\n<h4 class=\"wp-block-heading has-text-align-left\"><strong>Die Zeichnung hat vor allen anderen bildnerischen Ausdrucksformen eine gro\u00dfe, beinahe anarchistische Freiheit.<\/strong><\/h4>\n\n\n\n<p>Wo Malerei sich bei jedem Pinselstrich auf Vorbilder oder auf eine neue gro\u00dfe Geste berufen muss, kann die Zeichnung im Stillen alles f\u00fcr sich behaupten. Sie schafft mit einfachen Mitteln eine innere Bewegung, die sie nicht zu rechtfertigen braucht. Mal Skizze auf einer Papierserviette, mal Konzept f\u00fcr ein Gedankengeb\u00e4ude, kann die Zeichnung auch selbst\u00e4ndig werden, schlie\u00dflich auf nichts verweisen als auf sich selbst und dabei ein komplexes Kunstwerk entstehen lassen.<\/p>\n\n\n\n<h4 class=\"wp-block-heading\"><strong>Das Projekt schlie\u00dft eine L\u00fccke in der zeitgen\u00f6ssischen Rezeption der Zeichnung.<\/strong><\/h4>\n\n\n\n<p>Es gibt nicht nur die traditionelle Zeichnung auf Papier und ihre \u00dcberwindung in den Raum hinein. Es gibt auch die Zeichnung in Medien, die in Relation zueinander existieren.<\/p>\n\n\n\n<h4 class=\"wp-block-heading\"><strong>Die Zeichnung auf Papier und die Zeichnung im Film sind komplement\u00e4re Pole, die aufeinander nicht verzichten k\u00f6nnen.<\/strong><\/h4>\n\n\n\n<p>Die Papierarbeit ist gewisserma\u00dfen die analoge Formulierung des Gedankens\/Konzepts, der Animationsfilm die digitale Ausgestaltung des Gedankens, seine Verlebendigung. Die Kunst der Vergangenheit, Gegenwart und Zukunft trifft sich in der Verbindung dieser beiden so verschiedenen Medien, sie findet ihren ad\u00e4quaten zeitgen\u00f6ssischen Ausdruck. Sie ist vital und ver\u00e4nderungsf\u00e4hig, offen f\u00fcr die Zukunft, mit einer soliden Basis im Zeichnen und damit im Denken.<\/p>\n\n\n\n<p>Das Projekt <strong>Lines Fiction \u2014 Zeichnung &amp; Animation<\/strong> startete 2011. Unser Projekt versammelt Zeichnerinnen und Zeichner, die ihre Zeichnungen als gleichwertig zu ihren Animationen verstehen. Wir zeigen, wie sich beide Medien gegenseitig inspirieren und erg\u00e4nzen.<\/p>\n\n\n\n<p>F\u00fcr <strong><span style=\"color: #000000;\">Lines Fiction online<\/span> <\/strong>stellen sich K\u00fcnstlerinnen und K\u00fcnstler mit ihren Animationsfilmen und Zeichnungen vor.<br>Auf dieser Website finden Sie in sporadisch bis monatlichem Abstand die neuen internationalen Positionen.<br>Wer nichts verpassen will, kann unseren <span style=\"color: #3366ff;\"><a href=\"mailto:lines@linesfiction.de\" target=\"_blank\" rel=\"noreferrer noopener\"><strong>Newsletter<\/strong><\/a><\/span> bestellen.<\/p>\n\n\n\n<p><span style=\"color: #000000;\"><strong>Lines Fiction offline<\/strong><\/span> taucht immer wieder in Galerien, Museen und in unabh\u00e4ngigen Projektr\u00e4umen auf.<br>Uns ist es wichtig, die analoge Zeichnung mit der digitalen k\u00fcnstlerischen Animation an einem Ort zusammenzubringen.<\/p>\n\n\n\n<p id=\"presse\">&gt;&gt; <a href=\"https:\/\/linesfiction.de\/lfd\/index.php\/konzept\">Konzept<\/a><\/p>\n\n\n\n<p>&gt;&gt; <a href=\"https:\/\/taz.de\/!323939\/\" target=\"_blank\" rel=\"noreferrer noopener\">Presse<\/a><\/p>\n\n\n\n<p>Fotografien \u00a9 David Brandt <a href=\"http:\/\/www.david-brandt.de\/\">www.david-brandt.de<\/a> und K\u00fcnstler:innen<\/p>\n\n\n\n<p><\/p>\n","protected":false},"excerpt":{"rendered":"<p>Die Zeichnung hat vor allen anderen bildnerischen Ausdrucksformen eine gro\u00dfe, beinahe anarchistische Freiheit. Wo Malerei sich bei jedem Pinselstrich auf Vorbilder oder auf eine neue gro\u00dfe Geste berufen muss, kann die Zeichnung im Stillen alles f\u00fcr sich behaupten. Sie schafft &hellip;<\/p>\n<p class=\"read-more\"> <a class=\"more-link\" href=\"https:\/\/linesfiction.de\/lfd\/about-us\/\"> <span class=\"screen-reader-text\">\u00dcber Lines Fiction<\/span> Weiterlesen &raquo;<\/a><\/p>\n","protected":false},"author":7,"featured_media":0,"parent":0,"menu_order":0,"comment_status":"closed","ping_status":"closed","template":"full-width-page.php","meta":{"footnotes":""},"class_list":["post-14","page","type-page","status-publish","hentry"],"yoast_head":"<!-- This site is optimized with the Yoast SEO plugin v27.4 - https:\/\/yoast.com\/product\/yoast-seo-wordpress\/ -->\n<title>\u00dcber Lines Fiction - Lines Fiction \u2605 Zeichnung &amp; Animation \u2605<\/title>\n<meta name=\"description\" content=\"Die analoge Zeichnung auf Papier und die digitale Zeichnung in der Animation sind zwei Pole, die sich gegenseitig erg\u00e4nzen.\" \/>\n<meta name=\"robots\" content=\"index, follow, max-snippet:-1, max-image-preview:large, max-video-preview:-1\" \/>\n<link rel=\"canonical\" href=\"https:\/\/linesfiction.de\/lfd\/about-us\/\" \/>\n<meta property=\"og:locale\" content=\"de_DE\" \/>\n<meta property=\"og:type\" content=\"article\" \/>\n<meta property=\"og:title\" content=\"\u00dcber Lines Fiction - Lines Fiction \u2605 Zeichnung &amp; Animation \u2605\" \/>\n<meta property=\"og:description\" content=\"Die analoge Zeichnung auf Papier und die digitale Zeichnung in der Animation sind zwei Pole, die sich gegenseitig erg\u00e4nzen.\" \/>\n<meta property=\"og:url\" content=\"https:\/\/linesfiction.de\/lfd\/about-us\/\" \/>\n<meta property=\"og:site_name\" content=\"Lines Fiction \u2605 Zeichnung &amp; Animation \u2605\" \/>\n<meta property=\"article:publisher\" content=\"https:\/\/www.facebook.com\/linesfiction\/\" \/>\n<meta property=\"article:modified_time\" content=\"2025-04-02T10:02:53+00:00\" \/>\n<meta name=\"twitter:card\" content=\"summary_large_image\" \/>\n<meta name=\"twitter:site\" content=\"@linesfiction\" \/>\n<meta name=\"twitter:label1\" content=\"Gesch\u00e4tzte Lesezeit\" \/>\n\t<meta name=\"twitter:data1\" content=\"2\u00a0Minuten\" \/>\n<script type=\"application\/ld+json\" class=\"yoast-schema-graph\">{\"@context\":\"https:\\\/\\\/schema.org\",\"@graph\":[{\"@type\":\"WebPage\",\"@id\":\"https:\\\/\\\/linesfiction.de\\\/lfd\\\/about-us\\\/\",\"url\":\"https:\\\/\\\/linesfiction.de\\\/lfd\\\/about-us\\\/\",\"name\":\"\u00dcber Lines Fiction - Lines Fiction \u2605 Zeichnung &amp; Animation \u2605\",\"isPartOf\":{\"@id\":\"https:\\\/\\\/linesfiction.de\\\/lfd\\\/#website\"},\"datePublished\":\"2012-01-02T17:25:42+00:00\",\"dateModified\":\"2025-04-02T10:02:53+00:00\",\"description\":\"Die analoge Zeichnung auf Papier und die digitale Zeichnung in der Animation sind zwei Pole, die sich gegenseitig erg\u00e4nzen.\",\"breadcrumb\":{\"@id\":\"https:\\\/\\\/linesfiction.de\\\/lfd\\\/about-us\\\/#breadcrumb\"},\"inLanguage\":\"de\",\"potentialAction\":[{\"@type\":\"ReadAction\",\"target\":[\"https:\\\/\\\/linesfiction.de\\\/lfd\\\/about-us\\\/\"]}]},{\"@type\":\"BreadcrumbList\",\"@id\":\"https:\\\/\\\/linesfiction.de\\\/lfd\\\/about-us\\\/#breadcrumb\",\"itemListElement\":[{\"@type\":\"ListItem\",\"position\":1,\"name\":\"Startseite\",\"item\":\"https:\\\/\\\/linesfiction.de\\\/lfd\\\/\"},{\"@type\":\"ListItem\",\"position\":2,\"name\":\"\u00dcber Lines Fiction\"}]},{\"@type\":\"WebSite\",\"@id\":\"https:\\\/\\\/linesfiction.de\\\/lfd\\\/#website\",\"url\":\"https:\\\/\\\/linesfiction.de\\\/lfd\\\/\",\"name\":\"Lines Fiction - Zeichnung & Animation - Drawing & Animation\",\"description\":\"\",\"publisher\":{\"@id\":\"https:\\\/\\\/linesfiction.de\\\/lfd\\\/#organization\"},\"potentialAction\":[{\"@type\":\"SearchAction\",\"target\":{\"@type\":\"EntryPoint\",\"urlTemplate\":\"https:\\\/\\\/linesfiction.de\\\/lfd\\\/?s={search_term_string}\"},\"query-input\":{\"@type\":\"PropertyValueSpecification\",\"valueRequired\":true,\"valueName\":\"search_term_string\"}}],\"inLanguage\":\"de\"},{\"@type\":\"Organization\",\"@id\":\"https:\\\/\\\/linesfiction.de\\\/lfd\\\/#organization\",\"name\":\"Lines Fiction\",\"url\":\"https:\\\/\\\/linesfiction.de\\\/lfd\\\/\",\"logo\":{\"@type\":\"ImageObject\",\"inLanguage\":\"de\",\"@id\":\"https:\\\/\\\/linesfiction.de\\\/lfd\\\/#\\\/schema\\\/logo\\\/image\\\/\",\"url\":\"https:\\\/\\\/linesfiction.de\\\/lfd\\\/wp-content\\\/uploads\\\/2022\\\/12\\\/linesfiction_logo_instagram.jpg\",\"contentUrl\":\"https:\\\/\\\/linesfiction.de\\\/lfd\\\/wp-content\\\/uploads\\\/2022\\\/12\\\/linesfiction_logo_instagram.jpg\",\"width\":1080,\"height\":1077,\"caption\":\"Lines Fiction\"},\"image\":{\"@id\":\"https:\\\/\\\/linesfiction.de\\\/lfd\\\/#\\\/schema\\\/logo\\\/image\\\/\"},\"sameAs\":[\"https:\\\/\\\/www.facebook.com\\\/linesfiction\\\/\",\"https:\\\/\\\/x.com\\\/linesfiction\",\"https:\\\/\\\/www.instagram.com\\\/linesfiction\\\/\"]}]}<\/script>\n<!-- \/ Yoast SEO plugin. -->","yoast_head_json":{"title":"\u00dcber Lines Fiction - Lines Fiction \u2605 Zeichnung &amp; Animation \u2605","description":"Die analoge Zeichnung auf Papier und die digitale Zeichnung in der Animation sind zwei Pole, die sich gegenseitig erg\u00e4nzen.","robots":{"index":"index","follow":"follow","max-snippet":"max-snippet:-1","max-image-preview":"max-image-preview:large","max-video-preview":"max-video-preview:-1"},"canonical":"https:\/\/linesfiction.de\/lfd\/about-us\/","og_locale":"de_DE","og_type":"article","og_title":"\u00dcber Lines Fiction - Lines Fiction \u2605 Zeichnung &amp; Animation \u2605","og_description":"Die analoge Zeichnung auf Papier und die digitale Zeichnung in der Animation sind zwei Pole, die sich gegenseitig erg\u00e4nzen.","og_url":"https:\/\/linesfiction.de\/lfd\/about-us\/","og_site_name":"Lines Fiction \u2605 Zeichnung &amp; Animation \u2605","article_publisher":"https:\/\/www.facebook.com\/linesfiction\/","article_modified_time":"2025-04-02T10:02:53+00:00","twitter_card":"summary_large_image","twitter_site":"@linesfiction","twitter_misc":{"Gesch\u00e4tzte Lesezeit":"2\u00a0Minuten"},"schema":{"@context":"https:\/\/schema.org","@graph":[{"@type":"WebPage","@id":"https:\/\/linesfiction.de\/lfd\/about-us\/","url":"https:\/\/linesfiction.de\/lfd\/about-us\/","name":"\u00dcber Lines Fiction - Lines Fiction \u2605 Zeichnung &amp; Animation \u2605","isPartOf":{"@id":"https:\/\/linesfiction.de\/lfd\/#website"},"datePublished":"2012-01-02T17:25:42+00:00","dateModified":"2025-04-02T10:02:53+00:00","description":"Die analoge Zeichnung auf Papier und die digitale Zeichnung in der Animation sind zwei Pole, die sich gegenseitig erg\u00e4nzen.","breadcrumb":{"@id":"https:\/\/linesfiction.de\/lfd\/about-us\/#breadcrumb"},"inLanguage":"de","potentialAction":[{"@type":"ReadAction","target":["https:\/\/linesfiction.de\/lfd\/about-us\/"]}]},{"@type":"BreadcrumbList","@id":"https:\/\/linesfiction.de\/lfd\/about-us\/#breadcrumb","itemListElement":[{"@type":"ListItem","position":1,"name":"Startseite","item":"https:\/\/linesfiction.de\/lfd\/"},{"@type":"ListItem","position":2,"name":"\u00dcber Lines Fiction"}]},{"@type":"WebSite","@id":"https:\/\/linesfiction.de\/lfd\/#website","url":"https:\/\/linesfiction.de\/lfd\/","name":"Lines Fiction - Zeichnung & Animation - Drawing & Animation","description":"","publisher":{"@id":"https:\/\/linesfiction.de\/lfd\/#organization"},"potentialAction":[{"@type":"SearchAction","target":{"@type":"EntryPoint","urlTemplate":"https:\/\/linesfiction.de\/lfd\/?s={search_term_string}"},"query-input":{"@type":"PropertyValueSpecification","valueRequired":true,"valueName":"search_term_string"}}],"inLanguage":"de"},{"@type":"Organization","@id":"https:\/\/linesfiction.de\/lfd\/#organization","name":"Lines Fiction","url":"https:\/\/linesfiction.de\/lfd\/","logo":{"@type":"ImageObject","inLanguage":"de","@id":"https:\/\/linesfiction.de\/lfd\/#\/schema\/logo\/image\/","url":"https:\/\/linesfiction.de\/lfd\/wp-content\/uploads\/2022\/12\/linesfiction_logo_instagram.jpg","contentUrl":"https:\/\/linesfiction.de\/lfd\/wp-content\/uploads\/2022\/12\/linesfiction_logo_instagram.jpg","width":1080,"height":1077,"caption":"Lines Fiction"},"image":{"@id":"https:\/\/linesfiction.de\/lfd\/#\/schema\/logo\/image\/"},"sameAs":["https:\/\/www.facebook.com\/linesfiction\/","https:\/\/x.com\/linesfiction","https:\/\/www.instagram.com\/linesfiction\/"]}]}},"_links":{"self":[{"href":"https:\/\/linesfiction.de\/lfd\/wp-json\/wp\/v2\/pages\/14","targetHints":{"allow":["GET"]}}],"collection":[{"href":"https:\/\/linesfiction.de\/lfd\/wp-json\/wp\/v2\/pages"}],"about":[{"href":"https:\/\/linesfiction.de\/lfd\/wp-json\/wp\/v2\/types\/page"}],"author":[{"embeddable":true,"href":"https:\/\/linesfiction.de\/lfd\/wp-json\/wp\/v2\/users\/7"}],"replies":[{"embeddable":true,"href":"https:\/\/linesfiction.de\/lfd\/wp-json\/wp\/v2\/comments?post=14"}],"version-history":[{"count":117,"href":"https:\/\/linesfiction.de\/lfd\/wp-json\/wp\/v2\/pages\/14\/revisions"}],"predecessor-version":[{"id":3814,"href":"https:\/\/linesfiction.de\/lfd\/wp-json\/wp\/v2\/pages\/14\/revisions\/3814"}],"wp:attachment":[{"href":"https:\/\/linesfiction.de\/lfd\/wp-json\/wp\/v2\/media?parent=14"}],"curies":[{"name":"wp","href":"https:\/\/api.w.org\/{rel}","templated":true}]}}