{"id":1411,"date":"2016-06-30T14:03:08","date_gmt":"2016-06-30T13:03:08","guid":{"rendered":"http:\/\/linesfiction.de\/lfd\/?page_id=1411"},"modified":"2016-07-07T14:38:28","modified_gmt":"2016-07-07T13:38:28","slug":"kristinn-hardarsson","status":"publish","type":"page","link":"https:\/\/linesfiction.de\/lfd\/lines-fiction-online\/a-l\/kristinn-hardarsson\/","title":{"rendered":"Kristinn Hardarsson"},"content":{"rendered":"<p><u>Lines Fiction: Man sagt, du siehst die Kunst als eine Art, dein Leben zu f\u00fchren. Zeichnung bedeutet f\u00fcr dich also deine t\u00e4gliche Erfahrung zu protokollieren?<\/u><\/p>\n<p>Kristinn Hardarsson: Ich w\u00fcrde sagen, dass die Grenze zwischen meinem Alltag und meinem Kunstschaffen unbestimmt ist. Meine Kunst basiert h\u00e4ufig auf Beobachtungen und Aufzeichnungen des Lebens, das mich umgibt, sowohl meiner direkten, als auch der medial vermittelten Erlebnisse. Ich dokumentiere alles in Tageb\u00fcchern und Fotos, aber auch in der guten alten Handzeichnung, wenn ich reise oder mir unterwegs irgendwo etwas auff\u00e4llt.<\/p>\n<p><u>Lines Fiction: Grunds\u00e4tzlich erinnern mich deine Zeichnungen und Skizzen an Comic und Graphic Novel. Wo siehst du selbst die Wurzeln deiner Kunst?<\/u><\/p>\n<p>Kristinn Hardarsson: Ich wei\u00df nicht so genau &#8211; Die Wurzeln spreizen sich in viele Richtungen. Aber da sind starke Tendenzen, die mir durch meine ganze Karriere hindurch geblieben sind. Vor allem zwei Tendenzen, die sogar vebunden sind: Die Hinwendung zur Erz\u00e4hlung und die Kombination von Bild und Text. Und das sind nat\u00fcrlich auch die grundlegenden Formen der Graphic Novel.<\/p>\n<p><u>Lines Fiction: Deine Geschichte &#8222;Burglary, Three Earthworms and the Icelandic Potato\u201d (Einbruch, drei Regenw\u00fcrmer und die isl\u00e4ndische Kartoffel) wurde zuerst als Wandbild in Island und dann als Wandzeichnung in der Galerie Kim Behm in Frankfurt und an anderen Orten gezeigt. Die Bilder geben unserer Neugierde lakonische Antworten. Ist dir unser Verst\u00e4ndnis des Plots wichtig oder vor allem die Form der Pr\u00e4sentation als Bildergeschichte?<\/u><\/p>\n<p>Kristinn Hardarsson: Es ist die Geschichte (oder die Geschichten), die den wichtigsten Aspekt darstellen, Text und Bild zusammen. Die Form dient dazu, ein Gef\u00fchl das ich vermitteln m\u00f6chte zu transportieren. Diese Geschichte wurde kurz nach dem Finanzcrash in Island aufgezeichnet und pr\u00e4sentiert. Ich habe mit der allgemeinen Verunsicherung und der Nostalgie gearbeitet, die zu jener Zeit die Atmosph\u00e4re in Island, wo ich lebe, bestimmt und durchdrungen hat.<\/p>\n<p>Der erz\u00e4hlerische Aspekt ist sehr stark in Island. Er ist st\u00e4rker als ich ihn f\u00fcr mich lange Zeit zugeben wollte. Sogar meine abstrakten Arbeiten haben ein narratives Aroma.<\/p>\n<p><u>Lines Fiction: Nun sind der Wandtext und der gesprochene Text der Animation in isl\u00e4ndisch. Wie f\u00e4llst du deine Entscheidung, zu synchronisieren oder nicht?<\/u><\/p>\n<p>Kristinn Hardarsson: Ich schreibe meine Texte immer in Isl\u00e4ndisch und lasse sie dann \u00fcbersetzen, falls n\u00f6tig. Der Grund ist einfach: Es ist die einzige Sprache, die ich mit Leichtigkeit schreiben kann. Daher schreiben auch Isl\u00e4ndische Schriftsteller in ihrer Muttersprache, sie bekommen oft dieselbe Frage gestellt, glaube ich.<br \/>\nDas mit den \u00dcbersetzungen ist beschwerlich und teuer, und manchmal ist es technisch schwierig, die \u00dcbersetzung ins Bild zu quetschen, wie es manchmal so mit Comics geschieht. Jedenfalls f\u00fchlt sich f\u00fcr mich das Englisch schreiben im Kontext meiner Arbeit oberfl\u00e4chlich und falsch an.<\/p>\n<p>Manchmal gibt es zwei sprachliche Versionen eines Werks. Die gedruckte Version von &#8222;Burglary &#8230;&#8220; liegt in isl\u00e4ndisch und englisch vor. Das Projekt &#8222;Designs for Postcards&#8220; gibt es nur auf englisch, aber sobald es gedruckt wird, wird es auch eine isl\u00e4ndische Version geben. Es ist also kein klarer Schnitt.<\/p>\n<p>Deine Frage ber\u00fchrt auch ein anderes Feld: Warum macht man Kunst und f\u00fcr wen? Aber das ist zu komplex um es hier schnell zu beantworten.<\/p>\n<p><u>Lines Fiction: Deine Animation hat eine ausdr\u00fccklich handgemachte Erscheinung. Hast du bewegte Bilder geschaffen um den Erz\u00e4hlfluss zu f\u00f6rdern?<\/u><\/p>\n<p>Kristinn Hardarsson: Meine Arbeit hat im Allgemeinen eine Tendenz zum Handgemachten; eher unbewu\u00dft meine ich.<br \/>\nDieses spezielle Werk, &#8222;The Fox&#8220; ist in der Form von Kinderbuchliteratur gehalten und hat auch einerseits inhaltlich einiges davon &#8211; andererseits aber auch garnicht.<\/p>\n<p>Der Einsatz bewegter Bilder hat mich schon geraume Zeit besch\u00e4ftigt und ich suche nach Wegen, diesen Aspekt in mein Werk zu integrieren. Der narrative Gesichtspunkt ist nat\u00fcrlich interessant, aber nicht minder auch eine gewisse weitere Dimension, die entsteht, wenn man einer Zeichnung Bewegung hinzuf\u00fcgt.<\/p>\n<p><a href=\"http:\/\/icelandreview.com\/stuff\/reviews\/2012\/11\/16\/road-life-kristinn-hardarson\" target=\"_blank\">Mehr \u00fcber Kristinn Hardarsson<\/a><\/p>\n","protected":false},"excerpt":{"rendered":"<p>Lines Fiction: Man sagt, du siehst die Kunst als eine Art, dein Leben zu f\u00fchren. Zeichnung bedeutet f\u00fcr dich also deine t\u00e4gliche Erfahrung zu protokollieren? Kristinn Hardarsson: Ich w\u00fcrde sagen, dass die Grenze zwischen meinem Alltag und meinem Kunstschaffen unbestimmt &hellip;<\/p>\n<p class=\"read-more\"> <a class=\"more-link\" href=\"https:\/\/linesfiction.de\/lfd\/lines-fiction-online\/a-l\/kristinn-hardarsson\/\"> <span class=\"screen-reader-text\">Kristinn Hardarsson<\/span> Weiterlesen &raquo;<\/a><\/p>\n","protected":false},"author":7,"featured_media":0,"parent":501,"menu_order":0,"comment_status":"closed","ping_status":"closed","template":"content-sidebar-page.php","meta":{"footnotes":""},"class_list":["post-1411","page","type-page","status-publish","hentry"],"yoast_head":"<!-- This site is optimized with the Yoast SEO plugin v27.3 - https:\/\/yoast.com\/product\/yoast-seo-wordpress\/ -->\n<title>Kristinn Hardarsson - Lines Fiction \u2605 Zeichnung &amp; Animation \u2605<\/title>\n<meta name=\"robots\" content=\"index, follow, max-snippet:-1, max-image-preview:large, max-video-preview:-1\" \/>\n<link rel=\"canonical\" href=\"https:\/\/linesfiction.de\/lfd\/lines-fiction-online\/a-l\/kristinn-hardarsson\/\" \/>\n<meta property=\"og:locale\" content=\"de_DE\" \/>\n<meta property=\"og:type\" content=\"article\" \/>\n<meta property=\"og:title\" content=\"Kristinn Hardarsson - Lines Fiction \u2605 Zeichnung &amp; Animation \u2605\" \/>\n<meta property=\"og:description\" content=\"Lines Fiction: Man sagt, du siehst die Kunst als eine Art, dein Leben zu f\u00fchren. Zeichnung bedeutet f\u00fcr dich also deine t\u00e4gliche Erfahrung zu protokollieren? Kristinn Hardarsson: Ich w\u00fcrde sagen, dass die Grenze zwischen meinem Alltag und meinem Kunstschaffen unbestimmt &hellip; Kristinn Hardarsson Weiterlesen &raquo;\" \/>\n<meta property=\"og:url\" content=\"https:\/\/linesfiction.de\/lfd\/lines-fiction-online\/a-l\/kristinn-hardarsson\/\" \/>\n<meta property=\"og:site_name\" content=\"Lines Fiction \u2605 Zeichnung &amp; Animation \u2605\" \/>\n<meta property=\"article:publisher\" content=\"https:\/\/www.facebook.com\/linesfiction\/\" \/>\n<meta property=\"article:modified_time\" content=\"2016-07-07T13:38:28+00:00\" \/>\n<meta name=\"twitter:card\" content=\"summary_large_image\" \/>\n<meta name=\"twitter:site\" content=\"@linesfiction\" \/>\n<meta name=\"twitter:label1\" content=\"Gesch\u00e4tzte Lesezeit\" \/>\n\t<meta name=\"twitter:data1\" content=\"3\u00a0Minuten\" \/>\n<script type=\"application\/ld+json\" class=\"yoast-schema-graph\">{\"@context\":\"https:\\\/\\\/schema.org\",\"@graph\":[{\"@type\":\"WebPage\",\"@id\":\"https:\\\/\\\/linesfiction.de\\\/lfd\\\/lines-fiction-online\\\/a-l\\\/kristinn-hardarsson\\\/\",\"url\":\"https:\\\/\\\/linesfiction.de\\\/lfd\\\/lines-fiction-online\\\/a-l\\\/kristinn-hardarsson\\\/\",\"name\":\"Kristinn Hardarsson - Lines Fiction \u2605 Zeichnung &amp; Animation \u2605\",\"isPartOf\":{\"@id\":\"https:\\\/\\\/linesfiction.de\\\/lfd\\\/#website\"},\"datePublished\":\"2016-06-30T13:03:08+00:00\",\"dateModified\":\"2016-07-07T13:38:28+00:00\",\"breadcrumb\":{\"@id\":\"https:\\\/\\\/linesfiction.de\\\/lfd\\\/lines-fiction-online\\\/a-l\\\/kristinn-hardarsson\\\/#breadcrumb\"},\"inLanguage\":\"de\",\"potentialAction\":[{\"@type\":\"ReadAction\",\"target\":[\"https:\\\/\\\/linesfiction.de\\\/lfd\\\/lines-fiction-online\\\/a-l\\\/kristinn-hardarsson\\\/\"]}]},{\"@type\":\"BreadcrumbList\",\"@id\":\"https:\\\/\\\/linesfiction.de\\\/lfd\\\/lines-fiction-online\\\/a-l\\\/kristinn-hardarsson\\\/#breadcrumb\",\"itemListElement\":[{\"@type\":\"ListItem\",\"position\":1,\"name\":\"Startseite\",\"item\":\"https:\\\/\\\/linesfiction.de\\\/lfd\\\/\"},{\"@type\":\"ListItem\",\"position\":2,\"name\":\"Lines Fiction online\",\"item\":\"https:\\\/\\\/linesfiction.de\\\/lfd\\\/lines-fiction-online\\\/\"},{\"@type\":\"ListItem\",\"position\":3,\"name\":\"A &#8211; L\",\"item\":\"https:\\\/\\\/linesfiction.de\\\/lfd\\\/lines-fiction-online\\\/a-l\\\/\"},{\"@type\":\"ListItem\",\"position\":4,\"name\":\"Kristinn Hardarsson\"}]},{\"@type\":\"WebSite\",\"@id\":\"https:\\\/\\\/linesfiction.de\\\/lfd\\\/#website\",\"url\":\"https:\\\/\\\/linesfiction.de\\\/lfd\\\/\",\"name\":\"Lines Fiction - Zeichnung & Animation - Drawing & Animation\",\"description\":\"\",\"publisher\":{\"@id\":\"https:\\\/\\\/linesfiction.de\\\/lfd\\\/#organization\"},\"potentialAction\":[{\"@type\":\"SearchAction\",\"target\":{\"@type\":\"EntryPoint\",\"urlTemplate\":\"https:\\\/\\\/linesfiction.de\\\/lfd\\\/?s={search_term_string}\"},\"query-input\":{\"@type\":\"PropertyValueSpecification\",\"valueRequired\":true,\"valueName\":\"search_term_string\"}}],\"inLanguage\":\"de\"},{\"@type\":\"Organization\",\"@id\":\"https:\\\/\\\/linesfiction.de\\\/lfd\\\/#organization\",\"name\":\"Lines Fiction\",\"url\":\"https:\\\/\\\/linesfiction.de\\\/lfd\\\/\",\"logo\":{\"@type\":\"ImageObject\",\"inLanguage\":\"de\",\"@id\":\"https:\\\/\\\/linesfiction.de\\\/lfd\\\/#\\\/schema\\\/logo\\\/image\\\/\",\"url\":\"https:\\\/\\\/linesfiction.de\\\/lfd\\\/wp-content\\\/uploads\\\/2022\\\/12\\\/linesfiction_logo_instagram.jpg\",\"contentUrl\":\"https:\\\/\\\/linesfiction.de\\\/lfd\\\/wp-content\\\/uploads\\\/2022\\\/12\\\/linesfiction_logo_instagram.jpg\",\"width\":1080,\"height\":1077,\"caption\":\"Lines Fiction\"},\"image\":{\"@id\":\"https:\\\/\\\/linesfiction.de\\\/lfd\\\/#\\\/schema\\\/logo\\\/image\\\/\"},\"sameAs\":[\"https:\\\/\\\/www.facebook.com\\\/linesfiction\\\/\",\"https:\\\/\\\/x.com\\\/linesfiction\",\"https:\\\/\\\/www.instagram.com\\\/linesfiction\\\/\"]}]}<\/script>\n<!-- \/ Yoast SEO plugin. -->","yoast_head_json":{"title":"Kristinn Hardarsson - Lines Fiction \u2605 Zeichnung &amp; Animation \u2605","robots":{"index":"index","follow":"follow","max-snippet":"max-snippet:-1","max-image-preview":"max-image-preview:large","max-video-preview":"max-video-preview:-1"},"canonical":"https:\/\/linesfiction.de\/lfd\/lines-fiction-online\/a-l\/kristinn-hardarsson\/","og_locale":"de_DE","og_type":"article","og_title":"Kristinn Hardarsson - Lines Fiction \u2605 Zeichnung &amp; Animation \u2605","og_description":"Lines Fiction: Man sagt, du siehst die Kunst als eine Art, dein Leben zu f\u00fchren. Zeichnung bedeutet f\u00fcr dich also deine t\u00e4gliche Erfahrung zu protokollieren? Kristinn Hardarsson: Ich w\u00fcrde sagen, dass die Grenze zwischen meinem Alltag und meinem Kunstschaffen unbestimmt &hellip; Kristinn Hardarsson Weiterlesen &raquo;","og_url":"https:\/\/linesfiction.de\/lfd\/lines-fiction-online\/a-l\/kristinn-hardarsson\/","og_site_name":"Lines Fiction \u2605 Zeichnung &amp; Animation \u2605","article_publisher":"https:\/\/www.facebook.com\/linesfiction\/","article_modified_time":"2016-07-07T13:38:28+00:00","twitter_card":"summary_large_image","twitter_site":"@linesfiction","twitter_misc":{"Gesch\u00e4tzte Lesezeit":"3\u00a0Minuten"},"schema":{"@context":"https:\/\/schema.org","@graph":[{"@type":"WebPage","@id":"https:\/\/linesfiction.de\/lfd\/lines-fiction-online\/a-l\/kristinn-hardarsson\/","url":"https:\/\/linesfiction.de\/lfd\/lines-fiction-online\/a-l\/kristinn-hardarsson\/","name":"Kristinn Hardarsson - Lines Fiction \u2605 Zeichnung &amp; Animation \u2605","isPartOf":{"@id":"https:\/\/linesfiction.de\/lfd\/#website"},"datePublished":"2016-06-30T13:03:08+00:00","dateModified":"2016-07-07T13:38:28+00:00","breadcrumb":{"@id":"https:\/\/linesfiction.de\/lfd\/lines-fiction-online\/a-l\/kristinn-hardarsson\/#breadcrumb"},"inLanguage":"de","potentialAction":[{"@type":"ReadAction","target":["https:\/\/linesfiction.de\/lfd\/lines-fiction-online\/a-l\/kristinn-hardarsson\/"]}]},{"@type":"BreadcrumbList","@id":"https:\/\/linesfiction.de\/lfd\/lines-fiction-online\/a-l\/kristinn-hardarsson\/#breadcrumb","itemListElement":[{"@type":"ListItem","position":1,"name":"Startseite","item":"https:\/\/linesfiction.de\/lfd\/"},{"@type":"ListItem","position":2,"name":"Lines Fiction online","item":"https:\/\/linesfiction.de\/lfd\/lines-fiction-online\/"},{"@type":"ListItem","position":3,"name":"A &#8211; L","item":"https:\/\/linesfiction.de\/lfd\/lines-fiction-online\/a-l\/"},{"@type":"ListItem","position":4,"name":"Kristinn Hardarsson"}]},{"@type":"WebSite","@id":"https:\/\/linesfiction.de\/lfd\/#website","url":"https:\/\/linesfiction.de\/lfd\/","name":"Lines Fiction - Zeichnung & Animation - Drawing & Animation","description":"","publisher":{"@id":"https:\/\/linesfiction.de\/lfd\/#organization"},"potentialAction":[{"@type":"SearchAction","target":{"@type":"EntryPoint","urlTemplate":"https:\/\/linesfiction.de\/lfd\/?s={search_term_string}"},"query-input":{"@type":"PropertyValueSpecification","valueRequired":true,"valueName":"search_term_string"}}],"inLanguage":"de"},{"@type":"Organization","@id":"https:\/\/linesfiction.de\/lfd\/#organization","name":"Lines Fiction","url":"https:\/\/linesfiction.de\/lfd\/","logo":{"@type":"ImageObject","inLanguage":"de","@id":"https:\/\/linesfiction.de\/lfd\/#\/schema\/logo\/image\/","url":"https:\/\/linesfiction.de\/lfd\/wp-content\/uploads\/2022\/12\/linesfiction_logo_instagram.jpg","contentUrl":"https:\/\/linesfiction.de\/lfd\/wp-content\/uploads\/2022\/12\/linesfiction_logo_instagram.jpg","width":1080,"height":1077,"caption":"Lines Fiction"},"image":{"@id":"https:\/\/linesfiction.de\/lfd\/#\/schema\/logo\/image\/"},"sameAs":["https:\/\/www.facebook.com\/linesfiction\/","https:\/\/x.com\/linesfiction","https:\/\/www.instagram.com\/linesfiction\/"]}]}},"_links":{"self":[{"href":"https:\/\/linesfiction.de\/lfd\/wp-json\/wp\/v2\/pages\/1411","targetHints":{"allow":["GET"]}}],"collection":[{"href":"https:\/\/linesfiction.de\/lfd\/wp-json\/wp\/v2\/pages"}],"about":[{"href":"https:\/\/linesfiction.de\/lfd\/wp-json\/wp\/v2\/types\/page"}],"author":[{"embeddable":true,"href":"https:\/\/linesfiction.de\/lfd\/wp-json\/wp\/v2\/users\/7"}],"replies":[{"embeddable":true,"href":"https:\/\/linesfiction.de\/lfd\/wp-json\/wp\/v2\/comments?post=1411"}],"version-history":[{"count":12,"href":"https:\/\/linesfiction.de\/lfd\/wp-json\/wp\/v2\/pages\/1411\/revisions"}],"predecessor-version":[{"id":1430,"href":"https:\/\/linesfiction.de\/lfd\/wp-json\/wp\/v2\/pages\/1411\/revisions\/1430"}],"up":[{"embeddable":true,"href":"https:\/\/linesfiction.de\/lfd\/wp-json\/wp\/v2\/pages\/501"}],"wp:attachment":[{"href":"https:\/\/linesfiction.de\/lfd\/wp-json\/wp\/v2\/media?parent=1411"}],"curies":[{"name":"wp","href":"https:\/\/api.w.org\/{rel}","templated":true}]}}