{"id":1697,"date":"2018-01-26T13:08:42","date_gmt":"2018-01-26T12:08:42","guid":{"rendered":"http:\/\/linesfiction.de\/lfd\/?page_id=1697"},"modified":"2025-05-07T12:12:19","modified_gmt":"2025-05-07T11:12:19","slug":"christine-haber","status":"publish","type":"page","link":"https:\/\/linesfiction.de\/lfd\/lines-fiction-online\/a-l\/christine-haber\/","title":{"rendered":"Tina Haber"},"content":{"rendered":"<p><u>Lines Fiction: Die Innenr\u00e4ume, die du in deinen beiden Animationen pr\u00e4sentierst sind gleichzeitig unbekannt und vertraut: in <em>Interieur 39\/56<\/em> ist es die d\u00e4nische Moderne des Mobiliars, in <em>Interieur 0303<\/em> ist es die Mischung aus Wohnen und Arbeiten im Mietshaus, die das heutige Stadtleben bestimmt, und die man gleich wiedererkennt. Ist es deine eigene Umgebung, durch die du da gehst?<\/u><\/p>\n<p>Tina Haber: Ja, es sind die beiden Berliner Wohnungen in denen ich am l\u00e4ngsten gewohnt habe. Obwohl es sich hier um Animationen handelt, sehe ich die Arbeiten in der Tradition der Interieur-Malerei. Durch die Abbildung einer ganz bestimmten Auswahl und Anordnung von privaten Gebrauchsgegenst\u00e4nden werden allt\u00e4gliche pers\u00f6nliche Abl\u00e4ufe vorstellbar, ohne dass die dort lebenden Menschen zu sehen sind.<br \/>\nDadurch ergibt sich ein merkw\u00fcrdiges Wechselspiel von Intimit\u00e4t und Anonymit\u00e4t, das mir typisch erscheint f\u00fcr die Bildgattung des Interieurs. Die sogenannten \u201eZimmerbilder\u201c der Biedermeierzeit, z.B. von Adolph Menzel, strahlen noch eine vornehme Ruhe und Klarheit aus.<\/p>\n<p>Das \u00e4ndert sich in den n\u00e4chsten Jahrzehnten parallel zu den gesellschaftlichen Entwicklungen und dem Lebensgef\u00fchl des B\u00fcrgertums. In den Interieurs des 20. Jahrhunderts tritt zunehmend eine beunruhigende Ambivalenz in den Vordergrund. Nur noch selten zeigen die gemalten Innenr\u00e4ume Orte der Geborgenheit. Hinter den allt\u00e4glichen Szenen verbirgt sich das grundlegende \u00e4sthetische Paradox der Interieurmalerei, die das Private immer als etwas Ausgestelltes ins Bild bringt.<br \/>\nMittlerweile haben die sogenannten \u201eRoom Tours\u201c auf YouTube die Aufgabe \u00fcbernommen, durch die Darstellung der pers\u00f6nlichen Wohnr\u00e4ume ein mehr oder weniger individuelles Lebensgef\u00fchl auszudr\u00fccken.<br \/>\nDurch die malerische und zugleich filmische Umsetzung sehe ich meine Arbeiten als eine Art Hybride dieser unterschiedlichen Formen der Darstellung von Privatr\u00e4umen.<\/p>\n<p><u>Lines Fiction: Der ambivalente Eindruck, der, wie du sagst im 20. Jahrhundert in gemalten Innenr\u00e4umen auftaucht, wird hier ja noch verst\u00e4rkt durch die filmische Erz\u00e4hlung: in beiden Filmen k\u00f6nnten wir Zeugen an einem Tatort sein, einen Dieb durch die Wohnung begleiten, der suchend die Schr\u00e4nke \u00f6ffnet und dann, wie in Interieur 0303, im Treppenhaus zur n\u00e4chsten, surreal identischen Wohnung hinabsteigt.<br \/>\nVerstehst du deine Filme auch als Zeitzeichen, dass ein bestimmtes Konzept von Privatsph\u00e4re auf dem R\u00fcckzug ist?<\/u><\/p>\n<p>Tina Haber: Nach meiner Auffassung beschreibt Privatheit die Augenblicke, in denen wir uns in einen vertieften pers\u00f6nlichen Dialog begeben mit den Menschen und Dingen in unserer n\u00e4chsten Umgebung, bzw. mit uns selbst, ohne an au\u00dfenstehende Zuschauer oder Mith\u00f6rer zu denken.<br \/>\nAuch wenn wir heute im Internet durch die K\u00fcchen und Schlafzimmer anderer Menschen surfen k\u00f6nnen, glaube ich nicht, dass Privatheit als Qualit\u00e4t &#8211; im Sinne von Vertrautheit, Zugeh\u00f6rigkeit und N\u00e4he &#8211; verloren geht. Aber sie zieht sich zur\u00fcck, in die Zeitr\u00e4ume und Erfahrungen, die wir nur mit ganz wenigen anderen Menschen teilen.<br \/>\nMeine Filme zeigen nerv\u00f6se und l\u00fcckenhafte Momentaufnahmen der beiden Wohnungen. Sobald der Betrachter die Form eines M\u00f6belst\u00fcckes und seine r\u00e4umliche Ausdehnung erfassen kann, geraten Teile davon auch schon wieder aus dem Blickfeld. Das in den Wohnungen stattfindende Privatleben ist offensichtlich au\u00dferhalb des Bildausschnittes oder des gezeigten Augenblickes angesiedelt. Aus Filmen kennen wir diese Art der Blickf\u00fchrung, die suchend durch einen menschenleeren Raum wandert, als ein Mittel zum Spannungsaufbau, kurz bevor die Handlung an Dramatik zunimmt.<br \/>\nHier ist die Untersuchung kollektiver Sehgewohnheiten unter Einbeziehung der Malerei das grundlegende Motiv, das auch in vielen meiner anderen Arbeiten auftaucht. Am Anfang der Bildfindung arbeite ich mit Fotos und Filmen. Es folgt ein zeitaufw\u00e4ndiger kontemplativer Malprozess, der gepr\u00e4gt ist von der wiederholten Besch\u00e4ftigung mit derselben Gegenst\u00e4ndlichkeit, und dazu f\u00fchrt, dass sich die Bilder zunehmend abl\u00f6sen vom urspr\u00fcnglichen motivgebenden Ort oder Objekt.<\/p>\n<p><u>Lines Fiction: Du machst viele Skizzen und montierst deine Gouachen zu umfassenden Bildern. Stellst du sie zusammen mit den Animationen aus?<\/u><\/p>\n<p>Tina Haber: Ja, denn dadurch wird es m\u00f6glich, die Fragen an die Beschaffenheit des Bildraumes noch zu erweitern. In den zusammengesetzten Gouachen deute ich, \u00e4hnlich wie in den Filmen, einen einheitlichen Bildraum an, der aber l\u00fcckenhaft bleibt. Durch Ritzen und Knicke im Bildtr\u00e4ger, sowie durch den w\u00e4ssrigen Farbauftrag mit verlaufenen und fleckigen Stellen, r\u00fccken die Eigenschaften der verwendeten Materialien in den Vordergrund. Der gemalte Bildraum wirkt verformt und instabil, so wie wir es von getr\u00e4umten oder erinnerten R\u00e4umen kennen.<\/p>\n<p><u>Lines Fiction: Traditionell liegen den Zeichentrickfilmen auch Zeichnungen zugrunde. In der Tat besch\u00e4ftigen sich nur wenige Maler_innen mit dem bewegten Bild, vermutlich weil da die Geschwindigkeit der Wahrnehmung zwischen den Medien noch weiter auseinander liegt als bei Zeichnung und Animation. Drum ist die Er\u00f6rterung spannend, wann es doch passt.<\/u><\/p>\n<p><u>In deinen R\u00e4umen sehe ich den Grenzfall, der bei Aquarell und Gouache die Zeichnung mit der Malerei verbindet. Ist f\u00fcr dich das Arbeiten mit Malerei, Farbe und Film wesentlich f\u00fcr deine Kunst?<\/u><\/p>\n<p>Tina Haber: Ja, da ich von der Malerei aus die Wirkungsweisen unterschiedlicher Medien untersuche. Malerei und Zeichnung transformieren die Bildgegenst\u00e4nde auf andere Weise als fotografische oder virtuelle Abbildungsverfahren. Wasserfarbe auf Papier hat eine eigene Dynamik, es entstehen Pf\u00fctzen, Flecken und verlaufene Stellen. Wenn sich die vielen getrockneten, leicht gewellten Papierbilder f\u00fcr die Animationen auf meinem Arbeitstisch stapeln, erinnern sie an welkes Laub. Herunter gesegelte Momente, die zusammen mit dem Papier und mit der Farbe altern. Die Digitalisierung und das Onlinestellen dagegen f\u00fchren zu einer entmaterialisierten Konservierung der Bilder. Durch das Betrachten der Animationen im Internet wird die Gegenwart der gemalten R\u00e4ume und der bemalten Papiere auf merkw\u00fcrdige Weise vervielf\u00e4ltigt.<\/p>\n<p><a href=\"https:\/\/www.tinahaber.de\/\" target=\"_blank\" rel=\"noopener noreferrer\">www.tinahaber.de<\/a><\/p>\n","protected":false},"excerpt":{"rendered":"<p>Lines Fiction: Die Innenr\u00e4ume, die du in deinen beiden Animationen pr\u00e4sentierst sind gleichzeitig unbekannt und vertraut: in Interieur 39\/56 ist es die d\u00e4nische Moderne des Mobiliars, in Interieur 0303 ist es die Mischung aus Wohnen und Arbeiten im Mietshaus, die &hellip;<\/p>\n<p class=\"read-more\"> <a class=\"more-link\" href=\"https:\/\/linesfiction.de\/lfd\/lines-fiction-online\/a-l\/christine-haber\/\"> <span class=\"screen-reader-text\">Tina Haber<\/span> Weiterlesen &raquo;<\/a><\/p>\n","protected":false},"author":9,"featured_media":0,"parent":501,"menu_order":0,"comment_status":"closed","ping_status":"closed","template":"","meta":{"footnotes":""},"class_list":["post-1697","page","type-page","status-publish","hentry"],"yoast_head":"<!-- This site is optimized with the Yoast SEO plugin v27.3 - https:\/\/yoast.com\/product\/yoast-seo-wordpress\/ -->\n<title>Tina Haber - Lines Fiction \u2605 Zeichnung &amp; Animation \u2605<\/title>\n<meta name=\"robots\" content=\"index, follow, max-snippet:-1, max-image-preview:large, max-video-preview:-1\" \/>\n<link rel=\"canonical\" href=\"https:\/\/linesfiction.de\/lfd\/lines-fiction-online\/a-l\/christine-haber\/\" \/>\n<meta property=\"og:locale\" content=\"de_DE\" \/>\n<meta property=\"og:type\" content=\"article\" \/>\n<meta property=\"og:title\" content=\"Tina Haber - Lines Fiction \u2605 Zeichnung &amp; Animation \u2605\" \/>\n<meta property=\"og:description\" content=\"Lines Fiction: Die Innenr\u00e4ume, die du in deinen beiden Animationen pr\u00e4sentierst sind gleichzeitig unbekannt und vertraut: in Interieur 39\/56 ist es die d\u00e4nische Moderne des Mobiliars, in Interieur 0303 ist es die Mischung aus Wohnen und Arbeiten im Mietshaus, die &hellip; Tina Haber Weiterlesen &raquo;\" \/>\n<meta property=\"og:url\" content=\"https:\/\/linesfiction.de\/lfd\/lines-fiction-online\/a-l\/christine-haber\/\" \/>\n<meta property=\"og:site_name\" content=\"Lines Fiction \u2605 Zeichnung &amp; Animation \u2605\" \/>\n<meta property=\"article:publisher\" content=\"https:\/\/www.facebook.com\/linesfiction\/\" \/>\n<meta property=\"article:modified_time\" content=\"2025-05-07T11:12:19+00:00\" \/>\n<meta name=\"twitter:card\" content=\"summary_large_image\" \/>\n<meta name=\"twitter:site\" content=\"@linesfiction\" \/>\n<meta name=\"twitter:label1\" content=\"Gesch\u00e4tzte Lesezeit\" \/>\n\t<meta name=\"twitter:data1\" content=\"5\u00a0Minuten\" \/>\n<script type=\"application\/ld+json\" class=\"yoast-schema-graph\">{\"@context\":\"https:\\\/\\\/schema.org\",\"@graph\":[{\"@type\":\"WebPage\",\"@id\":\"https:\\\/\\\/linesfiction.de\\\/lfd\\\/lines-fiction-online\\\/a-l\\\/christine-haber\\\/\",\"url\":\"https:\\\/\\\/linesfiction.de\\\/lfd\\\/lines-fiction-online\\\/a-l\\\/christine-haber\\\/\",\"name\":\"Tina Haber - Lines Fiction \u2605 Zeichnung &amp; Animation \u2605\",\"isPartOf\":{\"@id\":\"https:\\\/\\\/linesfiction.de\\\/lfd\\\/#website\"},\"datePublished\":\"2018-01-26T12:08:42+00:00\",\"dateModified\":\"2025-05-07T11:12:19+00:00\",\"breadcrumb\":{\"@id\":\"https:\\\/\\\/linesfiction.de\\\/lfd\\\/lines-fiction-online\\\/a-l\\\/christine-haber\\\/#breadcrumb\"},\"inLanguage\":\"de\",\"potentialAction\":[{\"@type\":\"ReadAction\",\"target\":[\"https:\\\/\\\/linesfiction.de\\\/lfd\\\/lines-fiction-online\\\/a-l\\\/christine-haber\\\/\"]}]},{\"@type\":\"BreadcrumbList\",\"@id\":\"https:\\\/\\\/linesfiction.de\\\/lfd\\\/lines-fiction-online\\\/a-l\\\/christine-haber\\\/#breadcrumb\",\"itemListElement\":[{\"@type\":\"ListItem\",\"position\":1,\"name\":\"Startseite\",\"item\":\"https:\\\/\\\/linesfiction.de\\\/lfd\\\/\"},{\"@type\":\"ListItem\",\"position\":2,\"name\":\"Lines Fiction online\",\"item\":\"https:\\\/\\\/linesfiction.de\\\/lfd\\\/lines-fiction-online\\\/\"},{\"@type\":\"ListItem\",\"position\":3,\"name\":\"A &#8211; L\",\"item\":\"https:\\\/\\\/linesfiction.de\\\/lfd\\\/lines-fiction-online\\\/a-l\\\/\"},{\"@type\":\"ListItem\",\"position\":4,\"name\":\"Tina Haber\"}]},{\"@type\":\"WebSite\",\"@id\":\"https:\\\/\\\/linesfiction.de\\\/lfd\\\/#website\",\"url\":\"https:\\\/\\\/linesfiction.de\\\/lfd\\\/\",\"name\":\"Lines Fiction - Zeichnung & Animation - Drawing & Animation\",\"description\":\"\",\"publisher\":{\"@id\":\"https:\\\/\\\/linesfiction.de\\\/lfd\\\/#organization\"},\"potentialAction\":[{\"@type\":\"SearchAction\",\"target\":{\"@type\":\"EntryPoint\",\"urlTemplate\":\"https:\\\/\\\/linesfiction.de\\\/lfd\\\/?s={search_term_string}\"},\"query-input\":{\"@type\":\"PropertyValueSpecification\",\"valueRequired\":true,\"valueName\":\"search_term_string\"}}],\"inLanguage\":\"de\"},{\"@type\":\"Organization\",\"@id\":\"https:\\\/\\\/linesfiction.de\\\/lfd\\\/#organization\",\"name\":\"Lines Fiction\",\"url\":\"https:\\\/\\\/linesfiction.de\\\/lfd\\\/\",\"logo\":{\"@type\":\"ImageObject\",\"inLanguage\":\"de\",\"@id\":\"https:\\\/\\\/linesfiction.de\\\/lfd\\\/#\\\/schema\\\/logo\\\/image\\\/\",\"url\":\"https:\\\/\\\/linesfiction.de\\\/lfd\\\/wp-content\\\/uploads\\\/2022\\\/12\\\/linesfiction_logo_instagram.jpg\",\"contentUrl\":\"https:\\\/\\\/linesfiction.de\\\/lfd\\\/wp-content\\\/uploads\\\/2022\\\/12\\\/linesfiction_logo_instagram.jpg\",\"width\":1080,\"height\":1077,\"caption\":\"Lines Fiction\"},\"image\":{\"@id\":\"https:\\\/\\\/linesfiction.de\\\/lfd\\\/#\\\/schema\\\/logo\\\/image\\\/\"},\"sameAs\":[\"https:\\\/\\\/www.facebook.com\\\/linesfiction\\\/\",\"https:\\\/\\\/x.com\\\/linesfiction\",\"https:\\\/\\\/www.instagram.com\\\/linesfiction\\\/\"]}]}<\/script>\n<!-- \/ Yoast SEO plugin. -->","yoast_head_json":{"title":"Tina Haber - Lines Fiction \u2605 Zeichnung &amp; Animation \u2605","robots":{"index":"index","follow":"follow","max-snippet":"max-snippet:-1","max-image-preview":"max-image-preview:large","max-video-preview":"max-video-preview:-1"},"canonical":"https:\/\/linesfiction.de\/lfd\/lines-fiction-online\/a-l\/christine-haber\/","og_locale":"de_DE","og_type":"article","og_title":"Tina Haber - Lines Fiction \u2605 Zeichnung &amp; Animation \u2605","og_description":"Lines Fiction: Die Innenr\u00e4ume, die du in deinen beiden Animationen pr\u00e4sentierst sind gleichzeitig unbekannt und vertraut: in Interieur 39\/56 ist es die d\u00e4nische Moderne des Mobiliars, in Interieur 0303 ist es die Mischung aus Wohnen und Arbeiten im Mietshaus, die &hellip; Tina Haber Weiterlesen &raquo;","og_url":"https:\/\/linesfiction.de\/lfd\/lines-fiction-online\/a-l\/christine-haber\/","og_site_name":"Lines Fiction \u2605 Zeichnung &amp; Animation \u2605","article_publisher":"https:\/\/www.facebook.com\/linesfiction\/","article_modified_time":"2025-05-07T11:12:19+00:00","twitter_card":"summary_large_image","twitter_site":"@linesfiction","twitter_misc":{"Gesch\u00e4tzte Lesezeit":"5\u00a0Minuten"},"schema":{"@context":"https:\/\/schema.org","@graph":[{"@type":"WebPage","@id":"https:\/\/linesfiction.de\/lfd\/lines-fiction-online\/a-l\/christine-haber\/","url":"https:\/\/linesfiction.de\/lfd\/lines-fiction-online\/a-l\/christine-haber\/","name":"Tina Haber - Lines Fiction \u2605 Zeichnung &amp; Animation \u2605","isPartOf":{"@id":"https:\/\/linesfiction.de\/lfd\/#website"},"datePublished":"2018-01-26T12:08:42+00:00","dateModified":"2025-05-07T11:12:19+00:00","breadcrumb":{"@id":"https:\/\/linesfiction.de\/lfd\/lines-fiction-online\/a-l\/christine-haber\/#breadcrumb"},"inLanguage":"de","potentialAction":[{"@type":"ReadAction","target":["https:\/\/linesfiction.de\/lfd\/lines-fiction-online\/a-l\/christine-haber\/"]}]},{"@type":"BreadcrumbList","@id":"https:\/\/linesfiction.de\/lfd\/lines-fiction-online\/a-l\/christine-haber\/#breadcrumb","itemListElement":[{"@type":"ListItem","position":1,"name":"Startseite","item":"https:\/\/linesfiction.de\/lfd\/"},{"@type":"ListItem","position":2,"name":"Lines Fiction online","item":"https:\/\/linesfiction.de\/lfd\/lines-fiction-online\/"},{"@type":"ListItem","position":3,"name":"A &#8211; L","item":"https:\/\/linesfiction.de\/lfd\/lines-fiction-online\/a-l\/"},{"@type":"ListItem","position":4,"name":"Tina Haber"}]},{"@type":"WebSite","@id":"https:\/\/linesfiction.de\/lfd\/#website","url":"https:\/\/linesfiction.de\/lfd\/","name":"Lines Fiction - Zeichnung & Animation - Drawing & Animation","description":"","publisher":{"@id":"https:\/\/linesfiction.de\/lfd\/#organization"},"potentialAction":[{"@type":"SearchAction","target":{"@type":"EntryPoint","urlTemplate":"https:\/\/linesfiction.de\/lfd\/?s={search_term_string}"},"query-input":{"@type":"PropertyValueSpecification","valueRequired":true,"valueName":"search_term_string"}}],"inLanguage":"de"},{"@type":"Organization","@id":"https:\/\/linesfiction.de\/lfd\/#organization","name":"Lines Fiction","url":"https:\/\/linesfiction.de\/lfd\/","logo":{"@type":"ImageObject","inLanguage":"de","@id":"https:\/\/linesfiction.de\/lfd\/#\/schema\/logo\/image\/","url":"https:\/\/linesfiction.de\/lfd\/wp-content\/uploads\/2022\/12\/linesfiction_logo_instagram.jpg","contentUrl":"https:\/\/linesfiction.de\/lfd\/wp-content\/uploads\/2022\/12\/linesfiction_logo_instagram.jpg","width":1080,"height":1077,"caption":"Lines Fiction"},"image":{"@id":"https:\/\/linesfiction.de\/lfd\/#\/schema\/logo\/image\/"},"sameAs":["https:\/\/www.facebook.com\/linesfiction\/","https:\/\/x.com\/linesfiction","https:\/\/www.instagram.com\/linesfiction\/"]}]}},"_links":{"self":[{"href":"https:\/\/linesfiction.de\/lfd\/wp-json\/wp\/v2\/pages\/1697","targetHints":{"allow":["GET"]}}],"collection":[{"href":"https:\/\/linesfiction.de\/lfd\/wp-json\/wp\/v2\/pages"}],"about":[{"href":"https:\/\/linesfiction.de\/lfd\/wp-json\/wp\/v2\/types\/page"}],"author":[{"embeddable":true,"href":"https:\/\/linesfiction.de\/lfd\/wp-json\/wp\/v2\/users\/9"}],"replies":[{"embeddable":true,"href":"https:\/\/linesfiction.de\/lfd\/wp-json\/wp\/v2\/comments?post=1697"}],"version-history":[{"count":21,"href":"https:\/\/linesfiction.de\/lfd\/wp-json\/wp\/v2\/pages\/1697\/revisions"}],"predecessor-version":[{"id":2881,"href":"https:\/\/linesfiction.de\/lfd\/wp-json\/wp\/v2\/pages\/1697\/revisions\/2881"}],"up":[{"embeddable":true,"href":"https:\/\/linesfiction.de\/lfd\/wp-json\/wp\/v2\/pages\/501"}],"wp:attachment":[{"href":"https:\/\/linesfiction.de\/lfd\/wp-json\/wp\/v2\/media?parent=1697"}],"curies":[{"name":"wp","href":"https:\/\/api.w.org\/{rel}","templated":true}]}}