{"id":21,"date":"2012-01-02T18:28:24","date_gmt":"2012-01-02T17:28:24","guid":{"rendered":"http:\/\/linesfiction.de\/lf_d\/?page_id=21"},"modified":"2022-12-21T14:40:10","modified_gmt":"2022-12-21T13:40:10","slug":"karen-yasinsky","status":"publish","type":"page","link":"https:\/\/linesfiction.de\/lfd\/lines-fiction-online\/m-z\/karen-yasinsky\/","title":{"rendered":"Karen Yasinsky"},"content":{"rendered":"<p><u>Lines Fiction: Deine Animation <strong>Marie<\/strong> basiert auf einem Filmklassiker?<\/u><\/p>\n<p>Karen Yasinsky: <strong>Marie<\/strong> ist nachgezeichnet und Bild f\u00fcr Bild animiert nach einer Szene aus Robert Bessons <strong>Zum Beispiel Balthasar<\/strong> von 1966. Ich habe die Szene f\u00fcr das Melodram in der Stimmung und die Unbeweglichkeit von Maries erstarrem Gesicht ausgew\u00e4hlt. Sie ist ein &#8220; Talking Head &#8220; im Profil mit einem unver\u00e4nderlichen Ausdruck. Ich deute diesen Ausdruck als leer oder traurig. Der Dialog, der nicht recht zum Ausdruck passte ist verschwunden, stattdessen gibt es Brahms.<\/p>\n<p><u>Lines Fiction: Wie passt die Musik zum Bild?<\/u><\/p>\n<p>Karen Yasinsky: Alles was wir sehen ist der sprechende Kopf. Die Musik von Brahms bietet die Emotion.<\/p>\n<p>Marie aus Zum Beispiel Balthasar f\u00e4llt Entscheidungen, die sie von allem was sie liebt entfernt, und sie schlie\u00dflich ums Leben bringt. Sie hat alles Vertrauen verloren.Zu Beginn wollte ich diesem Zustand durch die Figur des Domenico mit seiner Selbstaufopferung aufzeigen. Aber dann m\u00f6chte ich doch vom Individuum wegf\u00fchren und eine Vernetzung von allem durch st\u00e4ndige Ver\u00e4nderung und Bewegung der Bilder erzeugen. Durch Annahme des st\u00e4ndigen Wandels entsteht Vertrauen.<\/p>\n<p><u>Lines Fiction: Dein Zeichenprozess in der Animation erz\u00e4hlt nicht nur eine Geschichte, es werden auch technische Details aus Film- und Videovorf\u00fchrung nachgeahmt: Bildlaufzeilen auf alten R\u00f6hrenbildschirmen, atmosph\u00e4rische St\u00f6rungen, Bildschnee. Am Ende geht die Zeichnung in flackernde Passagen aus einem Stummfilm \u00fcber. Wie ist es zu diesem speziellen Verh\u00e4ltnis von Film und Zeichnung in deiner Arbeit gekommen?<\/u><\/p>\n<p>Karen Yasinsky:ich habe ein ganz einfaches Verfahren, ich zeichne Bild f\u00fcr Bild \u00fcber einem Leuchtkasten. Auch wenn das Bild sich nicht \u00e4ndert zeichne ich es nochmal. Mir gefiel, dass sich wenig ver\u00e4ndert au\u00dfer manchmal die Mundbewegung. Aber die gezeichneten Linien sind nie am gleichen Platz, Zeichnen ist eine wenig exakte Form des Kopierens. Das ergibt eine formale Spannung in diesen schwankenden Bildern.<\/p>\n<p>Ich habe versucht, durch Unterbrechungen eine Vorstellung von Gewalt in die Animation zu bringen, und diese St\u00f6rungen als Zeichnung deutlich zu machen. Das l\u00e4uft durchs Bild, pixelt und rotiert. Stroboskopeffekte pulsieren durchs Bild, die Figur Marie wird zur Grafik. Das St\u00fcck von Brahms ist ebenso manipuliert, unterbricht seine Sch\u00f6nheit und antwortet auf die springenden Linien und Bilder. Das ist bisweilen harsch und aggressiv und wird manchmal zur Pr\u00fcfung f\u00fcr die Nerven.<\/p>\n<p>Am Ende wollte ich einen Wechsel in den formalen Manipulationen, die der Betrachter in Emotionen umsetzen soll. Ich wollte eine unmittelbar gewaltt\u00e4tige Szene, ohne Bezug zu irgendeiner vorherigen Erz\u00e4hlung und einen abrupten Bruch zu den bisherigen Wiederholungen von Maries Kopf. Die Animation Marie endet in einer dramatischen Passage aus dem Stummfilm <strong>G\u00f6sta Berlings Saga<\/strong> von <strong>Mauritz Stiller<\/strong>. Die formale Agression wird real in einer Szene mit W\u00f6lfen, die einen der ihren zerreissen. Dieser Code im Verh\u00e4ltnis zur gezeichneten sprechenden Marie bezieht sich nicht nur auf eine formal durch den Betrachter zu sp\u00fcrende Gewalt sondern steht auch f\u00fcr die Akzeptanz der Gewalt in der Natur, einschlie\u00dflich der menschlichen Natur.<br \/>\nUnd die Sch\u00f6nheit der W\u00f6lfe auf dem Eis, der Sanftmut der Pose von Marie und der elegische Klang von Brahms Komposition f\u00fchrt zur M\u00f6glichkeit von Erl\u00f6sung in unserem Verh\u00e4ltnis zur Sch\u00f6nheit. Sch\u00f6nheit als eine Wahrheit.<\/p>\n<p>Diese Gedanken zu meinem Vorgehen in der Animation beruhen zum Gro\u00dfteil auf meine Faszination mit den Filmen Robert Bressons. F\u00fcr mich geht es in Marie um die Figur in seinem Film, aber auch um Bressons F\u00e4higkeit Lebensfreude zu vermitteln oder auf etwas zu verweisen, das au\u00dferhalb von uns existiert. Dabei entspringt dies alles Filmen, die zutiefst pessimistisch sind und sich keine Illusionen \u00fcber den menschlichen Charakter machen.<\/p>\n<p><a href=\"http:\/\/www.karenyasinsky.com\"><br \/>\nwww.karenyasinsky.com<\/a><\/p>\n","protected":false},"excerpt":{"rendered":"<p>Lines Fiction: Deine Animation Marie basiert auf einem Filmklassiker? Karen Yasinsky: Marie ist nachgezeichnet und Bild f\u00fcr Bild animiert nach einer Szene aus Robert Bessons Zum Beispiel Balthasar von 1966. Ich habe die Szene f\u00fcr das Melodram in der Stimmung &hellip;<\/p>\n<p class=\"read-more\"> <a class=\"more-link\" href=\"https:\/\/linesfiction.de\/lfd\/lines-fiction-online\/m-z\/karen-yasinsky\/\"> <span class=\"screen-reader-text\">Karen Yasinsky<\/span> Weiterlesen &raquo;<\/a><\/p>\n","protected":false},"author":7,"featured_media":0,"parent":503,"menu_order":0,"comment_status":"closed","ping_status":"closed","template":"bg\/content-sidebar-page.php","meta":{"footnotes":""},"class_list":["post-21","page","type-page","status-publish","hentry"],"yoast_head":"<!-- This site is optimized with the Yoast SEO plugin v27.3 - https:\/\/yoast.com\/product\/yoast-seo-wordpress\/ -->\n<title>Karen Yasinsky - Lines Fiction \u2605 Zeichnung &amp; Animation \u2605<\/title>\n<meta name=\"robots\" content=\"index, follow, max-snippet:-1, max-image-preview:large, max-video-preview:-1\" \/>\n<link rel=\"canonical\" href=\"https:\/\/linesfiction.de\/lfd\/lines-fiction-online\/m-z\/karen-yasinsky\/\" \/>\n<meta property=\"og:locale\" content=\"de_DE\" \/>\n<meta property=\"og:type\" content=\"article\" \/>\n<meta property=\"og:title\" content=\"Karen Yasinsky - Lines Fiction \u2605 Zeichnung &amp; Animation \u2605\" \/>\n<meta property=\"og:description\" content=\"Lines Fiction: Deine Animation Marie basiert auf einem Filmklassiker? Karen Yasinsky: Marie ist nachgezeichnet und Bild f\u00fcr Bild animiert nach einer Szene aus Robert Bessons Zum Beispiel Balthasar von 1966. Ich habe die Szene f\u00fcr das Melodram in der Stimmung &hellip; Karen Yasinsky Weiterlesen &raquo;\" \/>\n<meta property=\"og:url\" content=\"https:\/\/linesfiction.de\/lfd\/lines-fiction-online\/m-z\/karen-yasinsky\/\" \/>\n<meta property=\"og:site_name\" content=\"Lines Fiction \u2605 Zeichnung &amp; Animation \u2605\" \/>\n<meta property=\"article:publisher\" content=\"https:\/\/www.facebook.com\/linesfiction\/\" \/>\n<meta property=\"article:modified_time\" content=\"2022-12-21T13:40:10+00:00\" \/>\n<meta name=\"twitter:card\" content=\"summary_large_image\" \/>\n<meta name=\"twitter:site\" content=\"@linesfiction\" \/>\n<meta name=\"twitter:label1\" content=\"Gesch\u00e4tzte Lesezeit\" \/>\n\t<meta name=\"twitter:data1\" content=\"3\u00a0Minuten\" \/>\n<script type=\"application\/ld+json\" class=\"yoast-schema-graph\">{\"@context\":\"https:\\\/\\\/schema.org\",\"@graph\":[{\"@type\":\"WebPage\",\"@id\":\"https:\\\/\\\/linesfiction.de\\\/lfd\\\/lines-fiction-online\\\/m-z\\\/karen-yasinsky\\\/\",\"url\":\"https:\\\/\\\/linesfiction.de\\\/lfd\\\/lines-fiction-online\\\/m-z\\\/karen-yasinsky\\\/\",\"name\":\"Karen Yasinsky - Lines Fiction \u2605 Zeichnung &amp; Animation \u2605\",\"isPartOf\":{\"@id\":\"https:\\\/\\\/linesfiction.de\\\/lfd\\\/#website\"},\"datePublished\":\"2012-01-02T17:28:24+00:00\",\"dateModified\":\"2022-12-21T13:40:10+00:00\",\"breadcrumb\":{\"@id\":\"https:\\\/\\\/linesfiction.de\\\/lfd\\\/lines-fiction-online\\\/m-z\\\/karen-yasinsky\\\/#breadcrumb\"},\"inLanguage\":\"de\",\"potentialAction\":[{\"@type\":\"ReadAction\",\"target\":[\"https:\\\/\\\/linesfiction.de\\\/lfd\\\/lines-fiction-online\\\/m-z\\\/karen-yasinsky\\\/\"]}]},{\"@type\":\"BreadcrumbList\",\"@id\":\"https:\\\/\\\/linesfiction.de\\\/lfd\\\/lines-fiction-online\\\/m-z\\\/karen-yasinsky\\\/#breadcrumb\",\"itemListElement\":[{\"@type\":\"ListItem\",\"position\":1,\"name\":\"Startseite\",\"item\":\"https:\\\/\\\/linesfiction.de\\\/lfd\\\/\"},{\"@type\":\"ListItem\",\"position\":2,\"name\":\"Lines Fiction online\",\"item\":\"https:\\\/\\\/linesfiction.de\\\/lfd\\\/lines-fiction-online\\\/\"},{\"@type\":\"ListItem\",\"position\":3,\"name\":\"M &#8211; Z\",\"item\":\"https:\\\/\\\/linesfiction.de\\\/lfd\\\/lines-fiction-online\\\/m-z\\\/\"},{\"@type\":\"ListItem\",\"position\":4,\"name\":\"Karen Yasinsky\"}]},{\"@type\":\"WebSite\",\"@id\":\"https:\\\/\\\/linesfiction.de\\\/lfd\\\/#website\",\"url\":\"https:\\\/\\\/linesfiction.de\\\/lfd\\\/\",\"name\":\"Lines Fiction - Zeichnung & Animation - Drawing & Animation\",\"description\":\"\",\"publisher\":{\"@id\":\"https:\\\/\\\/linesfiction.de\\\/lfd\\\/#organization\"},\"potentialAction\":[{\"@type\":\"SearchAction\",\"target\":{\"@type\":\"EntryPoint\",\"urlTemplate\":\"https:\\\/\\\/linesfiction.de\\\/lfd\\\/?s={search_term_string}\"},\"query-input\":{\"@type\":\"PropertyValueSpecification\",\"valueRequired\":true,\"valueName\":\"search_term_string\"}}],\"inLanguage\":\"de\"},{\"@type\":\"Organization\",\"@id\":\"https:\\\/\\\/linesfiction.de\\\/lfd\\\/#organization\",\"name\":\"Lines Fiction\",\"url\":\"https:\\\/\\\/linesfiction.de\\\/lfd\\\/\",\"logo\":{\"@type\":\"ImageObject\",\"inLanguage\":\"de\",\"@id\":\"https:\\\/\\\/linesfiction.de\\\/lfd\\\/#\\\/schema\\\/logo\\\/image\\\/\",\"url\":\"https:\\\/\\\/linesfiction.de\\\/lfd\\\/wp-content\\\/uploads\\\/2022\\\/12\\\/linesfiction_logo_instagram.jpg\",\"contentUrl\":\"https:\\\/\\\/linesfiction.de\\\/lfd\\\/wp-content\\\/uploads\\\/2022\\\/12\\\/linesfiction_logo_instagram.jpg\",\"width\":1080,\"height\":1077,\"caption\":\"Lines Fiction\"},\"image\":{\"@id\":\"https:\\\/\\\/linesfiction.de\\\/lfd\\\/#\\\/schema\\\/logo\\\/image\\\/\"},\"sameAs\":[\"https:\\\/\\\/www.facebook.com\\\/linesfiction\\\/\",\"https:\\\/\\\/x.com\\\/linesfiction\",\"https:\\\/\\\/www.instagram.com\\\/linesfiction\\\/\"]}]}<\/script>\n<!-- \/ Yoast SEO plugin. -->","yoast_head_json":{"title":"Karen Yasinsky - Lines Fiction \u2605 Zeichnung &amp; Animation \u2605","robots":{"index":"index","follow":"follow","max-snippet":"max-snippet:-1","max-image-preview":"max-image-preview:large","max-video-preview":"max-video-preview:-1"},"canonical":"https:\/\/linesfiction.de\/lfd\/lines-fiction-online\/m-z\/karen-yasinsky\/","og_locale":"de_DE","og_type":"article","og_title":"Karen Yasinsky - Lines Fiction \u2605 Zeichnung &amp; Animation \u2605","og_description":"Lines Fiction: Deine Animation Marie basiert auf einem Filmklassiker? Karen Yasinsky: Marie ist nachgezeichnet und Bild f\u00fcr Bild animiert nach einer Szene aus Robert Bessons Zum Beispiel Balthasar von 1966. Ich habe die Szene f\u00fcr das Melodram in der Stimmung &hellip; Karen Yasinsky Weiterlesen &raquo;","og_url":"https:\/\/linesfiction.de\/lfd\/lines-fiction-online\/m-z\/karen-yasinsky\/","og_site_name":"Lines Fiction \u2605 Zeichnung &amp; Animation \u2605","article_publisher":"https:\/\/www.facebook.com\/linesfiction\/","article_modified_time":"2022-12-21T13:40:10+00:00","twitter_card":"summary_large_image","twitter_site":"@linesfiction","twitter_misc":{"Gesch\u00e4tzte Lesezeit":"3\u00a0Minuten"},"schema":{"@context":"https:\/\/schema.org","@graph":[{"@type":"WebPage","@id":"https:\/\/linesfiction.de\/lfd\/lines-fiction-online\/m-z\/karen-yasinsky\/","url":"https:\/\/linesfiction.de\/lfd\/lines-fiction-online\/m-z\/karen-yasinsky\/","name":"Karen Yasinsky - Lines Fiction \u2605 Zeichnung &amp; Animation \u2605","isPartOf":{"@id":"https:\/\/linesfiction.de\/lfd\/#website"},"datePublished":"2012-01-02T17:28:24+00:00","dateModified":"2022-12-21T13:40:10+00:00","breadcrumb":{"@id":"https:\/\/linesfiction.de\/lfd\/lines-fiction-online\/m-z\/karen-yasinsky\/#breadcrumb"},"inLanguage":"de","potentialAction":[{"@type":"ReadAction","target":["https:\/\/linesfiction.de\/lfd\/lines-fiction-online\/m-z\/karen-yasinsky\/"]}]},{"@type":"BreadcrumbList","@id":"https:\/\/linesfiction.de\/lfd\/lines-fiction-online\/m-z\/karen-yasinsky\/#breadcrumb","itemListElement":[{"@type":"ListItem","position":1,"name":"Startseite","item":"https:\/\/linesfiction.de\/lfd\/"},{"@type":"ListItem","position":2,"name":"Lines Fiction online","item":"https:\/\/linesfiction.de\/lfd\/lines-fiction-online\/"},{"@type":"ListItem","position":3,"name":"M &#8211; Z","item":"https:\/\/linesfiction.de\/lfd\/lines-fiction-online\/m-z\/"},{"@type":"ListItem","position":4,"name":"Karen Yasinsky"}]},{"@type":"WebSite","@id":"https:\/\/linesfiction.de\/lfd\/#website","url":"https:\/\/linesfiction.de\/lfd\/","name":"Lines Fiction - Zeichnung & Animation - Drawing & Animation","description":"","publisher":{"@id":"https:\/\/linesfiction.de\/lfd\/#organization"},"potentialAction":[{"@type":"SearchAction","target":{"@type":"EntryPoint","urlTemplate":"https:\/\/linesfiction.de\/lfd\/?s={search_term_string}"},"query-input":{"@type":"PropertyValueSpecification","valueRequired":true,"valueName":"search_term_string"}}],"inLanguage":"de"},{"@type":"Organization","@id":"https:\/\/linesfiction.de\/lfd\/#organization","name":"Lines Fiction","url":"https:\/\/linesfiction.de\/lfd\/","logo":{"@type":"ImageObject","inLanguage":"de","@id":"https:\/\/linesfiction.de\/lfd\/#\/schema\/logo\/image\/","url":"https:\/\/linesfiction.de\/lfd\/wp-content\/uploads\/2022\/12\/linesfiction_logo_instagram.jpg","contentUrl":"https:\/\/linesfiction.de\/lfd\/wp-content\/uploads\/2022\/12\/linesfiction_logo_instagram.jpg","width":1080,"height":1077,"caption":"Lines Fiction"},"image":{"@id":"https:\/\/linesfiction.de\/lfd\/#\/schema\/logo\/image\/"},"sameAs":["https:\/\/www.facebook.com\/linesfiction\/","https:\/\/x.com\/linesfiction","https:\/\/www.instagram.com\/linesfiction\/"]}]}},"_links":{"self":[{"href":"https:\/\/linesfiction.de\/lfd\/wp-json\/wp\/v2\/pages\/21","targetHints":{"allow":["GET"]}}],"collection":[{"href":"https:\/\/linesfiction.de\/lfd\/wp-json\/wp\/v2\/pages"}],"about":[{"href":"https:\/\/linesfiction.de\/lfd\/wp-json\/wp\/v2\/types\/page"}],"author":[{"embeddable":true,"href":"https:\/\/linesfiction.de\/lfd\/wp-json\/wp\/v2\/users\/7"}],"replies":[{"embeddable":true,"href":"https:\/\/linesfiction.de\/lfd\/wp-json\/wp\/v2\/comments?post=21"}],"version-history":[{"count":24,"href":"https:\/\/linesfiction.de\/lfd\/wp-json\/wp\/v2\/pages\/21\/revisions"}],"predecessor-version":[{"id":3165,"href":"https:\/\/linesfiction.de\/lfd\/wp-json\/wp\/v2\/pages\/21\/revisions\/3165"}],"up":[{"embeddable":true,"href":"https:\/\/linesfiction.de\/lfd\/wp-json\/wp\/v2\/pages\/503"}],"wp:attachment":[{"href":"https:\/\/linesfiction.de\/lfd\/wp-json\/wp\/v2\/media?parent=21"}],"curies":[{"name":"wp","href":"https:\/\/api.w.org\/{rel}","templated":true}]}}