{"id":2823,"date":"2020-01-11T16:19:57","date_gmt":"2020-01-11T15:19:57","guid":{"rendered":"http:\/\/linesfiction.de\/lfd\/?page_id=2823"},"modified":"2024-08-14T11:00:35","modified_gmt":"2024-08-14T10:00:35","slug":"roots-networks","status":"publish","type":"page","link":"https:\/\/linesfiction.de\/lfd\/roots-networks\/","title":{"rendered":"Roots &#038; Networks"},"content":{"rendered":"\n<h2 class=\"wp-block-heading\">Networks :: Performance &amp; Zeichnung<\/h2>\n\n\n\n<figure class=\"wp-block-image alignright size-full is-resized\"><img loading=\"lazy\" decoding=\"async\" width=\"560\" height=\"640\" src=\"https:\/\/linesfiction.de\/lfd\/wp-content\/uploads\/2023\/10\/performance_einleitung_.jpg\" alt=\"Performance Ausschnitte Nicole Wendel, Katja Pudor, Stella Geppert\" class=\"wp-image-3610\" style=\"width:557px;height:643px\" srcset=\"https:\/\/linesfiction.de\/lfd\/wp-content\/uploads\/2023\/10\/performance_einleitung_.jpg 560w, https:\/\/linesfiction.de\/lfd\/wp-content\/uploads\/2023\/10\/performance_einleitung_-263x300.jpg 263w, https:\/\/linesfiction.de\/lfd\/wp-content\/uploads\/2023\/10\/performance_einleitung_-100x114.jpg 100w, https:\/\/linesfiction.de\/lfd\/wp-content\/uploads\/2023\/10\/performance_einleitung_-150x171.jpg 150w, https:\/\/linesfiction.de\/lfd\/wp-content\/uploads\/2023\/10\/performance_einleitung_-200x229.jpg 200w, https:\/\/linesfiction.de\/lfd\/wp-content\/uploads\/2023\/10\/performance_einleitung_-300x343.jpg 300w, https:\/\/linesfiction.de\/lfd\/wp-content\/uploads\/2023\/10\/performance_einleitung_-450x514.jpg 450w\" sizes=\"auto, (max-width: 560px) 100vw, 560px\" \/><\/figure>\n\n\n\n<p>Mit <strong>Stella Geppert<\/strong>, <strong>Katja Pudor<\/strong> und <strong>Nicole Wendel<\/strong> f\u00fchrte Lines Fiction ein Interview <a href=\"https:\/\/linesfiction.de\/lfd\/index.php\/roots-networks\/zeichnung-performance\" target=\"_blank\" rel=\"noreferrer noopener\">\u00fcber Performance &amp; Zeichnung<\/a><\/p>\n\n\n\n<p>&#8212;- \/\/ &#8212;-<\/p>\n\n\n\n<p class=\"has-text-align-left\">Was hat Zeichnung &amp; Animation mit Performance &amp; Zeichnung zu tun? <br>Ganz naheliegend ist es das bewegte Bild, das den Zeichnungsprozess erweitert oder erg\u00e4nzt. Es ist wom\u00f6glich die k\u00fcnstlerische Haltung, die beides verbindet, wenn eine Zeichnung auf Papier durch ein anderes Medium oder Verfahren in einen prozessualen Zustand versetzt wird.<\/p>\n\n\n\n<p>Allerdings unterscheiden sich Performance und Film fundamental.<\/p>\n\n\n\n<p>Als Albert Einstein 1930 die 7. Deutschen Funkausstellung auf dem Berliner Messegel\u00e4nde er\u00f6ffnete, trat er vor Publikum ans Mikrophon und begann mit den Worten:<\/p>\n\n\n\n<p>&#8222;Verehrte An- und Abwesende.&#8220;<\/p>\n\n\n\n<p>Womit er sehr feinsinnig den wesentlichen Unterschied ausmachte, der auch eine Performance von einer filmischen Aufzeichnung unterscheidet. Die Menschen, mit denen man einen \u00fcberschaubaren Raum teilt, bekommen zwar im Wesentlichen die gleiche Information mitgeteilt, wie diejenigen, die eine Aufzeichnung der Information \u00fcbertragen bekommen \u2013 den Anwesenden 1930 wehte aber der gleiche b\u00f6ige Wind um die Nase wie dem Sprecher, die Abwesenden vor den Radioger\u00e4ten sa\u00dfen vermutlich in warmen Stuben. Und wei\u00df man denn immer, ob sich die Abwesenden wirklich im selben Orbit bewegen, wie man selbst? Oder sprach Einstein auch diejenigen an, die seine aufgezeichnete Rede in Zukunft auf der Erde und einst als Radiowellen im fernen Universum h\u00f6ren w\u00fcrden?<\/p>\n\n\n\n<p>&#8212;- \/\/ &#8212;-<\/p>\n\n\n\n<p>Berlin hat eine reiche Zeichner:innen &#8211; Szene, darunter auch drei K\u00fcnstlerinnen, die ihre Zeichnung mit Performance verbinden. <br>im Interview mit <strong>Stella Geppert<\/strong>, <strong>Katja Pudor<\/strong> und <strong>Nicole Wendel<\/strong> er\u00f6rtern wir die Ph\u00e4nomene der Anwesenheit \u2013 die K\u00f6rperlichkeit in einer Performance, der Reiz des Moments, auch das Unkalkulierbare, und schlie\u00dflich die Frage, wie man dem Verschwinden des Moments durch Aufzeichnung entgehen kann, und was als Ergebnis bleibt.<\/p>\n\n\n\n<p>Im Laufe des Gespr\u00e4chs wurde uns klar, dass sich etwas von dem, was eine Inszenierung so reizvoll und unmittelbar macht, nicht wirklich in Worte fassen l\u00e4sst: die Wirkung auf die Psyche vielleicht, die das Miterleben einer Performance zu etwas Besonderem macht.<\/p>\n\n\n\n<p><a href=\"https:\/\/linesfiction.de\/lfd\/index.php\/roots-networks\/zeichnung-performance\" target=\"_blank\" rel=\"noreferrer noopener\">\u00dcber Performance &amp; Zeichnung<\/a><\/p>\n\n\n\n<div style=\"height:26px\" aria-hidden=\"true\" class=\"wp-block-spacer\"><\/div>\n\n\n\n<a name=\"helmcke\"><\/a>\n\n\n\n<div style=\"height:120px\" aria-hidden=\"true\" class=\"wp-block-spacer\"><\/div>\n\n\n\n<h2 class=\"wp-block-heading\">Networks :: Aline Helmcke \/ motion &#8211; drawing<\/h2>\n\n\n\n<figure class=\"wp-block-image alignright size-full is-resized\"><img loading=\"lazy\" decoding=\"async\" width=\"474\" height=\"547\" src=\"https:\/\/linesfiction.de\/lfd\/wp-content\/uploads\/2023\/03\/th-649572501.jpg\" alt=\"Aline Helmcke\" class=\"wp-image-3257\" style=\"width:557px;height:643px\" srcset=\"https:\/\/linesfiction.de\/lfd\/wp-content\/uploads\/2023\/03\/th-649572501.jpg 474w, https:\/\/linesfiction.de\/lfd\/wp-content\/uploads\/2023\/03\/th-649572501-260x300.jpg 260w, https:\/\/linesfiction.de\/lfd\/wp-content\/uploads\/2023\/03\/th-649572501-100x115.jpg 100w, https:\/\/linesfiction.de\/lfd\/wp-content\/uploads\/2023\/03\/th-649572501-150x173.jpg 150w, https:\/\/linesfiction.de\/lfd\/wp-content\/uploads\/2023\/03\/th-649572501-200x231.jpg 200w, https:\/\/linesfiction.de\/lfd\/wp-content\/uploads\/2023\/03\/th-649572501-300x346.jpg 300w, https:\/\/linesfiction.de\/lfd\/wp-content\/uploads\/2023\/03\/th-649572501-450x519.jpg 450w\" sizes=\"auto, (max-width: 474px) 100vw, 474px\" \/><\/figure>\n\n\n\n<p>Lines Fiction ist nicht das einzige Netzwerk, in dem sich K\u00fcnstlerinnen und K\u00fcnstler zusammentun, um ihre Zeichnungen &amp; Animationen online zu pr\u00e4sentieren, auch Aline Helmcke hat ein vernetztes Projekt ins Leben gerufen, in dem sie anhand ausgew\u00e4hlter Beispiele untersucht, wie Handzeichnungen zu bewegten Bildern werden.<\/p>\n\n\n\n<p>Mit ihren eigenen Animationen ist Aline schon lange Teil von Lines Fiction, jetzt stellt sie an dieser Stelle ihr neues Projekt vor:<br><a href=\"https:\/\/linesfiction.de\/lfd\/index.php\/roots-networks\/aline-helmcke\">motion &#8211; drawing<\/a><\/p>\n\n\n\n<p><\/p>\n\n\n\n<div style=\"height:26px\" aria-hidden=\"true\" class=\"wp-block-spacer\"><\/div>\n\n\n\n<a name=\"nake\"><\/a>\n\n\n\n<div style=\"height:120px\" aria-hidden=\"true\" class=\"wp-block-spacer\"><\/div>\n\n\n\n<h2 class=\"wp-block-heading\">Roots :: Frieder Nake<\/h2>\n\n\n\n<figure class=\"wp-block-image alignright is-resized\"><a href=\"http:\/\/linesfiction.de\/lfd\/index.php\/frieder-nake\"><img loading=\"lazy\" decoding=\"async\" width=\"900\" height=\"970\" src=\"http:\/\/linesfiction.de\/lfd\/wp-content\/uploads\/2020\/01\/nake_web.jpg\" alt=\"\" class=\"wp-image-2832\" style=\"width:561px;height:604px\" srcset=\"https:\/\/linesfiction.de\/lfd\/wp-content\/uploads\/2020\/01\/nake_web.jpg 900w, https:\/\/linesfiction.de\/lfd\/wp-content\/uploads\/2020\/01\/nake_web-278x300.jpg 278w, https:\/\/linesfiction.de\/lfd\/wp-content\/uploads\/2020\/01\/nake_web-768x828.jpg 768w, https:\/\/linesfiction.de\/lfd\/wp-content\/uploads\/2020\/01\/nake_web-100x108.jpg 100w, https:\/\/linesfiction.de\/lfd\/wp-content\/uploads\/2020\/01\/nake_web-150x162.jpg 150w, https:\/\/linesfiction.de\/lfd\/wp-content\/uploads\/2020\/01\/nake_web-200x216.jpg 200w, https:\/\/linesfiction.de\/lfd\/wp-content\/uploads\/2020\/01\/nake_web-300x323.jpg 300w, https:\/\/linesfiction.de\/lfd\/wp-content\/uploads\/2020\/01\/nake_web-450x485.jpg 450w, https:\/\/linesfiction.de\/lfd\/wp-content\/uploads\/2020\/01\/nake_web-600x647.jpg 600w\" sizes=\"auto, (max-width: 900px) 100vw, 900px\" \/><\/a><figcaption class=\"wp-element-caption\">Frieder Nake 2019 in der DAM Galerie Berlin<\/figcaption><\/figure>\n\n\n\n<p>zur\u00fcck zu den Wurzeln hei\u00dft bei Lines Fiction auch immer: Auf in die Zukunft. Den Anfang in unserer Reihe macht ein Pionier der Computergrafik <strong>Frieder Nake<\/strong> Informatiker und K\u00fcnstler. Ausgebildet als Mathematiker stellte er 1965 seine Computergrafik aus. Es war eine der ersten Ausstellungen algorithmischer Kunst \u00fcberhaupt. Seit den 1970er Jahren mit einer Professur f\u00fcr Grafische Daten und interaktive Systeme an der Universit\u00e4t Bremen betraut, zeigt er seine Kunst 2004 in der Kunsthalle Bremen, 2005 im ZKM Karlsruhe und immer wieder in der DAM Galerie Berlin. Frieder Nake lebt in Bremen.<\/p>\n\n\n\n<p>Sein Motto lautet <br><em>Think images, don&#8217;t make them<\/em><\/p>\n\n\n\n<p>Was es damit auf sich hat erl\u00e4utert er in einem langen Interview<br><a href=\"http:\/\/linesfiction.de\/lfd\/index.php\/frieder-nake\/#nake\">\u00fcber die Algorithmische Kunst<\/a><\/p>\n","protected":false},"excerpt":{"rendered":"<p>Networks :: Performance &amp; Zeichnung Mit Stella Geppert, Katja Pudor und Nicole Wendel f\u00fchrte Lines Fiction ein Interview \u00fcber Performance &amp; Zeichnung &#8212;- \/\/ &#8212;- Was hat Zeichnung &amp; Animation mit Performance &amp; Zeichnung zu tun? Ganz naheliegend ist es &hellip;<\/p>\n<p class=\"read-more\"> <a class=\"more-link\" href=\"https:\/\/linesfiction.de\/lfd\/roots-networks\/\"> <span class=\"screen-reader-text\">Roots &#038; Networks<\/span> Weiterlesen &raquo;<\/a><\/p>\n","protected":false},"author":7,"featured_media":0,"parent":0,"menu_order":0,"comment_status":"closed","ping_status":"closed","template":"bg\/full-width-page.php","meta":{"footnotes":""},"class_list":["post-2823","page","type-page","status-publish","hentry"],"yoast_head":"<!-- This site is optimized with the Yoast SEO plugin v27.3 - https:\/\/yoast.com\/product\/yoast-seo-wordpress\/ -->\n<title>Roots &amp; Networks - Lines Fiction \u2605 Zeichnung &amp; Animation \u2605<\/title>\n<meta name=\"description\" content=\"Roots und Networks sind wichtig f\u00fcr Lines Fiction. Hier werden besondere Netzwerke und Traditionen vorgestellt.\" \/>\n<meta name=\"robots\" content=\"index, follow, max-snippet:-1, max-image-preview:large, max-video-preview:-1\" \/>\n<link rel=\"canonical\" href=\"https:\/\/linesfiction.de\/lfd\/roots-networks\/\" \/>\n<meta property=\"og:locale\" content=\"de_DE\" \/>\n<meta property=\"og:type\" content=\"article\" \/>\n<meta property=\"og:title\" content=\"Roots &amp; Networks - Lines Fiction \u2605 Zeichnung &amp; Animation \u2605\" \/>\n<meta property=\"og:description\" content=\"Roots und Networks sind wichtig f\u00fcr Lines Fiction. Hier werden besondere Netzwerke und Traditionen vorgestellt.\" \/>\n<meta property=\"og:url\" content=\"https:\/\/linesfiction.de\/lfd\/roots-networks\/\" \/>\n<meta property=\"og:site_name\" content=\"Lines Fiction \u2605 Zeichnung &amp; Animation \u2605\" \/>\n<meta property=\"article:publisher\" content=\"https:\/\/www.facebook.com\/linesfiction\/\" \/>\n<meta property=\"article:modified_time\" content=\"2024-08-14T10:00:35+00:00\" \/>\n<meta property=\"og:image\" content=\"https:\/\/linesfiction.de\/lfd\/wp-content\/uploads\/2023\/10\/performance_einleitung_.jpg\" \/>\n<meta name=\"twitter:card\" content=\"summary_large_image\" \/>\n<meta name=\"twitter:site\" content=\"@linesfiction\" \/>\n<meta name=\"twitter:label1\" content=\"Gesch\u00e4tzte Lesezeit\" \/>\n\t<meta name=\"twitter:data1\" content=\"4\u00a0Minuten\" \/>\n<script type=\"application\/ld+json\" class=\"yoast-schema-graph\">{\"@context\":\"https:\\\/\\\/schema.org\",\"@graph\":[{\"@type\":\"WebPage\",\"@id\":\"https:\\\/\\\/linesfiction.de\\\/lfd\\\/roots-networks\\\/\",\"url\":\"https:\\\/\\\/linesfiction.de\\\/lfd\\\/roots-networks\\\/\",\"name\":\"Roots & Networks - Lines Fiction \u2605 Zeichnung &amp; Animation \u2605\",\"isPartOf\":{\"@id\":\"https:\\\/\\\/linesfiction.de\\\/lfd\\\/#website\"},\"primaryImageOfPage\":{\"@id\":\"https:\\\/\\\/linesfiction.de\\\/lfd\\\/roots-networks\\\/#primaryimage\"},\"image\":{\"@id\":\"https:\\\/\\\/linesfiction.de\\\/lfd\\\/roots-networks\\\/#primaryimage\"},\"thumbnailUrl\":\"https:\\\/\\\/linesfiction.de\\\/lfd\\\/wp-content\\\/uploads\\\/2023\\\/10\\\/performance_einleitung_.jpg\",\"datePublished\":\"2020-01-11T15:19:57+00:00\",\"dateModified\":\"2024-08-14T10:00:35+00:00\",\"description\":\"Roots und Networks sind wichtig f\u00fcr Lines Fiction. Hier werden besondere Netzwerke und Traditionen vorgestellt.\",\"breadcrumb\":{\"@id\":\"https:\\\/\\\/linesfiction.de\\\/lfd\\\/roots-networks\\\/#breadcrumb\"},\"inLanguage\":\"de\",\"potentialAction\":[{\"@type\":\"ReadAction\",\"target\":[\"https:\\\/\\\/linesfiction.de\\\/lfd\\\/roots-networks\\\/\"]}]},{\"@type\":\"ImageObject\",\"inLanguage\":\"de\",\"@id\":\"https:\\\/\\\/linesfiction.de\\\/lfd\\\/roots-networks\\\/#primaryimage\",\"url\":\"https:\\\/\\\/linesfiction.de\\\/lfd\\\/wp-content\\\/uploads\\\/2023\\\/10\\\/performance_einleitung_.jpg\",\"contentUrl\":\"https:\\\/\\\/linesfiction.de\\\/lfd\\\/wp-content\\\/uploads\\\/2023\\\/10\\\/performance_einleitung_.jpg\",\"width\":560,\"height\":640},{\"@type\":\"BreadcrumbList\",\"@id\":\"https:\\\/\\\/linesfiction.de\\\/lfd\\\/roots-networks\\\/#breadcrumb\",\"itemListElement\":[{\"@type\":\"ListItem\",\"position\":1,\"name\":\"Startseite\",\"item\":\"https:\\\/\\\/linesfiction.de\\\/lfd\\\/\"},{\"@type\":\"ListItem\",\"position\":2,\"name\":\"Roots &#038; Networks\"}]},{\"@type\":\"WebSite\",\"@id\":\"https:\\\/\\\/linesfiction.de\\\/lfd\\\/#website\",\"url\":\"https:\\\/\\\/linesfiction.de\\\/lfd\\\/\",\"name\":\"Lines Fiction - Zeichnung & Animation - Drawing & Animation\",\"description\":\"\",\"publisher\":{\"@id\":\"https:\\\/\\\/linesfiction.de\\\/lfd\\\/#organization\"},\"potentialAction\":[{\"@type\":\"SearchAction\",\"target\":{\"@type\":\"EntryPoint\",\"urlTemplate\":\"https:\\\/\\\/linesfiction.de\\\/lfd\\\/?s={search_term_string}\"},\"query-input\":{\"@type\":\"PropertyValueSpecification\",\"valueRequired\":true,\"valueName\":\"search_term_string\"}}],\"inLanguage\":\"de\"},{\"@type\":\"Organization\",\"@id\":\"https:\\\/\\\/linesfiction.de\\\/lfd\\\/#organization\",\"name\":\"Lines Fiction\",\"url\":\"https:\\\/\\\/linesfiction.de\\\/lfd\\\/\",\"logo\":{\"@type\":\"ImageObject\",\"inLanguage\":\"de\",\"@id\":\"https:\\\/\\\/linesfiction.de\\\/lfd\\\/#\\\/schema\\\/logo\\\/image\\\/\",\"url\":\"https:\\\/\\\/linesfiction.de\\\/lfd\\\/wp-content\\\/uploads\\\/2022\\\/12\\\/linesfiction_logo_instagram.jpg\",\"contentUrl\":\"https:\\\/\\\/linesfiction.de\\\/lfd\\\/wp-content\\\/uploads\\\/2022\\\/12\\\/linesfiction_logo_instagram.jpg\",\"width\":1080,\"height\":1077,\"caption\":\"Lines Fiction\"},\"image\":{\"@id\":\"https:\\\/\\\/linesfiction.de\\\/lfd\\\/#\\\/schema\\\/logo\\\/image\\\/\"},\"sameAs\":[\"https:\\\/\\\/www.facebook.com\\\/linesfiction\\\/\",\"https:\\\/\\\/x.com\\\/linesfiction\",\"https:\\\/\\\/www.instagram.com\\\/linesfiction\\\/\"]}]}<\/script>\n<!-- \/ Yoast SEO plugin. -->","yoast_head_json":{"title":"Roots & Networks - Lines Fiction \u2605 Zeichnung &amp; Animation \u2605","description":"Roots und Networks sind wichtig f\u00fcr Lines Fiction. Hier werden besondere Netzwerke und Traditionen vorgestellt.","robots":{"index":"index","follow":"follow","max-snippet":"max-snippet:-1","max-image-preview":"max-image-preview:large","max-video-preview":"max-video-preview:-1"},"canonical":"https:\/\/linesfiction.de\/lfd\/roots-networks\/","og_locale":"de_DE","og_type":"article","og_title":"Roots & Networks - Lines Fiction \u2605 Zeichnung &amp; Animation \u2605","og_description":"Roots und Networks sind wichtig f\u00fcr Lines Fiction. Hier werden besondere Netzwerke und Traditionen vorgestellt.","og_url":"https:\/\/linesfiction.de\/lfd\/roots-networks\/","og_site_name":"Lines Fiction \u2605 Zeichnung &amp; Animation \u2605","article_publisher":"https:\/\/www.facebook.com\/linesfiction\/","article_modified_time":"2024-08-14T10:00:35+00:00","og_image":[{"url":"https:\/\/linesfiction.de\/lfd\/wp-content\/uploads\/2023\/10\/performance_einleitung_.jpg","type":"","width":"","height":""}],"twitter_card":"summary_large_image","twitter_site":"@linesfiction","twitter_misc":{"Gesch\u00e4tzte Lesezeit":"4\u00a0Minuten"},"schema":{"@context":"https:\/\/schema.org","@graph":[{"@type":"WebPage","@id":"https:\/\/linesfiction.de\/lfd\/roots-networks\/","url":"https:\/\/linesfiction.de\/lfd\/roots-networks\/","name":"Roots & Networks - Lines Fiction \u2605 Zeichnung &amp; Animation \u2605","isPartOf":{"@id":"https:\/\/linesfiction.de\/lfd\/#website"},"primaryImageOfPage":{"@id":"https:\/\/linesfiction.de\/lfd\/roots-networks\/#primaryimage"},"image":{"@id":"https:\/\/linesfiction.de\/lfd\/roots-networks\/#primaryimage"},"thumbnailUrl":"https:\/\/linesfiction.de\/lfd\/wp-content\/uploads\/2023\/10\/performance_einleitung_.jpg","datePublished":"2020-01-11T15:19:57+00:00","dateModified":"2024-08-14T10:00:35+00:00","description":"Roots und Networks sind wichtig f\u00fcr Lines Fiction. Hier werden besondere Netzwerke und Traditionen vorgestellt.","breadcrumb":{"@id":"https:\/\/linesfiction.de\/lfd\/roots-networks\/#breadcrumb"},"inLanguage":"de","potentialAction":[{"@type":"ReadAction","target":["https:\/\/linesfiction.de\/lfd\/roots-networks\/"]}]},{"@type":"ImageObject","inLanguage":"de","@id":"https:\/\/linesfiction.de\/lfd\/roots-networks\/#primaryimage","url":"https:\/\/linesfiction.de\/lfd\/wp-content\/uploads\/2023\/10\/performance_einleitung_.jpg","contentUrl":"https:\/\/linesfiction.de\/lfd\/wp-content\/uploads\/2023\/10\/performance_einleitung_.jpg","width":560,"height":640},{"@type":"BreadcrumbList","@id":"https:\/\/linesfiction.de\/lfd\/roots-networks\/#breadcrumb","itemListElement":[{"@type":"ListItem","position":1,"name":"Startseite","item":"https:\/\/linesfiction.de\/lfd\/"},{"@type":"ListItem","position":2,"name":"Roots &#038; Networks"}]},{"@type":"WebSite","@id":"https:\/\/linesfiction.de\/lfd\/#website","url":"https:\/\/linesfiction.de\/lfd\/","name":"Lines Fiction - Zeichnung & Animation - Drawing & Animation","description":"","publisher":{"@id":"https:\/\/linesfiction.de\/lfd\/#organization"},"potentialAction":[{"@type":"SearchAction","target":{"@type":"EntryPoint","urlTemplate":"https:\/\/linesfiction.de\/lfd\/?s={search_term_string}"},"query-input":{"@type":"PropertyValueSpecification","valueRequired":true,"valueName":"search_term_string"}}],"inLanguage":"de"},{"@type":"Organization","@id":"https:\/\/linesfiction.de\/lfd\/#organization","name":"Lines Fiction","url":"https:\/\/linesfiction.de\/lfd\/","logo":{"@type":"ImageObject","inLanguage":"de","@id":"https:\/\/linesfiction.de\/lfd\/#\/schema\/logo\/image\/","url":"https:\/\/linesfiction.de\/lfd\/wp-content\/uploads\/2022\/12\/linesfiction_logo_instagram.jpg","contentUrl":"https:\/\/linesfiction.de\/lfd\/wp-content\/uploads\/2022\/12\/linesfiction_logo_instagram.jpg","width":1080,"height":1077,"caption":"Lines Fiction"},"image":{"@id":"https:\/\/linesfiction.de\/lfd\/#\/schema\/logo\/image\/"},"sameAs":["https:\/\/www.facebook.com\/linesfiction\/","https:\/\/x.com\/linesfiction","https:\/\/www.instagram.com\/linesfiction\/"]}]}},"_links":{"self":[{"href":"https:\/\/linesfiction.de\/lfd\/wp-json\/wp\/v2\/pages\/2823","targetHints":{"allow":["GET"]}}],"collection":[{"href":"https:\/\/linesfiction.de\/lfd\/wp-json\/wp\/v2\/pages"}],"about":[{"href":"https:\/\/linesfiction.de\/lfd\/wp-json\/wp\/v2\/types\/page"}],"author":[{"embeddable":true,"href":"https:\/\/linesfiction.de\/lfd\/wp-json\/wp\/v2\/users\/7"}],"replies":[{"embeddable":true,"href":"https:\/\/linesfiction.de\/lfd\/wp-json\/wp\/v2\/comments?post=2823"}],"version-history":[{"count":91,"href":"https:\/\/linesfiction.de\/lfd\/wp-json\/wp\/v2\/pages\/2823\/revisions"}],"predecessor-version":[{"id":3691,"href":"https:\/\/linesfiction.de\/lfd\/wp-json\/wp\/v2\/pages\/2823\/revisions\/3691"}],"wp:attachment":[{"href":"https:\/\/linesfiction.de\/lfd\/wp-json\/wp\/v2\/media?parent=2823"}],"curies":[{"name":"wp","href":"https:\/\/api.w.org\/{rel}","templated":true}]}}