{"id":3104,"date":"2022-12-20T16:03:50","date_gmt":"2022-12-20T15:03:50","guid":{"rendered":"https:\/\/linesfiction.de\/lfd\/?page_id=3104"},"modified":"2023-01-11T16:55:51","modified_gmt":"2023-01-11T15:55:51","slug":"serena-ferrario","status":"publish","type":"page","link":"https:\/\/linesfiction.de\/lfd\/lines-fiction-online\/a-l\/serena-ferrario\/","title":{"rendered":"Serena Ferrario"},"content":{"rendered":"\n<p><u>Lines Fiction: Trotz ihrer Materialf\u00fclle wirken deine gro\u00dfen Zeichnungsinstallationen atmosph\u00e4risch pr\u00e4zise komponiert und auf das Element des bewegten Bildes hin konzipiert. Wie beginnst du dein Projekt &#8211; mit Papier und Bleistift oder mit der Kamera?<\/u><\/p>\n\n\n\n<p>Serena Ferrario: Bei mir ist es so, dass durchgehend medien\u00fcbergreifende Prozesse stattfinden, die sich die ganze Zeit gegenseitig beeinflussen. Einen richtigen Beginn gibt es so gesehen eher nicht. Ich glaube ich habe das nie so richtig gemocht &#8211; dieses Gef\u00fchl: So jetzt leg ich los und fange an mir ein neues Projekt zu \u00fcberlegen und zu visualisieren.<br>Es f\u00fchlt sich f\u00fcr mich stimmiger an, wenn ich mich von dem, was schon da ist und mich gerade sowieso besch\u00e4ftigt, leiten lasse und das dann verbinde mit einem bald zur Verf\u00fcgung stehenden Raum. Wenn ich wei\u00df, da gibt es bald wieder eine &#8222;\u00f6ffentliche&#8220; Pr\u00e4sentationsoption, f\u00e4ngt &#8211; so gesehen &#8211; in mir ein Dialog mit imaginierten Anderen an. <br>Ab da f\u00fchre ich diesen Dialog in Verbindung zu den dabei aufkommenden gesellschaftlichen Themen, die mir in dieser Zeit begegnen, und ab da springen mir gleichzeitig auch Bilder durch den Kopf.<\/p>\n\n\n\n<p>In mir ist ja alles gespeichert, was ich gemacht habe und welche Filme sich in meinem Archiv befinden &#8211; manchmal gehe ich auch Skizzenb\u00fccher durch und finde pl\u00f6tzlich einen \u00e4lteren Ansatz wieder spannend und versuche, diesen in Bezug zu aktuellen Ans\u00e4tzen zu bringen. Wenn sich dann, um es konkreter zu machen, zum Beispiel eine \u00e4ltere Zeichnung mit einem aktuellen Gedanken und einer von mir gedrehten Videoaufnahme zusammen findet &#8211; mir das im Jetzt immer sinnvoller erscheint, diese verschiedenen Ans\u00e4tze und Bilder in Dialog treten zu lassen, dann gehe ich dem intensiv nach und fokussiere mich immer mehr auf diesen Weg. Je nachdem, wie zum Beispiel auch die Raumverh\u00e4ltnisse eines Ausstellungsraums sind, und welche M\u00f6glichkeiten es gibt, eine Arbeit zu machen, \u00fcberlege ich mir eine auf diesen Raum angepasste Installationsform. Es muss nicht immer auch eine Videoinstallation werden. Wobei ich im Moment noch sehr stark mit dem Bewegtbild zusammen denke. Ich habe einfach in den letzten zehn Jahren sehr viel filmisches Material angesammelt und ich bin noch lange nicht fertig damit. Ich bin jedes Mal sehr gespannt und finde es nach wie vor aufregend, meine Filme in Bezug zu dem gezeichneten Werk zu setzen. Als ich anfing, mich in diese Richtung zu bewegen, erschloss sich f\u00fcr mich einiges, und dieses Vorgehen fing an, mir so viele M\u00f6glichkeiten zu bieten: Neues zu erforschen, zu erz\u00e4hlen und zu expermentieren. Ich liebe es eine gezeichnete Figur neben eine &#8222;reale im Film&#8220; zu stellen.<\/p>\n\n\n\n<p><u>Lines Fiction: Wie entwickelt sich deine Installation?<\/u><\/p>\n\n\n\n<p>Serena Ferrario: Was meinen Umgang mit dem Material angeht: Ich zeichne zu Hause, unterwegs und im Atelier auf unterschiedlichen Fl\u00e4chen, Restpapieren, Pappen und eigentlich auf allem was gerade vor mir auftaucht. Parallel zeichne ich auch immer an gr\u00f6\u00dferen Zeichnungen ganz &#8222;klassisch&#8220; auf gr\u00f6\u00dferen Papierb\u00f6gen. Ich werfe auch nie eine Zeichnung weg, auch wenn mir \u00f6fter mal die Ergebnisse nicht sofort zusagen. Ich sehe dann immer ziemlich schnell einen Weg, damit weiter umzugehen. Ein ganz einfacher Weg ist f\u00fcr mich, die Arbeiten, also z.B. die gezeichneten Figuren und Elemente auszuschneiden. Ich mache das dann erstmal ohne gro\u00df zu \u00fcberlegen, und dann, wenn ich alle Teilchen vor mir habe, fange ich an, diese im Raum oder auf anderen Arbeiten zu verteilen. Ich lasse sie frei herum tanzen, bis ich das Gef\u00fchl habe, dass alle einen neuen guten Platz f\u00fcr sich gefunden haben. So kann es eben auch sein, dass eine \u00e4ltere Arbeit im Rahmen f\u00fcr mich wieder neu auflebt, weil sie jetzt diesen neuen &#8222;Freund&#8220; an ihrer Seite hat. Mir macht es Spa\u00df, es so zu sehen. Ich freue mich dann f\u00fcr alle, dass sie diese neue Erfahrung machen d\u00fcrfen. Wenn dieser Prozess erst mal so stehen kann, widme ich mich erst wieder dem digitalen Bild und dem Videoarchiv und mache mir Notizen zu Filmideen. Im Hinterkopf habe ich nat\u00fcrlich auch noch die gerade erlebte Erfahrung und die dabei entstanden Bilder mit dem analogen Material, und das beeinflusst stark meine Filmauswahl.<\/p>\n\n\n\n<p>Und so geht das dann hin und her und am Ende &#8211; das &#8222;Ende&#8220; ist meist durch einen Ausstellungstermin bestimmt &#8211; steht da ein B\u00fchnenst\u00fcck aus all diesen Charakteren und dem zusammen entwickelten B\u00fchnenbild. So denke ich also, k\u00f6nnte man mein Vorgehen und die Installationen beschreiben.<\/p>\n\n\n\n<p><u>Lines Fiction: Beh\u00e4lt eine Installation immer ihre Gestalt oder ver\u00e4ndert sie sich, je nach Ausstellungsort?<\/u><\/p>\n\n\n\n<p>Serena Ferrario: Das ist noch nie passiert, dass ich eine Installation genau so, wie beim ersten Mal, woanders aufgebaut habe. Ich nehme zwar h\u00e4ufiger, wie eben schon beschrieben, Elemente immer wieder her und bringe sie mit neuen oder \u00e4lteren zusammen. Ich habe das f\u00fcr mich mal so verstanden, dass sich mein Vorgehen so \u00e4hnlich verh\u00e4lt, wie es im Gehirn mit unseren Erinnerungen abl\u00e4uft. <br>Soweit ich wei\u00df, kann es sein, dass eine alte Erinnerung sich pl\u00f6tzlich mit einer j\u00fcngeren vermischt und dann ist die Geschichte irgendwie doch wieder ganz anders. Mal d\u00fcsterer, mal leichter, mal ist ein Aspekt davon mehr im Vordergrund \u2013 mal ein anderer, mal hat die Erinnerung weniger Bedeutung und spielt nicht so eine gro\u00dfe Rolle f\u00fcr den aktuellen Moment&#8230;<\/p>\n\n\n\n<p>Manchmal denke ich, ich sollte f\u00fcr die Installationen eine Art Aufbauplan anfertigen \u2013 damit sie auch jemand anderes und ohne mich aufbauen k\u00f6nnte. Das w\u00e4re wahrscheinlich auf der einen Seite eine Erleichterung f\u00fcr mich und auf der anderen Seite w\u00fcrde es mich auch sehr langweilen. Denn der Aufbau ist f\u00fcr mich ein wichtiger Teil meiner Arbeit. Manchmal beginnt sie ja dann erst wirklich Sinn f\u00fcr mich zu machen und ich freue mich immer sehr, wenn ich sehr lange in Ruhe alleine aufbauen kann. Dann verbindet sich alles auch wirklich mit dem Raum und mit den Ereignissen und Erlebnissen vor Ort. Ich beneide aber auch manchmal die K\u00fcnstlerInnen, die nur kurz kommen und ihre Bilder h\u00e4ngen oder h\u00e4ngen lassen. Es sieht jedenfalls manchmal leichter aus. Ich \u00fcbe mich gerade an einer Mischung aus diesen beiden Herangehensweisen.<\/p>\n\n\n\n<p><a rel=\"noreferrer noopener\" href=\"http:\/\/www.serenaferrario.de\/\" data-type=\"URL\" data-id=\"http:\/\/www.serenaferrario.de\/\" target=\"_blank\">serenaferrario.de<\/a><\/p>\n","protected":false},"excerpt":{"rendered":"<p>Lines Fiction: Trotz ihrer Materialf\u00fclle wirken deine gro\u00dfen Zeichnungsinstallationen atmosph\u00e4risch pr\u00e4zise komponiert und auf das Element des bewegten Bildes hin konzipiert. Wie beginnst du dein Projekt &#8211; mit Papier und Bleistift oder mit der Kamera? Serena Ferrario: Bei mir ist &hellip;<\/p>\n<p class=\"read-more\"> <a class=\"more-link\" href=\"https:\/\/linesfiction.de\/lfd\/lines-fiction-online\/a-l\/serena-ferrario\/\"> <span class=\"screen-reader-text\">Serena Ferrario<\/span> Weiterlesen &raquo;<\/a><\/p>\n","protected":false},"author":9,"featured_media":0,"parent":501,"menu_order":0,"comment_status":"closed","ping_status":"closed","template":"bg\/content-sidebar-page.php","meta":{"footnotes":""},"class_list":["post-3104","page","type-page","status-publish","hentry"],"yoast_head":"<!-- This site is optimized with the Yoast SEO plugin v27.3 - https:\/\/yoast.com\/product\/yoast-seo-wordpress\/ -->\n<title>Serena Ferrario - Lines Fiction \u2605 Zeichnung &amp; Animation \u2605<\/title>\n<meta name=\"robots\" content=\"index, follow, max-snippet:-1, max-image-preview:large, max-video-preview:-1\" \/>\n<link rel=\"canonical\" href=\"https:\/\/linesfiction.de\/lfd\/lines-fiction-online\/a-l\/serena-ferrario\/\" \/>\n<meta property=\"og:locale\" content=\"de_DE\" \/>\n<meta property=\"og:type\" content=\"article\" \/>\n<meta property=\"og:title\" content=\"Serena Ferrario - Lines Fiction \u2605 Zeichnung &amp; Animation \u2605\" \/>\n<meta property=\"og:description\" content=\"Lines Fiction: Trotz ihrer Materialf\u00fclle wirken deine gro\u00dfen Zeichnungsinstallationen atmosph\u00e4risch pr\u00e4zise komponiert und auf das Element des bewegten Bildes hin konzipiert. Wie beginnst du dein Projekt &#8211; mit Papier und Bleistift oder mit der Kamera? Serena Ferrario: Bei mir ist &hellip; Serena Ferrario Weiterlesen &raquo;\" \/>\n<meta property=\"og:url\" content=\"https:\/\/linesfiction.de\/lfd\/lines-fiction-online\/a-l\/serena-ferrario\/\" \/>\n<meta property=\"og:site_name\" content=\"Lines Fiction \u2605 Zeichnung &amp; Animation \u2605\" \/>\n<meta property=\"article:publisher\" content=\"https:\/\/www.facebook.com\/linesfiction\/\" \/>\n<meta property=\"article:modified_time\" content=\"2023-01-11T15:55:51+00:00\" \/>\n<meta name=\"twitter:card\" content=\"summary_large_image\" \/>\n<meta name=\"twitter:site\" content=\"@linesfiction\" \/>\n<meta name=\"twitter:label1\" content=\"Gesch\u00e4tzte Lesezeit\" \/>\n\t<meta name=\"twitter:data1\" content=\"6\u00a0Minuten\" \/>\n<script type=\"application\/ld+json\" class=\"yoast-schema-graph\">{\"@context\":\"https:\\\/\\\/schema.org\",\"@graph\":[{\"@type\":\"WebPage\",\"@id\":\"https:\\\/\\\/linesfiction.de\\\/lfd\\\/lines-fiction-online\\\/a-l\\\/serena-ferrario\\\/\",\"url\":\"https:\\\/\\\/linesfiction.de\\\/lfd\\\/lines-fiction-online\\\/a-l\\\/serena-ferrario\\\/\",\"name\":\"Serena Ferrario - Lines Fiction \u2605 Zeichnung &amp; Animation \u2605\",\"isPartOf\":{\"@id\":\"https:\\\/\\\/linesfiction.de\\\/lfd\\\/#website\"},\"datePublished\":\"2022-12-20T15:03:50+00:00\",\"dateModified\":\"2023-01-11T15:55:51+00:00\",\"breadcrumb\":{\"@id\":\"https:\\\/\\\/linesfiction.de\\\/lfd\\\/lines-fiction-online\\\/a-l\\\/serena-ferrario\\\/#breadcrumb\"},\"inLanguage\":\"de\",\"potentialAction\":[{\"@type\":\"ReadAction\",\"target\":[\"https:\\\/\\\/linesfiction.de\\\/lfd\\\/lines-fiction-online\\\/a-l\\\/serena-ferrario\\\/\"]}]},{\"@type\":\"BreadcrumbList\",\"@id\":\"https:\\\/\\\/linesfiction.de\\\/lfd\\\/lines-fiction-online\\\/a-l\\\/serena-ferrario\\\/#breadcrumb\",\"itemListElement\":[{\"@type\":\"ListItem\",\"position\":1,\"name\":\"Startseite\",\"item\":\"https:\\\/\\\/linesfiction.de\\\/lfd\\\/\"},{\"@type\":\"ListItem\",\"position\":2,\"name\":\"Lines Fiction online\",\"item\":\"https:\\\/\\\/linesfiction.de\\\/lfd\\\/lines-fiction-online\\\/\"},{\"@type\":\"ListItem\",\"position\":3,\"name\":\"A &#8211; L\",\"item\":\"https:\\\/\\\/linesfiction.de\\\/lfd\\\/lines-fiction-online\\\/a-l\\\/\"},{\"@type\":\"ListItem\",\"position\":4,\"name\":\"Serena Ferrario\"}]},{\"@type\":\"WebSite\",\"@id\":\"https:\\\/\\\/linesfiction.de\\\/lfd\\\/#website\",\"url\":\"https:\\\/\\\/linesfiction.de\\\/lfd\\\/\",\"name\":\"Lines Fiction - Zeichnung & Animation - Drawing & Animation\",\"description\":\"\",\"publisher\":{\"@id\":\"https:\\\/\\\/linesfiction.de\\\/lfd\\\/#organization\"},\"potentialAction\":[{\"@type\":\"SearchAction\",\"target\":{\"@type\":\"EntryPoint\",\"urlTemplate\":\"https:\\\/\\\/linesfiction.de\\\/lfd\\\/?s={search_term_string}\"},\"query-input\":{\"@type\":\"PropertyValueSpecification\",\"valueRequired\":true,\"valueName\":\"search_term_string\"}}],\"inLanguage\":\"de\"},{\"@type\":\"Organization\",\"@id\":\"https:\\\/\\\/linesfiction.de\\\/lfd\\\/#organization\",\"name\":\"Lines Fiction\",\"url\":\"https:\\\/\\\/linesfiction.de\\\/lfd\\\/\",\"logo\":{\"@type\":\"ImageObject\",\"inLanguage\":\"de\",\"@id\":\"https:\\\/\\\/linesfiction.de\\\/lfd\\\/#\\\/schema\\\/logo\\\/image\\\/\",\"url\":\"https:\\\/\\\/linesfiction.de\\\/lfd\\\/wp-content\\\/uploads\\\/2022\\\/12\\\/linesfiction_logo_instagram.jpg\",\"contentUrl\":\"https:\\\/\\\/linesfiction.de\\\/lfd\\\/wp-content\\\/uploads\\\/2022\\\/12\\\/linesfiction_logo_instagram.jpg\",\"width\":1080,\"height\":1077,\"caption\":\"Lines Fiction\"},\"image\":{\"@id\":\"https:\\\/\\\/linesfiction.de\\\/lfd\\\/#\\\/schema\\\/logo\\\/image\\\/\"},\"sameAs\":[\"https:\\\/\\\/www.facebook.com\\\/linesfiction\\\/\",\"https:\\\/\\\/x.com\\\/linesfiction\",\"https:\\\/\\\/www.instagram.com\\\/linesfiction\\\/\"]}]}<\/script>\n<!-- \/ Yoast SEO plugin. -->","yoast_head_json":{"title":"Serena Ferrario - Lines Fiction \u2605 Zeichnung &amp; Animation \u2605","robots":{"index":"index","follow":"follow","max-snippet":"max-snippet:-1","max-image-preview":"max-image-preview:large","max-video-preview":"max-video-preview:-1"},"canonical":"https:\/\/linesfiction.de\/lfd\/lines-fiction-online\/a-l\/serena-ferrario\/","og_locale":"de_DE","og_type":"article","og_title":"Serena Ferrario - Lines Fiction \u2605 Zeichnung &amp; Animation \u2605","og_description":"Lines Fiction: Trotz ihrer Materialf\u00fclle wirken deine gro\u00dfen Zeichnungsinstallationen atmosph\u00e4risch pr\u00e4zise komponiert und auf das Element des bewegten Bildes hin konzipiert. Wie beginnst du dein Projekt &#8211; mit Papier und Bleistift oder mit der Kamera? Serena Ferrario: Bei mir ist &hellip; Serena Ferrario Weiterlesen &raquo;","og_url":"https:\/\/linesfiction.de\/lfd\/lines-fiction-online\/a-l\/serena-ferrario\/","og_site_name":"Lines Fiction \u2605 Zeichnung &amp; Animation \u2605","article_publisher":"https:\/\/www.facebook.com\/linesfiction\/","article_modified_time":"2023-01-11T15:55:51+00:00","twitter_card":"summary_large_image","twitter_site":"@linesfiction","twitter_misc":{"Gesch\u00e4tzte Lesezeit":"6\u00a0Minuten"},"schema":{"@context":"https:\/\/schema.org","@graph":[{"@type":"WebPage","@id":"https:\/\/linesfiction.de\/lfd\/lines-fiction-online\/a-l\/serena-ferrario\/","url":"https:\/\/linesfiction.de\/lfd\/lines-fiction-online\/a-l\/serena-ferrario\/","name":"Serena Ferrario - Lines Fiction \u2605 Zeichnung &amp; Animation \u2605","isPartOf":{"@id":"https:\/\/linesfiction.de\/lfd\/#website"},"datePublished":"2022-12-20T15:03:50+00:00","dateModified":"2023-01-11T15:55:51+00:00","breadcrumb":{"@id":"https:\/\/linesfiction.de\/lfd\/lines-fiction-online\/a-l\/serena-ferrario\/#breadcrumb"},"inLanguage":"de","potentialAction":[{"@type":"ReadAction","target":["https:\/\/linesfiction.de\/lfd\/lines-fiction-online\/a-l\/serena-ferrario\/"]}]},{"@type":"BreadcrumbList","@id":"https:\/\/linesfiction.de\/lfd\/lines-fiction-online\/a-l\/serena-ferrario\/#breadcrumb","itemListElement":[{"@type":"ListItem","position":1,"name":"Startseite","item":"https:\/\/linesfiction.de\/lfd\/"},{"@type":"ListItem","position":2,"name":"Lines Fiction online","item":"https:\/\/linesfiction.de\/lfd\/lines-fiction-online\/"},{"@type":"ListItem","position":3,"name":"A &#8211; L","item":"https:\/\/linesfiction.de\/lfd\/lines-fiction-online\/a-l\/"},{"@type":"ListItem","position":4,"name":"Serena Ferrario"}]},{"@type":"WebSite","@id":"https:\/\/linesfiction.de\/lfd\/#website","url":"https:\/\/linesfiction.de\/lfd\/","name":"Lines Fiction - Zeichnung & Animation - Drawing & Animation","description":"","publisher":{"@id":"https:\/\/linesfiction.de\/lfd\/#organization"},"potentialAction":[{"@type":"SearchAction","target":{"@type":"EntryPoint","urlTemplate":"https:\/\/linesfiction.de\/lfd\/?s={search_term_string}"},"query-input":{"@type":"PropertyValueSpecification","valueRequired":true,"valueName":"search_term_string"}}],"inLanguage":"de"},{"@type":"Organization","@id":"https:\/\/linesfiction.de\/lfd\/#organization","name":"Lines Fiction","url":"https:\/\/linesfiction.de\/lfd\/","logo":{"@type":"ImageObject","inLanguage":"de","@id":"https:\/\/linesfiction.de\/lfd\/#\/schema\/logo\/image\/","url":"https:\/\/linesfiction.de\/lfd\/wp-content\/uploads\/2022\/12\/linesfiction_logo_instagram.jpg","contentUrl":"https:\/\/linesfiction.de\/lfd\/wp-content\/uploads\/2022\/12\/linesfiction_logo_instagram.jpg","width":1080,"height":1077,"caption":"Lines Fiction"},"image":{"@id":"https:\/\/linesfiction.de\/lfd\/#\/schema\/logo\/image\/"},"sameAs":["https:\/\/www.facebook.com\/linesfiction\/","https:\/\/x.com\/linesfiction","https:\/\/www.instagram.com\/linesfiction\/"]}]}},"_links":{"self":[{"href":"https:\/\/linesfiction.de\/lfd\/wp-json\/wp\/v2\/pages\/3104","targetHints":{"allow":["GET"]}}],"collection":[{"href":"https:\/\/linesfiction.de\/lfd\/wp-json\/wp\/v2\/pages"}],"about":[{"href":"https:\/\/linesfiction.de\/lfd\/wp-json\/wp\/v2\/types\/page"}],"author":[{"embeddable":true,"href":"https:\/\/linesfiction.de\/lfd\/wp-json\/wp\/v2\/users\/9"}],"replies":[{"embeddable":true,"href":"https:\/\/linesfiction.de\/lfd\/wp-json\/wp\/v2\/comments?post=3104"}],"version-history":[{"count":30,"href":"https:\/\/linesfiction.de\/lfd\/wp-json\/wp\/v2\/pages\/3104\/revisions"}],"predecessor-version":[{"id":3234,"href":"https:\/\/linesfiction.de\/lfd\/wp-json\/wp\/v2\/pages\/3104\/revisions\/3234"}],"up":[{"embeddable":true,"href":"https:\/\/linesfiction.de\/lfd\/wp-json\/wp\/v2\/pages\/501"}],"wp:attachment":[{"href":"https:\/\/linesfiction.de\/lfd\/wp-json\/wp\/v2\/media?parent=3104"}],"curies":[{"name":"wp","href":"https:\/\/api.w.org\/{rel}","templated":true}]}}