{"id":3246,"date":"2023-01-11T18:02:45","date_gmt":"2023-01-11T17:02:45","guid":{"rendered":"https:\/\/linesfiction.de\/lfd\/?page_id=3246"},"modified":"2025-04-03T23:26:38","modified_gmt":"2025-04-03T22:26:38","slug":"lines-fiction-filmrolle-2022","status":"publish","type":"page","link":"https:\/\/linesfiction.de\/lfd\/lines-fiction-filmrolle-2022\/","title":{"rendered":"Lines Fiction Filmrolle 2022"},"content":{"rendered":"\n<p>Parallel zur Ausstellung \u201cAnonyme Zeichner 2022\u2033&nbsp;<br>er\u00f6ffnet das Projekt LINES FICTION<br>in der <a href=\"https:\/\/galerie-im-koernerpark.de\/de\">Galerie im K\u00f6rnerpark, Berlin<\/a><br>ein Filmscreening mit ANIMATIONEN und ZEICHENTRICKFILMEN in einer vierst\u00fcndigen Filmrolle. <br>Alle K\u00fcnstlerinnen und K\u00fcnstler haben sich in einem OPEN CALL auf linesfiction.de angemeldet. <br>Es gab keine Auswahlkriterien, au\u00dfer Zeichnung &amp; Animation, <br>und das Resultat ist \u00fcberraschend, vielf\u00e4ltig, vergn\u00fcglich, ernst und spannend.<\/p>\n\n\n\n<figure class=\"wp-block-image size-large\"><a href=\"https:\/\/linesfiction.de\/lf\/wp-content\/uploads\/2022\/06\/linesfiction_invite_2022_Seite_1.jpg\"><img decoding=\"async\" src=\"https:\/\/linesfiction.de\/lf\/wp-content\/uploads\/2022\/06\/linesfiction_invite_2022_Seite_1-1024x727.jpg\" alt=\"\" class=\"wp-image-3224\"\/><\/a><\/figure>\n\n\n\n<figure class=\"wp-block-image size-large\"><a href=\"https:\/\/linesfiction.de\/lf\/wp-content\/uploads\/2022\/06\/linesfiction_invite_2022_Seite_2.jpg\"><img decoding=\"async\" src=\"https:\/\/linesfiction.de\/lf\/wp-content\/uploads\/2022\/06\/linesfiction_invite_2022_Seite_2-1024x729.jpg\" alt=\"\" class=\"wp-image-3225\"\/><\/a><\/figure>\n\n\n\n<figure class=\"wp-block-image size-large\"><a href=\"https:\/\/linesfiction.de\/lf\/wp-content\/uploads\/2022\/06\/WEBNamensliste_Participants_Plakat.jpg\"><img decoding=\"async\" src=\"https:\/\/linesfiction.de\/lf\/wp-content\/uploads\/2022\/06\/WEBNamensliste_Participants_Plakat-724x1024.jpg\" alt=\"\" class=\"wp-image-3230\"\/><\/a><\/figure>\n","protected":false},"excerpt":{"rendered":"<p>Parallel zur Ausstellung \u201cAnonyme Zeichner 2022\u2033&nbsp;er\u00f6ffnet das Projekt LINES FICTIONin der Galerie im K\u00f6rnerpark, Berlinein Filmscreening mit ANIMATIONEN und ZEICHENTRICKFILMEN in einer vierst\u00fcndigen Filmrolle. Alle K\u00fcnstlerinnen und K\u00fcnstler haben sich in einem OPEN CALL auf linesfiction.de angemeldet. Es gab keine &hellip;<\/p>\n<p class=\"read-more\"> <a class=\"more-link\" href=\"https:\/\/linesfiction.de\/lfd\/lines-fiction-filmrolle-2022\/\"> <span class=\"screen-reader-text\">Lines Fiction Filmrolle 2022<\/span> Weiterlesen &raquo;<\/a><\/p>\n","protected":false},"author":7,"featured_media":0,"parent":0,"menu_order":0,"comment_status":"closed","ping_status":"closed","template":"","meta":{"footnotes":""},"class_list":["post-3246","page","type-page","status-publish","hentry"],"yoast_head":"<!-- This site is optimized with the Yoast SEO plugin v27.3 - https:\/\/yoast.com\/product\/yoast-seo-wordpress\/ -->\n<title>Lines Fiction Filmrolle 2022 - Lines Fiction \u2605 Zeichnung &amp; Animation \u2605<\/title>\n<meta name=\"robots\" content=\"index, follow, max-snippet:-1, max-image-preview:large, max-video-preview:-1\" \/>\n<link rel=\"canonical\" href=\"https:\/\/linesfiction.de\/lfd\/lines-fiction-filmrolle-2022\/\" \/>\n<meta property=\"og:locale\" content=\"de_DE\" \/>\n<meta property=\"og:type\" content=\"article\" \/>\n<meta property=\"og:title\" content=\"Lines Fiction Filmrolle 2022 - Lines Fiction \u2605 Zeichnung &amp; Animation \u2605\" \/>\n<meta property=\"og:description\" content=\"Parallel zur Ausstellung \u201cAnonyme Zeichner 2022\u2033&nbsp;er\u00f6ffnet das Projekt LINES FICTIONin der Galerie im K\u00f6rnerpark, Berlinein Filmscreening mit ANIMATIONEN und ZEICHENTRICKFILMEN in einer vierst\u00fcndigen Filmrolle. Alle K\u00fcnstlerinnen und K\u00fcnstler haben sich in einem OPEN CALL auf linesfiction.de angemeldet. Es gab keine &hellip; Lines Fiction Filmrolle 2022 Weiterlesen &raquo;\" \/>\n<meta property=\"og:url\" content=\"https:\/\/linesfiction.de\/lfd\/lines-fiction-filmrolle-2022\/\" \/>\n<meta property=\"og:site_name\" content=\"Lines Fiction \u2605 Zeichnung &amp; Animation \u2605\" \/>\n<meta property=\"article:publisher\" content=\"https:\/\/www.facebook.com\/linesfiction\/\" \/>\n<meta property=\"article:modified_time\" content=\"2025-04-03T22:26:38+00:00\" \/>\n<meta property=\"og:image\" content=\"https:\/\/linesfiction.de\/lf\/wp-content\/uploads\/2022\/06\/linesfiction_invite_2022_Seite_1-1024x727.jpg\" \/>\n<meta name=\"twitter:card\" content=\"summary_large_image\" \/>\n<meta name=\"twitter:site\" content=\"@linesfiction\" \/>\n<meta name=\"twitter:label1\" content=\"Gesch\u00e4tzte Lesezeit\" \/>\n\t<meta name=\"twitter:data1\" content=\"1\u00a0Minute\" \/>\n<script type=\"application\/ld+json\" class=\"yoast-schema-graph\">{\"@context\":\"https:\\\/\\\/schema.org\",\"@graph\":[{\"@type\":\"WebPage\",\"@id\":\"https:\\\/\\\/linesfiction.de\\\/lfd\\\/lines-fiction-filmrolle-2022\\\/\",\"url\":\"https:\\\/\\\/linesfiction.de\\\/lfd\\\/lines-fiction-filmrolle-2022\\\/\",\"name\":\"Lines Fiction Filmrolle 2022 - Lines Fiction \u2605 Zeichnung &amp; Animation \u2605\",\"isPartOf\":{\"@id\":\"https:\\\/\\\/linesfiction.de\\\/lfd\\\/#website\"},\"primaryImageOfPage\":{\"@id\":\"https:\\\/\\\/linesfiction.de\\\/lfd\\\/lines-fiction-filmrolle-2022\\\/#primaryimage\"},\"image\":{\"@id\":\"https:\\\/\\\/linesfiction.de\\\/lfd\\\/lines-fiction-filmrolle-2022\\\/#primaryimage\"},\"thumbnailUrl\":\"https:\\\/\\\/linesfiction.de\\\/lf\\\/wp-content\\\/uploads\\\/2022\\\/06\\\/linesfiction_invite_2022_Seite_1-1024x727.jpg\",\"datePublished\":\"2023-01-11T17:02:45+00:00\",\"dateModified\":\"2025-04-03T22:26:38+00:00\",\"breadcrumb\":{\"@id\":\"https:\\\/\\\/linesfiction.de\\\/lfd\\\/lines-fiction-filmrolle-2022\\\/#breadcrumb\"},\"inLanguage\":\"de\",\"potentialAction\":[{\"@type\":\"ReadAction\",\"target\":[\"https:\\\/\\\/linesfiction.de\\\/lfd\\\/lines-fiction-filmrolle-2022\\\/\"]}]},{\"@type\":\"ImageObject\",\"inLanguage\":\"de\",\"@id\":\"https:\\\/\\\/linesfiction.de\\\/lfd\\\/lines-fiction-filmrolle-2022\\\/#primaryimage\",\"url\":\"https:\\\/\\\/linesfiction.de\\\/lf\\\/wp-content\\\/uploads\\\/2022\\\/06\\\/linesfiction_invite_2022_Seite_1-1024x727.jpg\",\"contentUrl\":\"https:\\\/\\\/linesfiction.de\\\/lf\\\/wp-content\\\/uploads\\\/2022\\\/06\\\/linesfiction_invite_2022_Seite_1-1024x727.jpg\"},{\"@type\":\"BreadcrumbList\",\"@id\":\"https:\\\/\\\/linesfiction.de\\\/lfd\\\/lines-fiction-filmrolle-2022\\\/#breadcrumb\",\"itemListElement\":[{\"@type\":\"ListItem\",\"position\":1,\"name\":\"Startseite\",\"item\":\"https:\\\/\\\/linesfiction.de\\\/lfd\\\/\"},{\"@type\":\"ListItem\",\"position\":2,\"name\":\"Lines Fiction Filmrolle 2022\"}]},{\"@type\":\"WebSite\",\"@id\":\"https:\\\/\\\/linesfiction.de\\\/lfd\\\/#website\",\"url\":\"https:\\\/\\\/linesfiction.de\\\/lfd\\\/\",\"name\":\"Lines Fiction - Zeichnung & Animation - Drawing & Animation\",\"description\":\"\",\"publisher\":{\"@id\":\"https:\\\/\\\/linesfiction.de\\\/lfd\\\/#organization\"},\"potentialAction\":[{\"@type\":\"SearchAction\",\"target\":{\"@type\":\"EntryPoint\",\"urlTemplate\":\"https:\\\/\\\/linesfiction.de\\\/lfd\\\/?s={search_term_string}\"},\"query-input\":{\"@type\":\"PropertyValueSpecification\",\"valueRequired\":true,\"valueName\":\"search_term_string\"}}],\"inLanguage\":\"de\"},{\"@type\":\"Organization\",\"@id\":\"https:\\\/\\\/linesfiction.de\\\/lfd\\\/#organization\",\"name\":\"Lines Fiction\",\"url\":\"https:\\\/\\\/linesfiction.de\\\/lfd\\\/\",\"logo\":{\"@type\":\"ImageObject\",\"inLanguage\":\"de\",\"@id\":\"https:\\\/\\\/linesfiction.de\\\/lfd\\\/#\\\/schema\\\/logo\\\/image\\\/\",\"url\":\"https:\\\/\\\/linesfiction.de\\\/lfd\\\/wp-content\\\/uploads\\\/2022\\\/12\\\/linesfiction_logo_instagram.jpg\",\"contentUrl\":\"https:\\\/\\\/linesfiction.de\\\/lfd\\\/wp-content\\\/uploads\\\/2022\\\/12\\\/linesfiction_logo_instagram.jpg\",\"width\":1080,\"height\":1077,\"caption\":\"Lines Fiction\"},\"image\":{\"@id\":\"https:\\\/\\\/linesfiction.de\\\/lfd\\\/#\\\/schema\\\/logo\\\/image\\\/\"},\"sameAs\":[\"https:\\\/\\\/www.facebook.com\\\/linesfiction\\\/\",\"https:\\\/\\\/x.com\\\/linesfiction\",\"https:\\\/\\\/www.instagram.com\\\/linesfiction\\\/\"]}]}<\/script>\n<!-- \/ Yoast SEO plugin. -->","yoast_head_json":{"title":"Lines Fiction Filmrolle 2022 - Lines Fiction \u2605 Zeichnung &amp; Animation \u2605","robots":{"index":"index","follow":"follow","max-snippet":"max-snippet:-1","max-image-preview":"max-image-preview:large","max-video-preview":"max-video-preview:-1"},"canonical":"https:\/\/linesfiction.de\/lfd\/lines-fiction-filmrolle-2022\/","og_locale":"de_DE","og_type":"article","og_title":"Lines Fiction Filmrolle 2022 - Lines Fiction \u2605 Zeichnung &amp; Animation \u2605","og_description":"Parallel zur Ausstellung \u201cAnonyme Zeichner 2022\u2033&nbsp;er\u00f6ffnet das Projekt LINES FICTIONin der Galerie im K\u00f6rnerpark, Berlinein Filmscreening mit ANIMATIONEN und ZEICHENTRICKFILMEN in einer vierst\u00fcndigen Filmrolle. Alle K\u00fcnstlerinnen und K\u00fcnstler haben sich in einem OPEN CALL auf linesfiction.de angemeldet. Es gab keine &hellip; Lines Fiction Filmrolle 2022 Weiterlesen &raquo;","og_url":"https:\/\/linesfiction.de\/lfd\/lines-fiction-filmrolle-2022\/","og_site_name":"Lines Fiction \u2605 Zeichnung &amp; Animation \u2605","article_publisher":"https:\/\/www.facebook.com\/linesfiction\/","article_modified_time":"2025-04-03T22:26:38+00:00","og_image":[{"url":"https:\/\/linesfiction.de\/lf\/wp-content\/uploads\/2022\/06\/linesfiction_invite_2022_Seite_1-1024x727.jpg","type":"","width":"","height":""}],"twitter_card":"summary_large_image","twitter_site":"@linesfiction","twitter_misc":{"Gesch\u00e4tzte Lesezeit":"1\u00a0Minute"},"schema":{"@context":"https:\/\/schema.org","@graph":[{"@type":"WebPage","@id":"https:\/\/linesfiction.de\/lfd\/lines-fiction-filmrolle-2022\/","url":"https:\/\/linesfiction.de\/lfd\/lines-fiction-filmrolle-2022\/","name":"Lines Fiction Filmrolle 2022 - Lines Fiction \u2605 Zeichnung &amp; Animation \u2605","isPartOf":{"@id":"https:\/\/linesfiction.de\/lfd\/#website"},"primaryImageOfPage":{"@id":"https:\/\/linesfiction.de\/lfd\/lines-fiction-filmrolle-2022\/#primaryimage"},"image":{"@id":"https:\/\/linesfiction.de\/lfd\/lines-fiction-filmrolle-2022\/#primaryimage"},"thumbnailUrl":"https:\/\/linesfiction.de\/lf\/wp-content\/uploads\/2022\/06\/linesfiction_invite_2022_Seite_1-1024x727.jpg","datePublished":"2023-01-11T17:02:45+00:00","dateModified":"2025-04-03T22:26:38+00:00","breadcrumb":{"@id":"https:\/\/linesfiction.de\/lfd\/lines-fiction-filmrolle-2022\/#breadcrumb"},"inLanguage":"de","potentialAction":[{"@type":"ReadAction","target":["https:\/\/linesfiction.de\/lfd\/lines-fiction-filmrolle-2022\/"]}]},{"@type":"ImageObject","inLanguage":"de","@id":"https:\/\/linesfiction.de\/lfd\/lines-fiction-filmrolle-2022\/#primaryimage","url":"https:\/\/linesfiction.de\/lf\/wp-content\/uploads\/2022\/06\/linesfiction_invite_2022_Seite_1-1024x727.jpg","contentUrl":"https:\/\/linesfiction.de\/lf\/wp-content\/uploads\/2022\/06\/linesfiction_invite_2022_Seite_1-1024x727.jpg"},{"@type":"BreadcrumbList","@id":"https:\/\/linesfiction.de\/lfd\/lines-fiction-filmrolle-2022\/#breadcrumb","itemListElement":[{"@type":"ListItem","position":1,"name":"Startseite","item":"https:\/\/linesfiction.de\/lfd\/"},{"@type":"ListItem","position":2,"name":"Lines Fiction Filmrolle 2022"}]},{"@type":"WebSite","@id":"https:\/\/linesfiction.de\/lfd\/#website","url":"https:\/\/linesfiction.de\/lfd\/","name":"Lines Fiction - Zeichnung & Animation - Drawing & Animation","description":"","publisher":{"@id":"https:\/\/linesfiction.de\/lfd\/#organization"},"potentialAction":[{"@type":"SearchAction","target":{"@type":"EntryPoint","urlTemplate":"https:\/\/linesfiction.de\/lfd\/?s={search_term_string}"},"query-input":{"@type":"PropertyValueSpecification","valueRequired":true,"valueName":"search_term_string"}}],"inLanguage":"de"},{"@type":"Organization","@id":"https:\/\/linesfiction.de\/lfd\/#organization","name":"Lines Fiction","url":"https:\/\/linesfiction.de\/lfd\/","logo":{"@type":"ImageObject","inLanguage":"de","@id":"https:\/\/linesfiction.de\/lfd\/#\/schema\/logo\/image\/","url":"https:\/\/linesfiction.de\/lfd\/wp-content\/uploads\/2022\/12\/linesfiction_logo_instagram.jpg","contentUrl":"https:\/\/linesfiction.de\/lfd\/wp-content\/uploads\/2022\/12\/linesfiction_logo_instagram.jpg","width":1080,"height":1077,"caption":"Lines Fiction"},"image":{"@id":"https:\/\/linesfiction.de\/lfd\/#\/schema\/logo\/image\/"},"sameAs":["https:\/\/www.facebook.com\/linesfiction\/","https:\/\/x.com\/linesfiction","https:\/\/www.instagram.com\/linesfiction\/"]}]}},"_links":{"self":[{"href":"https:\/\/linesfiction.de\/lfd\/wp-json\/wp\/v2\/pages\/3246","targetHints":{"allow":["GET"]}}],"collection":[{"href":"https:\/\/linesfiction.de\/lfd\/wp-json\/wp\/v2\/pages"}],"about":[{"href":"https:\/\/linesfiction.de\/lfd\/wp-json\/wp\/v2\/types\/page"}],"author":[{"embeddable":true,"href":"https:\/\/linesfiction.de\/lfd\/wp-json\/wp\/v2\/users\/7"}],"replies":[{"embeddable":true,"href":"https:\/\/linesfiction.de\/lfd\/wp-json\/wp\/v2\/comments?post=3246"}],"version-history":[{"count":5,"href":"https:\/\/linesfiction.de\/lfd\/wp-json\/wp\/v2\/pages\/3246\/revisions"}],"predecessor-version":[{"id":3838,"href":"https:\/\/linesfiction.de\/lfd\/wp-json\/wp\/v2\/pages\/3246\/revisions\/3838"}],"wp:attachment":[{"href":"https:\/\/linesfiction.de\/lfd\/wp-json\/wp\/v2\/media?parent=3246"}],"curies":[{"name":"wp","href":"https:\/\/api.w.org\/{rel}","templated":true}]}}