{"id":37,"date":"2012-01-02T18:33:19","date_gmt":"2012-01-02T17:33:19","guid":{"rendered":"http:\/\/linesfiction.de\/lf_d\/?page_id=37"},"modified":"2025-05-07T12:12:40","modified_gmt":"2025-05-07T11:12:40","slug":"bettina-munk","status":"publish","type":"page","link":"https:\/\/linesfiction.de\/lfd\/lines-fiction-online\/m-z\/bettina-munk\/","title":{"rendered":"Bettina Munk"},"content":{"rendered":"\n<p><u>Lines Fiction: Neben deinen Animationen, die unabh\u00e4ngig von deinen Zeichnungen gesehen werden k\u00f6nnen, zeigst du auch Zeichnungen und Animationen kombiniert in einer Installation?<\/u><\/p>\n\n\n\n<p>Bettina Munk: Ja, die unterschiedliche Natur der Medien Handzeichnung und bewegtes Bild zusammen in einer Installation erg\u00e4nzen sich und wirken aufeinander. Das gibt der Installation eine neue Komplexit\u00e4t, da beide Medien eine unterschiedliche zeitliche Wahrnehmung erfordern.<\/p>\n\n\n\n<p>In der Installation <strong>String<\/strong> zeige ich zwei Animationen <strong>Stringmoment<\/strong> und <strong>String<\/strong> auf wandmontierten Flachbildschirmen und dazwischen die Reihe <strong>S_3<\/strong>, vier Zeichnungen aus meiner Serie.<\/p>\n\n\n\n<p>In beiden Animationen tauchen nacheinander Punkte auf, die allm\u00e4hlich durch pulsierende Linien verbunden werden. Nach einer Weile verschwinden entweder alle zusammen wie ein fl\u00fcchtiger Gedanke, so in <strong>Stringmoment<\/strong> oder es entsteht ein schwingendes Netz, ein ephemerer K\u00f6rper, wie in der Animation <strong>String<\/strong>. Die Zeichnungen zwischen den Monitoren wirken wie Filmstills. In diesen Zeichnungen taucht ein Beobachter auf, ein Avatar f\u00fcr die Betrachter, und die Punkte aus den Animationen mutieren zu teils organisch teils geometrischen Formen. Die Zeichnungen erscheinen wie Nahaufnahmen der bewegten Bilder.<\/p>\n\n\n\n<p>Im Clip, den ich auf Lines Fiction zeige, wird die Verbindung zwischen Zeichnung &amp; Animation deutlicher.<\/p>\n\n\n\n<p><u>Lines Fiction: Du arbeitest mit Computerprogrammen und Zufallsoperationen?<\/u><\/p>\n\n\n\n<p>Bettina Munk: ich schreibe Programme f\u00fcr meine <a href=\"https:\/\/munkmovies.de\/m\/zeichnung-animation\/\" target=\"_blank\" rel=\"noopener noreferrer\">Computeranimationen<\/a>. Ich habe Zeichnungen und Aquarelle eingescannt, wie z.B. in wysiwyg_jazzy und habe sie dann per Code auftauchen, bewegen und verschwinden lassen. Dass ich Bilder und Filme codieren kann hat mich immer fasziniert. Code hat eine eigene Sch\u00f6nheit. In den beiden Animationen Stringmoment und String setze ich Zufallsmodule ein, die an einem zuf\u00e4lligen Ort auf der B\u00fchne meine bewegten Punkte auftauchen lassen. Dann zeichne ich per Codierung die pulsierenden Verbindungslinien zwischen den Punkten.<\/p>\n\n\n\n<p>Ich benutze auch 3D-programme um eine Animation zu entwickeln, und da wechselwirken Zeichnung und bewegtes Bild direkt miteinander. Ich habe Standbilder aus der Animation als Zeichenvorlage f\u00fcr meine Zeichnungsserie genommen. Die Animation, codiert und entwickelt in den Tiefen des Computers, wird durch die Dokumentation in der Zeichnung erst real, das ist die Idee hinter der Installation.<\/p>\n\n\n\n<p>In den Animationen erzeugt das Zufallsprogramm das Bild, in den Zeichnungen w\u00fcrfle ich die Position aller Elemente aus, und in diesen Koinzidenzen entsteht die Komposition.<\/p>\n\n\n\n<p>Das Konzept basiert auf Zufall in der k\u00fcnstlerischen Tradition von John Cage. Ich stimme sehr mit seiner Auffassung von Komposition \u00fcberein. Seine Ideen beziehen sich auf das I Ging und die \u00f6stlichen Philosophien, ich habe mich vor allem mit wissenschaftlichen Konzepten der\u00a0 Wahrscheinlichkeit besch\u00e4ftigt. Das liegt in der philosophischen Betrachtung gar nicht so weit auseinander, wie man meinen k\u00f6nnte.<\/p>\n\n\n\n<p>Im Englischen hat Zufall : chance, einen positiven Klang: &#8222;to get a chance&#8220;, eine Gelegenheit. Im Deutschen ist man da etwas vage &#8211; und misstrauischer. Etwas f\u00e4llt einem zu, das kann auch im Unfall enden.<\/p>\n\n\n\n<p>Ich mag die zuf\u00e4lligen Zusammentreffen. Im Alltag erleben wir Kontingenzen, die unsrem Leben eine neue Wendung geben bis das ganze Leben so ausgeformt wird. Und in der Physik suchen die Forscher nach der Natur des absoluten Zufalls, der in den Kr\u00e4ften des Universums seine wesentliche Rolle spielt.<\/p>\n\n\n\n<p><a href=\"http:\/\/www.munkmovies.de\" target=\"_blank\" rel=\"noopener noreferrer\">munkmovies.de<\/a><\/p>\n\n\n\n<p><a href=\"https:\/\/www.riffreporter.de\/debattemuseum\/bettina-munk-aufprall\/\" target=\"_blank\" rel=\"noopener noreferrer\">Kunst ist Transformation<\/a><\/p>\n","protected":false},"excerpt":{"rendered":"<p>Lines Fiction: Neben deinen Animationen, die unabh\u00e4ngig von deinen Zeichnungen gesehen werden k\u00f6nnen, zeigst du auch Zeichnungen und Animationen kombiniert in einer Installation? Bettina Munk: Ja, die unterschiedliche Natur der Medien Handzeichnung und bewegtes Bild zusammen in einer Installation erg\u00e4nzen &hellip;<\/p>\n<p class=\"read-more\"> <a class=\"more-link\" href=\"https:\/\/linesfiction.de\/lfd\/lines-fiction-online\/m-z\/bettina-munk\/\"> <span class=\"screen-reader-text\">Bettina Munk<\/span> Weiterlesen &raquo;<\/a><\/p>\n","protected":false},"author":9,"featured_media":0,"parent":503,"menu_order":0,"comment_status":"closed","ping_status":"closed","template":"","meta":{"footnotes":""},"class_list":["post-37","page","type-page","status-publish","hentry"],"yoast_head":"<!-- This site is optimized with the Yoast SEO plugin v27.3 - https:\/\/yoast.com\/product\/yoast-seo-wordpress\/ -->\n<title>Bettina Munk - Lines Fiction \u2605 Zeichnung &amp; Animation \u2605<\/title>\n<meta name=\"robots\" content=\"index, follow, max-snippet:-1, max-image-preview:large, max-video-preview:-1\" \/>\n<link rel=\"canonical\" href=\"https:\/\/linesfiction.de\/lfd\/lines-fiction-online\/m-z\/bettina-munk\/\" \/>\n<meta property=\"og:locale\" content=\"de_DE\" \/>\n<meta property=\"og:type\" content=\"article\" \/>\n<meta property=\"og:title\" content=\"Bettina Munk - Lines Fiction \u2605 Zeichnung &amp; Animation \u2605\" \/>\n<meta property=\"og:description\" content=\"Lines Fiction: Neben deinen Animationen, die unabh\u00e4ngig von deinen Zeichnungen gesehen werden k\u00f6nnen, zeigst du auch Zeichnungen und Animationen kombiniert in einer Installation? Bettina Munk: Ja, die unterschiedliche Natur der Medien Handzeichnung und bewegtes Bild zusammen in einer Installation erg\u00e4nzen &hellip; Bettina Munk Weiterlesen &raquo;\" \/>\n<meta property=\"og:url\" content=\"https:\/\/linesfiction.de\/lfd\/lines-fiction-online\/m-z\/bettina-munk\/\" \/>\n<meta property=\"og:site_name\" content=\"Lines Fiction \u2605 Zeichnung &amp; Animation \u2605\" \/>\n<meta property=\"article:publisher\" content=\"https:\/\/www.facebook.com\/linesfiction\/\" \/>\n<meta property=\"article:modified_time\" content=\"2025-05-07T11:12:40+00:00\" \/>\n<meta name=\"twitter:card\" content=\"summary_large_image\" \/>\n<meta name=\"twitter:site\" content=\"@linesfiction\" \/>\n<meta name=\"twitter:label1\" content=\"Gesch\u00e4tzte Lesezeit\" \/>\n\t<meta name=\"twitter:data1\" content=\"3\u00a0Minuten\" \/>\n<script type=\"application\/ld+json\" class=\"yoast-schema-graph\">{\"@context\":\"https:\\\/\\\/schema.org\",\"@graph\":[{\"@type\":\"WebPage\",\"@id\":\"https:\\\/\\\/linesfiction.de\\\/lfd\\\/lines-fiction-online\\\/m-z\\\/bettina-munk\\\/\",\"url\":\"https:\\\/\\\/linesfiction.de\\\/lfd\\\/lines-fiction-online\\\/m-z\\\/bettina-munk\\\/\",\"name\":\"Bettina Munk - Lines Fiction \u2605 Zeichnung &amp; Animation \u2605\",\"isPartOf\":{\"@id\":\"https:\\\/\\\/linesfiction.de\\\/lfd\\\/#website\"},\"datePublished\":\"2012-01-02T17:33:19+00:00\",\"dateModified\":\"2025-05-07T11:12:40+00:00\",\"breadcrumb\":{\"@id\":\"https:\\\/\\\/linesfiction.de\\\/lfd\\\/lines-fiction-online\\\/m-z\\\/bettina-munk\\\/#breadcrumb\"},\"inLanguage\":\"de\",\"potentialAction\":[{\"@type\":\"ReadAction\",\"target\":[\"https:\\\/\\\/linesfiction.de\\\/lfd\\\/lines-fiction-online\\\/m-z\\\/bettina-munk\\\/\"]}]},{\"@type\":\"BreadcrumbList\",\"@id\":\"https:\\\/\\\/linesfiction.de\\\/lfd\\\/lines-fiction-online\\\/m-z\\\/bettina-munk\\\/#breadcrumb\",\"itemListElement\":[{\"@type\":\"ListItem\",\"position\":1,\"name\":\"Startseite\",\"item\":\"https:\\\/\\\/linesfiction.de\\\/lfd\\\/\"},{\"@type\":\"ListItem\",\"position\":2,\"name\":\"Lines Fiction online\",\"item\":\"https:\\\/\\\/linesfiction.de\\\/lfd\\\/lines-fiction-online\\\/\"},{\"@type\":\"ListItem\",\"position\":3,\"name\":\"M &#8211; Z\",\"item\":\"https:\\\/\\\/linesfiction.de\\\/lfd\\\/lines-fiction-online\\\/m-z\\\/\"},{\"@type\":\"ListItem\",\"position\":4,\"name\":\"Bettina Munk\"}]},{\"@type\":\"WebSite\",\"@id\":\"https:\\\/\\\/linesfiction.de\\\/lfd\\\/#website\",\"url\":\"https:\\\/\\\/linesfiction.de\\\/lfd\\\/\",\"name\":\"Lines Fiction - Zeichnung & Animation - Drawing & Animation\",\"description\":\"\",\"publisher\":{\"@id\":\"https:\\\/\\\/linesfiction.de\\\/lfd\\\/#organization\"},\"potentialAction\":[{\"@type\":\"SearchAction\",\"target\":{\"@type\":\"EntryPoint\",\"urlTemplate\":\"https:\\\/\\\/linesfiction.de\\\/lfd\\\/?s={search_term_string}\"},\"query-input\":{\"@type\":\"PropertyValueSpecification\",\"valueRequired\":true,\"valueName\":\"search_term_string\"}}],\"inLanguage\":\"de\"},{\"@type\":\"Organization\",\"@id\":\"https:\\\/\\\/linesfiction.de\\\/lfd\\\/#organization\",\"name\":\"Lines Fiction\",\"url\":\"https:\\\/\\\/linesfiction.de\\\/lfd\\\/\",\"logo\":{\"@type\":\"ImageObject\",\"inLanguage\":\"de\",\"@id\":\"https:\\\/\\\/linesfiction.de\\\/lfd\\\/#\\\/schema\\\/logo\\\/image\\\/\",\"url\":\"https:\\\/\\\/linesfiction.de\\\/lfd\\\/wp-content\\\/uploads\\\/2022\\\/12\\\/linesfiction_logo_instagram.jpg\",\"contentUrl\":\"https:\\\/\\\/linesfiction.de\\\/lfd\\\/wp-content\\\/uploads\\\/2022\\\/12\\\/linesfiction_logo_instagram.jpg\",\"width\":1080,\"height\":1077,\"caption\":\"Lines Fiction\"},\"image\":{\"@id\":\"https:\\\/\\\/linesfiction.de\\\/lfd\\\/#\\\/schema\\\/logo\\\/image\\\/\"},\"sameAs\":[\"https:\\\/\\\/www.facebook.com\\\/linesfiction\\\/\",\"https:\\\/\\\/x.com\\\/linesfiction\",\"https:\\\/\\\/www.instagram.com\\\/linesfiction\\\/\"]}]}<\/script>\n<!-- \/ Yoast SEO plugin. -->","yoast_head_json":{"title":"Bettina Munk - Lines Fiction \u2605 Zeichnung &amp; Animation \u2605","robots":{"index":"index","follow":"follow","max-snippet":"max-snippet:-1","max-image-preview":"max-image-preview:large","max-video-preview":"max-video-preview:-1"},"canonical":"https:\/\/linesfiction.de\/lfd\/lines-fiction-online\/m-z\/bettina-munk\/","og_locale":"de_DE","og_type":"article","og_title":"Bettina Munk - Lines Fiction \u2605 Zeichnung &amp; Animation \u2605","og_description":"Lines Fiction: Neben deinen Animationen, die unabh\u00e4ngig von deinen Zeichnungen gesehen werden k\u00f6nnen, zeigst du auch Zeichnungen und Animationen kombiniert in einer Installation? Bettina Munk: Ja, die unterschiedliche Natur der Medien Handzeichnung und bewegtes Bild zusammen in einer Installation erg\u00e4nzen &hellip; Bettina Munk Weiterlesen &raquo;","og_url":"https:\/\/linesfiction.de\/lfd\/lines-fiction-online\/m-z\/bettina-munk\/","og_site_name":"Lines Fiction \u2605 Zeichnung &amp; Animation \u2605","article_publisher":"https:\/\/www.facebook.com\/linesfiction\/","article_modified_time":"2025-05-07T11:12:40+00:00","twitter_card":"summary_large_image","twitter_site":"@linesfiction","twitter_misc":{"Gesch\u00e4tzte Lesezeit":"3\u00a0Minuten"},"schema":{"@context":"https:\/\/schema.org","@graph":[{"@type":"WebPage","@id":"https:\/\/linesfiction.de\/lfd\/lines-fiction-online\/m-z\/bettina-munk\/","url":"https:\/\/linesfiction.de\/lfd\/lines-fiction-online\/m-z\/bettina-munk\/","name":"Bettina Munk - Lines Fiction \u2605 Zeichnung &amp; Animation \u2605","isPartOf":{"@id":"https:\/\/linesfiction.de\/lfd\/#website"},"datePublished":"2012-01-02T17:33:19+00:00","dateModified":"2025-05-07T11:12:40+00:00","breadcrumb":{"@id":"https:\/\/linesfiction.de\/lfd\/lines-fiction-online\/m-z\/bettina-munk\/#breadcrumb"},"inLanguage":"de","potentialAction":[{"@type":"ReadAction","target":["https:\/\/linesfiction.de\/lfd\/lines-fiction-online\/m-z\/bettina-munk\/"]}]},{"@type":"BreadcrumbList","@id":"https:\/\/linesfiction.de\/lfd\/lines-fiction-online\/m-z\/bettina-munk\/#breadcrumb","itemListElement":[{"@type":"ListItem","position":1,"name":"Startseite","item":"https:\/\/linesfiction.de\/lfd\/"},{"@type":"ListItem","position":2,"name":"Lines Fiction online","item":"https:\/\/linesfiction.de\/lfd\/lines-fiction-online\/"},{"@type":"ListItem","position":3,"name":"M &#8211; Z","item":"https:\/\/linesfiction.de\/lfd\/lines-fiction-online\/m-z\/"},{"@type":"ListItem","position":4,"name":"Bettina Munk"}]},{"@type":"WebSite","@id":"https:\/\/linesfiction.de\/lfd\/#website","url":"https:\/\/linesfiction.de\/lfd\/","name":"Lines Fiction - Zeichnung & Animation - Drawing & Animation","description":"","publisher":{"@id":"https:\/\/linesfiction.de\/lfd\/#organization"},"potentialAction":[{"@type":"SearchAction","target":{"@type":"EntryPoint","urlTemplate":"https:\/\/linesfiction.de\/lfd\/?s={search_term_string}"},"query-input":{"@type":"PropertyValueSpecification","valueRequired":true,"valueName":"search_term_string"}}],"inLanguage":"de"},{"@type":"Organization","@id":"https:\/\/linesfiction.de\/lfd\/#organization","name":"Lines Fiction","url":"https:\/\/linesfiction.de\/lfd\/","logo":{"@type":"ImageObject","inLanguage":"de","@id":"https:\/\/linesfiction.de\/lfd\/#\/schema\/logo\/image\/","url":"https:\/\/linesfiction.de\/lfd\/wp-content\/uploads\/2022\/12\/linesfiction_logo_instagram.jpg","contentUrl":"https:\/\/linesfiction.de\/lfd\/wp-content\/uploads\/2022\/12\/linesfiction_logo_instagram.jpg","width":1080,"height":1077,"caption":"Lines Fiction"},"image":{"@id":"https:\/\/linesfiction.de\/lfd\/#\/schema\/logo\/image\/"},"sameAs":["https:\/\/www.facebook.com\/linesfiction\/","https:\/\/x.com\/linesfiction","https:\/\/www.instagram.com\/linesfiction\/"]}]}},"_links":{"self":[{"href":"https:\/\/linesfiction.de\/lfd\/wp-json\/wp\/v2\/pages\/37","targetHints":{"allow":["GET"]}}],"collection":[{"href":"https:\/\/linesfiction.de\/lfd\/wp-json\/wp\/v2\/pages"}],"about":[{"href":"https:\/\/linesfiction.de\/lfd\/wp-json\/wp\/v2\/types\/page"}],"author":[{"embeddable":true,"href":"https:\/\/linesfiction.de\/lfd\/wp-json\/wp\/v2\/users\/9"}],"replies":[{"embeddable":true,"href":"https:\/\/linesfiction.de\/lfd\/wp-json\/wp\/v2\/comments?post=37"}],"version-history":[{"count":63,"href":"https:\/\/linesfiction.de\/lfd\/wp-json\/wp\/v2\/pages\/37\/revisions"}],"predecessor-version":[{"id":3448,"href":"https:\/\/linesfiction.de\/lfd\/wp-json\/wp\/v2\/pages\/37\/revisions\/3448"}],"up":[{"embeddable":true,"href":"https:\/\/linesfiction.de\/lfd\/wp-json\/wp\/v2\/pages\/503"}],"wp:attachment":[{"href":"https:\/\/linesfiction.de\/lfd\/wp-json\/wp\/v2\/media?parent=37"}],"curies":[{"name":"wp","href":"https:\/\/api.w.org\/{rel}","templated":true}]}}