{"id":814,"date":"2013-02-26T00:38:25","date_gmt":"2013-02-25T23:38:25","guid":{"rendered":"http:\/\/linesfiction.de\/lfd\/?page_id=814"},"modified":"2022-12-25T17:34:17","modified_gmt":"2022-12-25T16:34:17","slug":"oqbo-berlin","status":"publish","type":"page","link":"https:\/\/linesfiction.de\/lfd\/lines-fiction-offline\/oqbo-berlin\/","title":{"rendered":"2013: \u00fcber die linie &#8211; oqbo, Berlin"},"content":{"rendered":"<blockquote><p>Screening<\/p>\n<p>\u00fcber die linie<br \/>\nLines Fiction @ oqbo<br \/>\n21. Februar 2013<br \/>\nmit<br \/>\nMonika Bartholom\u00e9<br \/>\nSusanne Rosin<br \/>\nMatthias Beckmann<br \/>\nSebastian P\u00f6llmann<br \/>\nAline Helmcke<br \/>\nKakyoung Lee<br \/>\nKatharina Meldner<br \/>\nKatrin Str\u00f6bel<\/p><\/blockquote>\n<p><img loading=\"lazy\" decoding=\"async\" class=\"alignnone size-large wp-image-815\" src=\"http:\/\/linesfiction.de\/lfd\/wp-content\/uploads\/2013\/02\/DSC5830-gut-kl-1024x682.jpg\" alt=\"_DSC5830 gut kl\" width=\"700\" height=\"402\"><\/p>\n<p><img loading=\"lazy\" decoding=\"async\" class=\"alignnone size-large wp-image-818\" src=\"http:\/\/linesfiction.de\/lfd\/wp-content\/uploads\/2013\/02\/DSC5834-gut-kl-1024x682.jpg\" alt=\"_DSC5834 gut kl\" width=\"700\" height=\"402\"><\/p>\n<p><img loading=\"lazy\" decoding=\"async\" class=\"alignnone size-large wp-image-823\" src=\"http:\/\/linesfiction.de\/lfd\/wp-content\/uploads\/2013\/02\/oqbo_n.jpg\" alt=\"oqbo_n\" width=\"700\" height=\"402\" srcset=\"https:\/\/linesfiction.de\/lfd\/wp-content\/uploads\/2013\/02\/oqbo_n.jpg 700w, https:\/\/linesfiction.de\/lfd\/wp-content\/uploads\/2013\/02\/oqbo_n-300x172.jpg 300w\" sizes=\"auto, (max-width: 700px) 100vw, 700px\" \/><\/p>\n<p><img loading=\"lazy\" decoding=\"async\" class=\"alignnone size-large wp-image-824\" src=\"http:\/\/linesfiction.de\/lfd\/wp-content\/uploads\/2013\/02\/oqbo2_n.jpg\" alt=\"oqbo2_n\" width=\"700\" height=\"402\"><\/p>\n<p><img loading=\"lazy\" decoding=\"async\" class=\"alignnone size-large wp-image-825\" src=\"http:\/\/linesfiction.de\/lfd\/wp-content\/uploads\/2013\/02\/oqbo3_n.jpg\" alt=\"oqbo3_n\" width=\"700\" height=\"402\"><\/p>\n<p><img loading=\"lazy\" decoding=\"async\" class=\"alignnone size-full wp-image-835\" src=\"http:\/\/linesfiction.de\/lfd\/wp-content\/uploads\/2013\/02\/oqbo4_n.jpg\" alt=\"oqbo4_n\" width=\"700\" height=\"402\" srcset=\"https:\/\/linesfiction.de\/lfd\/wp-content\/uploads\/2013\/02\/oqbo4_n.jpg 700w, https:\/\/linesfiction.de\/lfd\/wp-content\/uploads\/2013\/02\/oqbo4_n-300x172.jpg 300w\" sizes=\"auto, (max-width: 700px) 100vw, 700px\" \/><\/p>\n","protected":false},"excerpt":{"rendered":"<p>Screening \u00fcber die linie Lines Fiction @ oqbo 21. Februar 2013 mit Monika Bartholom\u00e9 Susanne Rosin Matthias Beckmann Sebastian P\u00f6llmann Aline Helmcke Kakyoung Lee Katharina Meldner Katrin Str\u00f6bel<\/p>\n","protected":false},"author":7,"featured_media":0,"parent":150,"menu_order":0,"comment_status":"closed","ping_status":"open","template":"full-width-page.php","meta":{"footnotes":""},"class_list":["post-814","page","type-page","status-publish","hentry"],"yoast_head":"<!-- This site is optimized with the Yoast SEO plugin v27.3 - https:\/\/yoast.com\/product\/yoast-seo-wordpress\/ -->\n<title>2013: \u00fcber die linie - oqbo, Berlin - Lines Fiction \u2605 Zeichnung &amp; Animation \u2605<\/title>\n<meta name=\"description\" content=\"\u00fcber die linie, ein Screening von Lines Fiction im oqbo, dem Raum f\u00fcr bild, wort und ton, am 21. Februar 2013\" \/>\n<meta name=\"robots\" content=\"index, follow, max-snippet:-1, max-image-preview:large, max-video-preview:-1\" \/>\n<link rel=\"canonical\" href=\"https:\/\/linesfiction.de\/lfd\/lines-fiction-offline\/oqbo-berlin\/\" \/>\n<meta property=\"og:locale\" content=\"de_DE\" \/>\n<meta property=\"og:type\" content=\"article\" \/>\n<meta property=\"og:title\" content=\"2013: \u00fcber die linie - oqbo, Berlin - Lines Fiction \u2605 Zeichnung &amp; Animation \u2605\" \/>\n<meta property=\"og:description\" content=\"\u00fcber die linie, ein Screening von Lines Fiction im oqbo, dem Raum f\u00fcr bild, wort und ton, am 21. Februar 2013\" \/>\n<meta property=\"og:url\" content=\"https:\/\/linesfiction.de\/lfd\/lines-fiction-offline\/oqbo-berlin\/\" \/>\n<meta property=\"og:site_name\" content=\"Lines Fiction \u2605 Zeichnung &amp; Animation \u2605\" \/>\n<meta property=\"article:publisher\" content=\"https:\/\/www.facebook.com\/linesfiction\/\" \/>\n<meta property=\"article:modified_time\" content=\"2022-12-25T16:34:17+00:00\" \/>\n<meta property=\"og:image\" content=\"http:\/\/linesfiction.de\/lfd\/wp-content\/uploads\/2013\/02\/DSC5830-gut-kl-1024x682.jpg\" \/>\n<meta name=\"twitter:card\" content=\"summary_large_image\" \/>\n<meta name=\"twitter:site\" content=\"@linesfiction\" \/>\n<meta name=\"twitter:label1\" content=\"Gesch\u00e4tzte Lesezeit\" \/>\n\t<meta name=\"twitter:data1\" content=\"2\u00a0Minuten\" \/>\n<script type=\"application\/ld+json\" class=\"yoast-schema-graph\">{\"@context\":\"https:\\\/\\\/schema.org\",\"@graph\":[{\"@type\":\"Article\",\"@id\":\"https:\\\/\\\/linesfiction.de\\\/lfd\\\/lines-fiction-offline\\\/oqbo-berlin\\\/#article\",\"isPartOf\":{\"@id\":\"https:\\\/\\\/linesfiction.de\\\/lfd\\\/lines-fiction-offline\\\/oqbo-berlin\\\/\"},\"author\":{\"name\":\"Ad Min\",\"@id\":\"https:\\\/\\\/linesfiction.de\\\/lfd\\\/#\\\/schema\\\/person\\\/4bcd2d2c0b2c7f0737c7bd93ae788bca\"},\"headline\":\"2013: \u00fcber die linie &#8211; oqbo, Berlin\",\"datePublished\":\"2013-02-25T23:38:25+00:00\",\"dateModified\":\"2022-12-25T16:34:17+00:00\",\"mainEntityOfPage\":{\"@id\":\"https:\\\/\\\/linesfiction.de\\\/lfd\\\/lines-fiction-offline\\\/oqbo-berlin\\\/\"},\"wordCount\":33,\"publisher\":{\"@id\":\"https:\\\/\\\/linesfiction.de\\\/lfd\\\/#organization\"},\"image\":{\"@id\":\"https:\\\/\\\/linesfiction.de\\\/lfd\\\/lines-fiction-offline\\\/oqbo-berlin\\\/#primaryimage\"},\"thumbnailUrl\":\"http:\\\/\\\/linesfiction.de\\\/lfd\\\/wp-content\\\/uploads\\\/2013\\\/02\\\/DSC5830-gut-kl-1024x682.jpg\",\"inLanguage\":\"de\"},{\"@type\":\"WebPage\",\"@id\":\"https:\\\/\\\/linesfiction.de\\\/lfd\\\/lines-fiction-offline\\\/oqbo-berlin\\\/\",\"url\":\"https:\\\/\\\/linesfiction.de\\\/lfd\\\/lines-fiction-offline\\\/oqbo-berlin\\\/\",\"name\":\"2013: \u00fcber die linie - oqbo, Berlin - Lines Fiction \u2605 Zeichnung &amp; Animation \u2605\",\"isPartOf\":{\"@id\":\"https:\\\/\\\/linesfiction.de\\\/lfd\\\/#website\"},\"primaryImageOfPage\":{\"@id\":\"https:\\\/\\\/linesfiction.de\\\/lfd\\\/lines-fiction-offline\\\/oqbo-berlin\\\/#primaryimage\"},\"image\":{\"@id\":\"https:\\\/\\\/linesfiction.de\\\/lfd\\\/lines-fiction-offline\\\/oqbo-berlin\\\/#primaryimage\"},\"thumbnailUrl\":\"http:\\\/\\\/linesfiction.de\\\/lfd\\\/wp-content\\\/uploads\\\/2013\\\/02\\\/DSC5830-gut-kl-1024x682.jpg\",\"datePublished\":\"2013-02-25T23:38:25+00:00\",\"dateModified\":\"2022-12-25T16:34:17+00:00\",\"description\":\"\u00fcber die linie, ein Screening von Lines Fiction im oqbo, dem Raum f\u00fcr bild, wort und ton, am 21. Februar 2013\",\"breadcrumb\":{\"@id\":\"https:\\\/\\\/linesfiction.de\\\/lfd\\\/lines-fiction-offline\\\/oqbo-berlin\\\/#breadcrumb\"},\"inLanguage\":\"de\",\"potentialAction\":[{\"@type\":\"ReadAction\",\"target\":[\"https:\\\/\\\/linesfiction.de\\\/lfd\\\/lines-fiction-offline\\\/oqbo-berlin\\\/\"]}]},{\"@type\":\"ImageObject\",\"inLanguage\":\"de\",\"@id\":\"https:\\\/\\\/linesfiction.de\\\/lfd\\\/lines-fiction-offline\\\/oqbo-berlin\\\/#primaryimage\",\"url\":\"https:\\\/\\\/linesfiction.de\\\/lfd\\\/wp-content\\\/uploads\\\/2013\\\/02\\\/DSC5830-gut-kl.jpg\",\"contentUrl\":\"https:\\\/\\\/linesfiction.de\\\/lfd\\\/wp-content\\\/uploads\\\/2013\\\/02\\\/DSC5830-gut-kl.jpg\",\"width\":2480,\"height\":1654},{\"@type\":\"BreadcrumbList\",\"@id\":\"https:\\\/\\\/linesfiction.de\\\/lfd\\\/lines-fiction-offline\\\/oqbo-berlin\\\/#breadcrumb\",\"itemListElement\":[{\"@type\":\"ListItem\",\"position\":1,\"name\":\"Startseite\",\"item\":\"https:\\\/\\\/linesfiction.de\\\/lfd\\\/\"},{\"@type\":\"ListItem\",\"position\":2,\"name\":\"Lines Fiction Offline\",\"item\":\"https:\\\/\\\/linesfiction.de\\\/lfd\\\/lines-fiction-offline\\\/\"},{\"@type\":\"ListItem\",\"position\":3,\"name\":\"2013: \u00fcber die linie &#8211; oqbo, Berlin\"}]},{\"@type\":\"WebSite\",\"@id\":\"https:\\\/\\\/linesfiction.de\\\/lfd\\\/#website\",\"url\":\"https:\\\/\\\/linesfiction.de\\\/lfd\\\/\",\"name\":\"Lines Fiction - Zeichnung & Animation - Drawing & Animation\",\"description\":\"\",\"publisher\":{\"@id\":\"https:\\\/\\\/linesfiction.de\\\/lfd\\\/#organization\"},\"potentialAction\":[{\"@type\":\"SearchAction\",\"target\":{\"@type\":\"EntryPoint\",\"urlTemplate\":\"https:\\\/\\\/linesfiction.de\\\/lfd\\\/?s={search_term_string}\"},\"query-input\":{\"@type\":\"PropertyValueSpecification\",\"valueRequired\":true,\"valueName\":\"search_term_string\"}}],\"inLanguage\":\"de\"},{\"@type\":\"Organization\",\"@id\":\"https:\\\/\\\/linesfiction.de\\\/lfd\\\/#organization\",\"name\":\"Lines Fiction\",\"url\":\"https:\\\/\\\/linesfiction.de\\\/lfd\\\/\",\"logo\":{\"@type\":\"ImageObject\",\"inLanguage\":\"de\",\"@id\":\"https:\\\/\\\/linesfiction.de\\\/lfd\\\/#\\\/schema\\\/logo\\\/image\\\/\",\"url\":\"https:\\\/\\\/linesfiction.de\\\/lfd\\\/wp-content\\\/uploads\\\/2022\\\/12\\\/linesfiction_logo_instagram.jpg\",\"contentUrl\":\"https:\\\/\\\/linesfiction.de\\\/lfd\\\/wp-content\\\/uploads\\\/2022\\\/12\\\/linesfiction_logo_instagram.jpg\",\"width\":1080,\"height\":1077,\"caption\":\"Lines Fiction\"},\"image\":{\"@id\":\"https:\\\/\\\/linesfiction.de\\\/lfd\\\/#\\\/schema\\\/logo\\\/image\\\/\"},\"sameAs\":[\"https:\\\/\\\/www.facebook.com\\\/linesfiction\\\/\",\"https:\\\/\\\/x.com\\\/linesfiction\",\"https:\\\/\\\/www.instagram.com\\\/linesfiction\\\/\"]},{\"@type\":\"Person\",\"@id\":\"https:\\\/\\\/linesfiction.de\\\/lfd\\\/#\\\/schema\\\/person\\\/4bcd2d2c0b2c7f0737c7bd93ae788bca\",\"name\":\"Ad Min\",\"url\":\"https:\\\/\\\/linesfiction.de\\\/lfd\\\/author\\\/linus-fiktion\\\/\"}]}<\/script>\n<!-- \/ Yoast SEO plugin. -->","yoast_head_json":{"title":"2013: \u00fcber die linie - oqbo, Berlin - Lines Fiction \u2605 Zeichnung &amp; Animation \u2605","description":"\u00fcber die linie, ein Screening von Lines Fiction im oqbo, dem Raum f\u00fcr bild, wort und ton, am 21. Februar 2013","robots":{"index":"index","follow":"follow","max-snippet":"max-snippet:-1","max-image-preview":"max-image-preview:large","max-video-preview":"max-video-preview:-1"},"canonical":"https:\/\/linesfiction.de\/lfd\/lines-fiction-offline\/oqbo-berlin\/","og_locale":"de_DE","og_type":"article","og_title":"2013: \u00fcber die linie - oqbo, Berlin - Lines Fiction \u2605 Zeichnung &amp; Animation \u2605","og_description":"\u00fcber die linie, ein Screening von Lines Fiction im oqbo, dem Raum f\u00fcr bild, wort und ton, am 21. Februar 2013","og_url":"https:\/\/linesfiction.de\/lfd\/lines-fiction-offline\/oqbo-berlin\/","og_site_name":"Lines Fiction \u2605 Zeichnung &amp; Animation \u2605","article_publisher":"https:\/\/www.facebook.com\/linesfiction\/","article_modified_time":"2022-12-25T16:34:17+00:00","og_image":[{"url":"http:\/\/linesfiction.de\/lfd\/wp-content\/uploads\/2013\/02\/DSC5830-gut-kl-1024x682.jpg","type":"","width":"","height":""}],"twitter_card":"summary_large_image","twitter_site":"@linesfiction","twitter_misc":{"Gesch\u00e4tzte Lesezeit":"2\u00a0Minuten"},"schema":{"@context":"https:\/\/schema.org","@graph":[{"@type":"Article","@id":"https:\/\/linesfiction.de\/lfd\/lines-fiction-offline\/oqbo-berlin\/#article","isPartOf":{"@id":"https:\/\/linesfiction.de\/lfd\/lines-fiction-offline\/oqbo-berlin\/"},"author":{"name":"Ad Min","@id":"https:\/\/linesfiction.de\/lfd\/#\/schema\/person\/4bcd2d2c0b2c7f0737c7bd93ae788bca"},"headline":"2013: \u00fcber die linie &#8211; oqbo, Berlin","datePublished":"2013-02-25T23:38:25+00:00","dateModified":"2022-12-25T16:34:17+00:00","mainEntityOfPage":{"@id":"https:\/\/linesfiction.de\/lfd\/lines-fiction-offline\/oqbo-berlin\/"},"wordCount":33,"publisher":{"@id":"https:\/\/linesfiction.de\/lfd\/#organization"},"image":{"@id":"https:\/\/linesfiction.de\/lfd\/lines-fiction-offline\/oqbo-berlin\/#primaryimage"},"thumbnailUrl":"http:\/\/linesfiction.de\/lfd\/wp-content\/uploads\/2013\/02\/DSC5830-gut-kl-1024x682.jpg","inLanguage":"de"},{"@type":"WebPage","@id":"https:\/\/linesfiction.de\/lfd\/lines-fiction-offline\/oqbo-berlin\/","url":"https:\/\/linesfiction.de\/lfd\/lines-fiction-offline\/oqbo-berlin\/","name":"2013: \u00fcber die linie - oqbo, Berlin - Lines Fiction \u2605 Zeichnung &amp; Animation \u2605","isPartOf":{"@id":"https:\/\/linesfiction.de\/lfd\/#website"},"primaryImageOfPage":{"@id":"https:\/\/linesfiction.de\/lfd\/lines-fiction-offline\/oqbo-berlin\/#primaryimage"},"image":{"@id":"https:\/\/linesfiction.de\/lfd\/lines-fiction-offline\/oqbo-berlin\/#primaryimage"},"thumbnailUrl":"http:\/\/linesfiction.de\/lfd\/wp-content\/uploads\/2013\/02\/DSC5830-gut-kl-1024x682.jpg","datePublished":"2013-02-25T23:38:25+00:00","dateModified":"2022-12-25T16:34:17+00:00","description":"\u00fcber die linie, ein Screening von Lines Fiction im oqbo, dem Raum f\u00fcr bild, wort und ton, am 21. Februar 2013","breadcrumb":{"@id":"https:\/\/linesfiction.de\/lfd\/lines-fiction-offline\/oqbo-berlin\/#breadcrumb"},"inLanguage":"de","potentialAction":[{"@type":"ReadAction","target":["https:\/\/linesfiction.de\/lfd\/lines-fiction-offline\/oqbo-berlin\/"]}]},{"@type":"ImageObject","inLanguage":"de","@id":"https:\/\/linesfiction.de\/lfd\/lines-fiction-offline\/oqbo-berlin\/#primaryimage","url":"https:\/\/linesfiction.de\/lfd\/wp-content\/uploads\/2013\/02\/DSC5830-gut-kl.jpg","contentUrl":"https:\/\/linesfiction.de\/lfd\/wp-content\/uploads\/2013\/02\/DSC5830-gut-kl.jpg","width":2480,"height":1654},{"@type":"BreadcrumbList","@id":"https:\/\/linesfiction.de\/lfd\/lines-fiction-offline\/oqbo-berlin\/#breadcrumb","itemListElement":[{"@type":"ListItem","position":1,"name":"Startseite","item":"https:\/\/linesfiction.de\/lfd\/"},{"@type":"ListItem","position":2,"name":"Lines Fiction Offline","item":"https:\/\/linesfiction.de\/lfd\/lines-fiction-offline\/"},{"@type":"ListItem","position":3,"name":"2013: \u00fcber die linie &#8211; oqbo, Berlin"}]},{"@type":"WebSite","@id":"https:\/\/linesfiction.de\/lfd\/#website","url":"https:\/\/linesfiction.de\/lfd\/","name":"Lines Fiction - Zeichnung & Animation - Drawing & Animation","description":"","publisher":{"@id":"https:\/\/linesfiction.de\/lfd\/#organization"},"potentialAction":[{"@type":"SearchAction","target":{"@type":"EntryPoint","urlTemplate":"https:\/\/linesfiction.de\/lfd\/?s={search_term_string}"},"query-input":{"@type":"PropertyValueSpecification","valueRequired":true,"valueName":"search_term_string"}}],"inLanguage":"de"},{"@type":"Organization","@id":"https:\/\/linesfiction.de\/lfd\/#organization","name":"Lines Fiction","url":"https:\/\/linesfiction.de\/lfd\/","logo":{"@type":"ImageObject","inLanguage":"de","@id":"https:\/\/linesfiction.de\/lfd\/#\/schema\/logo\/image\/","url":"https:\/\/linesfiction.de\/lfd\/wp-content\/uploads\/2022\/12\/linesfiction_logo_instagram.jpg","contentUrl":"https:\/\/linesfiction.de\/lfd\/wp-content\/uploads\/2022\/12\/linesfiction_logo_instagram.jpg","width":1080,"height":1077,"caption":"Lines Fiction"},"image":{"@id":"https:\/\/linesfiction.de\/lfd\/#\/schema\/logo\/image\/"},"sameAs":["https:\/\/www.facebook.com\/linesfiction\/","https:\/\/x.com\/linesfiction","https:\/\/www.instagram.com\/linesfiction\/"]},{"@type":"Person","@id":"https:\/\/linesfiction.de\/lfd\/#\/schema\/person\/4bcd2d2c0b2c7f0737c7bd93ae788bca","name":"Ad Min","url":"https:\/\/linesfiction.de\/lfd\/author\/linus-fiktion\/"}]}},"_links":{"self":[{"href":"https:\/\/linesfiction.de\/lfd\/wp-json\/wp\/v2\/pages\/814","targetHints":{"allow":["GET"]}}],"collection":[{"href":"https:\/\/linesfiction.de\/lfd\/wp-json\/wp\/v2\/pages"}],"about":[{"href":"https:\/\/linesfiction.de\/lfd\/wp-json\/wp\/v2\/types\/page"}],"author":[{"embeddable":true,"href":"https:\/\/linesfiction.de\/lfd\/wp-json\/wp\/v2\/users\/7"}],"replies":[{"embeddable":true,"href":"https:\/\/linesfiction.de\/lfd\/wp-json\/wp\/v2\/comments?post=814"}],"version-history":[{"count":9,"href":"https:\/\/linesfiction.de\/lfd\/wp-json\/wp\/v2\/pages\/814\/revisions"}],"predecessor-version":[{"id":3187,"href":"https:\/\/linesfiction.de\/lfd\/wp-json\/wp\/v2\/pages\/814\/revisions\/3187"}],"up":[{"embeddable":true,"href":"https:\/\/linesfiction.de\/lfd\/wp-json\/wp\/v2\/pages\/150"}],"wp:attachment":[{"href":"https:\/\/linesfiction.de\/lfd\/wp-json\/wp\/v2\/media?parent=814"}],"curies":[{"name":"wp","href":"https:\/\/api.w.org\/{rel}","templated":true}]}}