{"id":971,"date":"2014-02-06T11:45:46","date_gmt":"2014-02-06T10:45:46","guid":{"rendered":"http:\/\/linesfiction.de\/lfd\/?page_id=971"},"modified":"2022-12-21T14:36:48","modified_gmt":"2022-12-21T13:36:48","slug":"gabriela-oberkofler","status":"publish","type":"page","link":"https:\/\/linesfiction.de\/lfd\/lines-fiction-online\/m-z\/gabriela-oberkofler\/","title":{"rendered":"Gabriela Oberkofler"},"content":{"rendered":"<p><u>Lines Fiction: Du bist in Bozen, Italien geboren und in einem Dorf in den Dolomiten, den Alpen in S\u00fcdtirol aufgewachsen. Natur und der Ort deiner Kindheit spielen eine Rolle in deinen Zeichnungen, Skulpturen und Installationen. Ist deine Kunst biographisch begr\u00fcndet?<\/u><\/p>\n<p>Gabriela Oberkofler: Ja ich w\u00fcrde sagen, meine Kunst ist biographisch gepr\u00e4gt. Du mu\u00dft dir vorstellen ich bin in den Dolomiten inmitten einer spektakul\u00e4ren Naturansicht aufgewachsen, umgeben von vielen Tieren, vor allem Pferden. Ich lebte in einer Umgebung mit sehr alten traditionellen Werten, es war eine gelebte Kultur im Einklang mit der Natur. Das verl\u00e4sst mich nicht. In Italo Calvinos Erz\u00e4hlung &#8222;Die unsichtbaren St\u00e4dte&#8220; spricht Marco Polo davon, da\u00df es bei seiner Beschreibung der vielen von ihm bereisten St\u00e4dte am Ende es doch immer um Venedig geht. In etwa ist es bei mir auch so. Auch wenn ich die unterschiedlichsten Impulse f\u00fcr meine k\u00fcnstlerische Arbeit bekomme beginne ich mit Bildern aus meiner Vergangenheit und mixe sie mit gegenw\u00e4rtigen Eindr\u00fccken, um etwas Neues entstehen zu lassen.<\/p>\n<p><u>Lines Fiction: Die pr\u00e4gende Verbindung von Orten mit der eigenen Person kennen wir von Marcel Proust: \u00e0 la recherche du temps perdu. Du behandelst nun nicht ausschlie\u00dflich vergangene Eindr\u00fccke sondern hast 2007 eine Gruppe gegr\u00fcndet: Local to Local. In der j\u00fcngeren Zeit gibt es ein gesteigertes Interesse am Regionalen und dem Konzept von Heimat. Verfolgst du mit deinem Engagement politische Ziele?<\/u><\/p>\n<p>Gabriela Oberkofler: Ja ich verstehe mein Engagement auch politisch. Ich bin sehr an lokalen Vorg\u00e4ngen weltweit interessiert. Mit &#8222;Local to Local&#8220; sind wir nach Korea, in die T\u00fcrkei und nach Litauen gereist. Es war sehr wichtig, sich mit dem jeweiligen Ort auseinanderzusetzen, und dabei nicht zu ignorieren, was dort politisch, \u00f6konomisch und sozial passiert. So realisierte ich ein Projekt mit den Pferdewagen auf der Insel By\u00fckada in der T\u00fcrkei. Aufgrund meiner Kindheitserfahrungen besch\u00e4ftigen mich Pferde und weise ich auf das Leben der Bauern hin.<\/p>\n<p><u>Lines Fiction: In deinen Ausstellungen verbindest du Zeichnung und Skulptur oder Animation zu Installationen. Wie war das mit deiner Pr\u00e4sentation CADE?<\/u><\/p>\n<p>Gabriela Oberkofler: Ich realisierte CADE f\u00fcr das Museion in Bolzano, der Stadt nahe meines Dorfes. Das Screening f\u00fcllte als Installation eine ganze Innenseite des Geb\u00e4udes. Meine Ausstellung thematisierte die Aufl\u00f6sung traditioneller Strukturen. Was geschieht, wenn der dreihundertj\u00e4hrige Kirchturm meines Dorfes symbolisch ins Museum umgesetzt wird? Was wird geschehen, wenn das uns \u00fcberlieferte Gef\u00fcge verschwindet?<\/p>\n<p><a href=\"http:\/\/gabrielaoberkofler.de\/\">gabrielaoberkofler.de<\/a><\/p>\n<p><a href=\"http:\/\/vimeo.com\/72253648\">CADE &#8230;es f\u00e4llt, Videoinstallation Museion Bolzano<\/a><\/p>\n","protected":false},"excerpt":{"rendered":"<p>Lines Fiction: Du bist in Bozen, Italien geboren und in einem Dorf in den Dolomiten, den Alpen in S\u00fcdtirol aufgewachsen. Natur und der Ort deiner Kindheit spielen eine Rolle in deinen Zeichnungen, Skulpturen und Installationen. Ist deine Kunst biographisch begr\u00fcndet? &hellip;<\/p>\n<p class=\"read-more\"> <a class=\"more-link\" href=\"https:\/\/linesfiction.de\/lfd\/lines-fiction-online\/m-z\/gabriela-oberkofler\/\"> <span class=\"screen-reader-text\">Gabriela Oberkofler<\/span> Weiterlesen &raquo;<\/a><\/p>\n","protected":false},"author":7,"featured_media":0,"parent":503,"menu_order":0,"comment_status":"closed","ping_status":"open","template":"content-sidebar-page.php","meta":{"footnotes":""},"class_list":["post-971","page","type-page","status-publish","hentry"],"yoast_head":"<!-- This site is optimized with the Yoast SEO plugin v27.3 - https:\/\/yoast.com\/product\/yoast-seo-wordpress\/ -->\n<title>Gabriela Oberkofler - Lines Fiction \u2605 Zeichnung &amp; Animation \u2605<\/title>\n<meta name=\"robots\" content=\"index, follow, max-snippet:-1, max-image-preview:large, max-video-preview:-1\" \/>\n<link rel=\"canonical\" href=\"https:\/\/linesfiction.de\/lfd\/lines-fiction-online\/m-z\/gabriela-oberkofler\/\" \/>\n<meta property=\"og:locale\" content=\"de_DE\" \/>\n<meta property=\"og:type\" content=\"article\" \/>\n<meta property=\"og:title\" content=\"Gabriela Oberkofler - Lines Fiction \u2605 Zeichnung &amp; Animation \u2605\" \/>\n<meta property=\"og:description\" content=\"Lines Fiction: Du bist in Bozen, Italien geboren und in einem Dorf in den Dolomiten, den Alpen in S\u00fcdtirol aufgewachsen. Natur und der Ort deiner Kindheit spielen eine Rolle in deinen Zeichnungen, Skulpturen und Installationen. Ist deine Kunst biographisch begr\u00fcndet? &hellip; Gabriela Oberkofler Weiterlesen &raquo;\" \/>\n<meta property=\"og:url\" content=\"https:\/\/linesfiction.de\/lfd\/lines-fiction-online\/m-z\/gabriela-oberkofler\/\" \/>\n<meta property=\"og:site_name\" content=\"Lines Fiction \u2605 Zeichnung &amp; Animation \u2605\" \/>\n<meta property=\"article:publisher\" content=\"https:\/\/www.facebook.com\/linesfiction\/\" \/>\n<meta property=\"article:modified_time\" content=\"2022-12-21T13:36:48+00:00\" \/>\n<meta name=\"twitter:card\" content=\"summary_large_image\" \/>\n<meta name=\"twitter:site\" content=\"@linesfiction\" \/>\n<meta name=\"twitter:label1\" content=\"Gesch\u00e4tzte Lesezeit\" \/>\n\t<meta name=\"twitter:data1\" content=\"2\u00a0Minuten\" \/>\n<script type=\"application\/ld+json\" class=\"yoast-schema-graph\">{\"@context\":\"https:\\\/\\\/schema.org\",\"@graph\":[{\"@type\":\"WebPage\",\"@id\":\"https:\\\/\\\/linesfiction.de\\\/lfd\\\/lines-fiction-online\\\/m-z\\\/gabriela-oberkofler\\\/\",\"url\":\"https:\\\/\\\/linesfiction.de\\\/lfd\\\/lines-fiction-online\\\/m-z\\\/gabriela-oberkofler\\\/\",\"name\":\"Gabriela Oberkofler - Lines Fiction \u2605 Zeichnung &amp; Animation \u2605\",\"isPartOf\":{\"@id\":\"https:\\\/\\\/linesfiction.de\\\/lfd\\\/#website\"},\"datePublished\":\"2014-02-06T10:45:46+00:00\",\"dateModified\":\"2022-12-21T13:36:48+00:00\",\"breadcrumb\":{\"@id\":\"https:\\\/\\\/linesfiction.de\\\/lfd\\\/lines-fiction-online\\\/m-z\\\/gabriela-oberkofler\\\/#breadcrumb\"},\"inLanguage\":\"de\",\"potentialAction\":[{\"@type\":\"ReadAction\",\"target\":[\"https:\\\/\\\/linesfiction.de\\\/lfd\\\/lines-fiction-online\\\/m-z\\\/gabriela-oberkofler\\\/\"]}]},{\"@type\":\"BreadcrumbList\",\"@id\":\"https:\\\/\\\/linesfiction.de\\\/lfd\\\/lines-fiction-online\\\/m-z\\\/gabriela-oberkofler\\\/#breadcrumb\",\"itemListElement\":[{\"@type\":\"ListItem\",\"position\":1,\"name\":\"Startseite\",\"item\":\"https:\\\/\\\/linesfiction.de\\\/lfd\\\/\"},{\"@type\":\"ListItem\",\"position\":2,\"name\":\"Lines Fiction online\",\"item\":\"https:\\\/\\\/linesfiction.de\\\/lfd\\\/lines-fiction-online\\\/\"},{\"@type\":\"ListItem\",\"position\":3,\"name\":\"M &#8211; Z\",\"item\":\"https:\\\/\\\/linesfiction.de\\\/lfd\\\/lines-fiction-online\\\/m-z\\\/\"},{\"@type\":\"ListItem\",\"position\":4,\"name\":\"Gabriela Oberkofler\"}]},{\"@type\":\"WebSite\",\"@id\":\"https:\\\/\\\/linesfiction.de\\\/lfd\\\/#website\",\"url\":\"https:\\\/\\\/linesfiction.de\\\/lfd\\\/\",\"name\":\"Lines Fiction - Zeichnung & Animation - Drawing & Animation\",\"description\":\"\",\"publisher\":{\"@id\":\"https:\\\/\\\/linesfiction.de\\\/lfd\\\/#organization\"},\"potentialAction\":[{\"@type\":\"SearchAction\",\"target\":{\"@type\":\"EntryPoint\",\"urlTemplate\":\"https:\\\/\\\/linesfiction.de\\\/lfd\\\/?s={search_term_string}\"},\"query-input\":{\"@type\":\"PropertyValueSpecification\",\"valueRequired\":true,\"valueName\":\"search_term_string\"}}],\"inLanguage\":\"de\"},{\"@type\":\"Organization\",\"@id\":\"https:\\\/\\\/linesfiction.de\\\/lfd\\\/#organization\",\"name\":\"Lines Fiction\",\"url\":\"https:\\\/\\\/linesfiction.de\\\/lfd\\\/\",\"logo\":{\"@type\":\"ImageObject\",\"inLanguage\":\"de\",\"@id\":\"https:\\\/\\\/linesfiction.de\\\/lfd\\\/#\\\/schema\\\/logo\\\/image\\\/\",\"url\":\"https:\\\/\\\/linesfiction.de\\\/lfd\\\/wp-content\\\/uploads\\\/2022\\\/12\\\/linesfiction_logo_instagram.jpg\",\"contentUrl\":\"https:\\\/\\\/linesfiction.de\\\/lfd\\\/wp-content\\\/uploads\\\/2022\\\/12\\\/linesfiction_logo_instagram.jpg\",\"width\":1080,\"height\":1077,\"caption\":\"Lines Fiction\"},\"image\":{\"@id\":\"https:\\\/\\\/linesfiction.de\\\/lfd\\\/#\\\/schema\\\/logo\\\/image\\\/\"},\"sameAs\":[\"https:\\\/\\\/www.facebook.com\\\/linesfiction\\\/\",\"https:\\\/\\\/x.com\\\/linesfiction\",\"https:\\\/\\\/www.instagram.com\\\/linesfiction\\\/\"]}]}<\/script>\n<!-- \/ Yoast SEO plugin. -->","yoast_head_json":{"title":"Gabriela Oberkofler - Lines Fiction \u2605 Zeichnung &amp; Animation \u2605","robots":{"index":"index","follow":"follow","max-snippet":"max-snippet:-1","max-image-preview":"max-image-preview:large","max-video-preview":"max-video-preview:-1"},"canonical":"https:\/\/linesfiction.de\/lfd\/lines-fiction-online\/m-z\/gabriela-oberkofler\/","og_locale":"de_DE","og_type":"article","og_title":"Gabriela Oberkofler - Lines Fiction \u2605 Zeichnung &amp; Animation \u2605","og_description":"Lines Fiction: Du bist in Bozen, Italien geboren und in einem Dorf in den Dolomiten, den Alpen in S\u00fcdtirol aufgewachsen. Natur und der Ort deiner Kindheit spielen eine Rolle in deinen Zeichnungen, Skulpturen und Installationen. Ist deine Kunst biographisch begr\u00fcndet? &hellip; Gabriela Oberkofler Weiterlesen &raquo;","og_url":"https:\/\/linesfiction.de\/lfd\/lines-fiction-online\/m-z\/gabriela-oberkofler\/","og_site_name":"Lines Fiction \u2605 Zeichnung &amp; Animation \u2605","article_publisher":"https:\/\/www.facebook.com\/linesfiction\/","article_modified_time":"2022-12-21T13:36:48+00:00","twitter_card":"summary_large_image","twitter_site":"@linesfiction","twitter_misc":{"Gesch\u00e4tzte Lesezeit":"2\u00a0Minuten"},"schema":{"@context":"https:\/\/schema.org","@graph":[{"@type":"WebPage","@id":"https:\/\/linesfiction.de\/lfd\/lines-fiction-online\/m-z\/gabriela-oberkofler\/","url":"https:\/\/linesfiction.de\/lfd\/lines-fiction-online\/m-z\/gabriela-oberkofler\/","name":"Gabriela Oberkofler - Lines Fiction \u2605 Zeichnung &amp; Animation \u2605","isPartOf":{"@id":"https:\/\/linesfiction.de\/lfd\/#website"},"datePublished":"2014-02-06T10:45:46+00:00","dateModified":"2022-12-21T13:36:48+00:00","breadcrumb":{"@id":"https:\/\/linesfiction.de\/lfd\/lines-fiction-online\/m-z\/gabriela-oberkofler\/#breadcrumb"},"inLanguage":"de","potentialAction":[{"@type":"ReadAction","target":["https:\/\/linesfiction.de\/lfd\/lines-fiction-online\/m-z\/gabriela-oberkofler\/"]}]},{"@type":"BreadcrumbList","@id":"https:\/\/linesfiction.de\/lfd\/lines-fiction-online\/m-z\/gabriela-oberkofler\/#breadcrumb","itemListElement":[{"@type":"ListItem","position":1,"name":"Startseite","item":"https:\/\/linesfiction.de\/lfd\/"},{"@type":"ListItem","position":2,"name":"Lines Fiction online","item":"https:\/\/linesfiction.de\/lfd\/lines-fiction-online\/"},{"@type":"ListItem","position":3,"name":"M &#8211; Z","item":"https:\/\/linesfiction.de\/lfd\/lines-fiction-online\/m-z\/"},{"@type":"ListItem","position":4,"name":"Gabriela Oberkofler"}]},{"@type":"WebSite","@id":"https:\/\/linesfiction.de\/lfd\/#website","url":"https:\/\/linesfiction.de\/lfd\/","name":"Lines Fiction - Zeichnung & Animation - Drawing & Animation","description":"","publisher":{"@id":"https:\/\/linesfiction.de\/lfd\/#organization"},"potentialAction":[{"@type":"SearchAction","target":{"@type":"EntryPoint","urlTemplate":"https:\/\/linesfiction.de\/lfd\/?s={search_term_string}"},"query-input":{"@type":"PropertyValueSpecification","valueRequired":true,"valueName":"search_term_string"}}],"inLanguage":"de"},{"@type":"Organization","@id":"https:\/\/linesfiction.de\/lfd\/#organization","name":"Lines Fiction","url":"https:\/\/linesfiction.de\/lfd\/","logo":{"@type":"ImageObject","inLanguage":"de","@id":"https:\/\/linesfiction.de\/lfd\/#\/schema\/logo\/image\/","url":"https:\/\/linesfiction.de\/lfd\/wp-content\/uploads\/2022\/12\/linesfiction_logo_instagram.jpg","contentUrl":"https:\/\/linesfiction.de\/lfd\/wp-content\/uploads\/2022\/12\/linesfiction_logo_instagram.jpg","width":1080,"height":1077,"caption":"Lines Fiction"},"image":{"@id":"https:\/\/linesfiction.de\/lfd\/#\/schema\/logo\/image\/"},"sameAs":["https:\/\/www.facebook.com\/linesfiction\/","https:\/\/x.com\/linesfiction","https:\/\/www.instagram.com\/linesfiction\/"]}]}},"_links":{"self":[{"href":"https:\/\/linesfiction.de\/lfd\/wp-json\/wp\/v2\/pages\/971","targetHints":{"allow":["GET"]}}],"collection":[{"href":"https:\/\/linesfiction.de\/lfd\/wp-json\/wp\/v2\/pages"}],"about":[{"href":"https:\/\/linesfiction.de\/lfd\/wp-json\/wp\/v2\/types\/page"}],"author":[{"embeddable":true,"href":"https:\/\/linesfiction.de\/lfd\/wp-json\/wp\/v2\/users\/7"}],"replies":[{"embeddable":true,"href":"https:\/\/linesfiction.de\/lfd\/wp-json\/wp\/v2\/comments?post=971"}],"version-history":[{"count":17,"href":"https:\/\/linesfiction.de\/lfd\/wp-json\/wp\/v2\/pages\/971\/revisions"}],"predecessor-version":[{"id":3157,"href":"https:\/\/linesfiction.de\/lfd\/wp-json\/wp\/v2\/pages\/971\/revisions\/3157"}],"up":[{"embeddable":true,"href":"https:\/\/linesfiction.de\/lfd\/wp-json\/wp\/v2\/pages\/503"}],"wp:attachment":[{"href":"https:\/\/linesfiction.de\/lfd\/wp-json\/wp\/v2\/media?parent=971"}],"curies":[{"name":"wp","href":"https:\/\/api.w.org\/{rel}","templated":true}]}}